{"id":7185,"date":"2017-11-09T19:10:37","date_gmt":"2017-11-09T19:10:37","guid":{"rendered":"http:\/\/www.flyshop.cl\/TIENDA\/?post_type=product&#038;p=7185"},"modified":"2025-05-28T16:03:44","modified_gmt":"2025-05-28T16:03:44","slug":"spectrum-lt-9-10","status":"publish","type":"product","link":"https:\/\/www.flyshop.cl\/TIENDA\/producto\/spectrum-lt-9-10\/","title":{"rendered":"SAGE SPECTRUM LT 9-10"},"content":{"rendered":"<p>El reel\u00a0Spectrum LT tiene\u00a0un dise\u00f1o de alta performance, con un aspecto sofisticado y sumamente liviano.<br \/>\nPosee\u00a0el sistema de freno One Revolution Drag que permite calibrar la intensidad del drag a gusto. Obteniendo\u00a0la potencia de frenado de un reel grande, en un\u00a0cuerpo ultra liviano.<\/p>\n<div class=\"features-section\">\n<div class=\"features-sub-section\">Caracter\u00edsticas:<br \/>\n\u2022 Drag SCS<br \/>\n\u2022\u00a0One Revolution Drag Knob numerado con dientes para mayor comodidad<br \/>\n\u2022\u00a0Dise\u00f1o de Spool Large Arbor para recoger mas r\u00e1pido la l\u00ednea<br \/>\n\u2022\u00a0Spool c\u00f3ncavo para mayor capacidad de carga<br \/>\n\u2022\u00a0Manija de dise\u00f1o ergon\u00f3mico<br \/>\n\u2022\u00a0Sistema sencillo de cambio de mano para recoger<br \/>\n\u2022\u00a0Funda de NeopreneMateriales:<br \/>\n\u2022\u00a0aluminio aeroespacial maquinado 6061-T6<br \/>\n\u2022\u00a0Forjado en fr\u00edo y templado para mayor duraci\u00f3n.<br \/>\n\u2022\u00a0Anodizado para protecci\u00f3n adicional.<\/div>\n<\/div>\n","protected":false},"excerpt":{"rendered":"<p>https:\/\/vimeo.com\/281355184<\/p>\n","protected":false},"featured_media":7181,"comment_status":"closed","ping_status":"closed","template":"","meta":{"_joinchat":[]},"product_brand":[],"product_cat":[678,787],"product_tag":[],"class_list":{"0":"post-7185","1":"product","2":"type-product","3":"status-publish","4":"has-post-thumbnail","6":"product_cat-carretes-fly-fishing","7":"product_cat-sage","8":"entry","9":"has-media","11":"first","12":"outofstock","13":"shipping-taxable","14":"product-type-variable","15":"col","16":"wpex-woo-entry","17":"span_1_of_6 span_1_of_3_pp"},"supplier_id":null,"supplier_sku":"","barcode":null,"atum_controlled":true,"out_stock_date":null,"out_stock_threshold":null,"inheritable":true,"inbound_stock":null,"stock_on_hold":0,"sold_today":0,"sales_last_days":0,"reserved_stock":null,"customer_returns":null,"warehouse_damage":null,"lost_in_post":null,"other_logs":null,"out_stock_days":0,"lost_sales":0,"has_location":false,"update_date":"2025-05-27T22:02:58","atum_locations":[],"atum_stock_status":"outofstock","restock_status":false,"low_stock_amount":"","sales_update_date":null,"calc_backorders":null,"_links":{"self":[{"href":"https:\/\/www.flyshop.cl\/TIENDA\/wp-json\/wp\/v2\/product\/7185","targetHints":{"allow":["GET"]}}],"collection":[{"href":"https:\/\/www.flyshop.cl\/TIENDA\/wp-json\/wp\/v2\/product"}],"about":[{"href":"https:\/\/www.flyshop.cl\/TIENDA\/wp-json\/wp\/v2\/types\/product"}],"replies":[{"embeddable":true,"href":"https:\/\/www.flyshop.cl\/TIENDA\/wp-json\/wp\/v2\/comments?post=7185"}],"wp:featuredmedia":[{"embeddable":true,"href":"https:\/\/www.flyshop.cl\/TIENDA\/wp-json\/wp\/v2\/media\/7181"}],"wp:attachment":[{"href":"https:\/\/www.flyshop.cl\/TIENDA\/wp-json\/wp\/v2\/media?parent=7185"}],"wp:term":[{"taxonomy":"product_brand","embeddable":true,"href":"https:\/\/www.flyshop.cl\/TIENDA\/wp-json\/wp\/v2\/product_brand?post=7185"},{"taxonomy":"product_cat","embeddable":true,"href":"https:\/\/www.flyshop.cl\/TIENDA\/wp-json\/wp\/v2\/product_cat?post=7185"},{"taxonomy":"product_tag","embeddable":true,"href":"https:\/\/www.flyshop.cl\/TIENDA\/wp-json\/wp\/v2\/product_tag?post=7185"}],"curies":[{"name":"wp","href":"https:\/\/api.w.org\/{rel}","templated":true}]}}