{"id":6409,"date":"2017-06-01T12:42:13","date_gmt":"2017-06-01T12:42:13","guid":{"rendered":"http:\/\/www.flyshop.cl\/TIENDA\/?post_type=product&#038;p=6409"},"modified":"2024-11-21T14:51:38","modified_gmt":"2024-11-21T14:51:38","slug":"womens-freestone-wader","status":"publish","type":"product","link":"https:\/\/www.flyshop.cl\/TIENDA\/producto\/womens-freestone-wader\/","title":{"rendered":"WOMEN&#8217;S FREESTONE WADER"},"content":{"rendered":"<div class=\"flex flex-grow flex-col max-w-full\">\n<div class=\"min-h-[20px] text-message flex flex-col items-start whitespace-pre-wrap break-words [.text-message+&amp;]:mt-5 juice:w-full juice:items-end overflow-x-auto gap-2\" dir=\"auto\" data-message-author-role=\"assistant\" data-message-id=\"ec974cad-7edb-4aa5-ae4a-b2089b2fc956\">\n<div class=\"flex w-full flex-col gap-1 juice:empty:hidden juice:first:pt-[3px]\">\n<div class=\"markdown prose w-full break-words dark:prose-invert light\">\n<p>El ajuste y el dise\u00f1o espec\u00edficos para mujeres hacen que los vadeadores Simms Freestone\u00ae Stockingfoot sean la opci\u00f3n ideal para las pescadoras que buscan un rendimiento diario determinado y de alto rendimiento, infundido con d\u00e9cadas del ADN de los vadeadores de Simms.<\/p>\n<ul>\n<li>Parte superior e inferior duraderas y transpirables de 4 capas Toray QuadraLam; dise\u00f1adas y confeccionadas con un ajuste espec\u00edfico para mujeres.<\/li>\n<li>Tirantes el\u00e1sticos con hebillas macho y hembra personalizadas de Simms para una f\u00e1cil conversi\u00f3n a la altura de la cintura.<\/li>\n<li>Conjunto de bolsillos en el pecho que incluye un bolsillo de almacenamiento de acceso superior tejido y el\u00e1stico, bolsillos calientamanos forrados con microforro polar y parche para moscas integrado.<\/li>\n<li>Costuras delanteras y traseras distintivas de los vadeadores Simms.<\/li>\n<li>Doble trabilla trasera para el cintur\u00f3n; incluye cintur\u00f3n de vadeo el\u00e1stico de 38 mm.<\/li>\n<li>Bolsillo Tippet Tender incorporado.<\/li>\n<li>*La mejor garant\u00eda de vadeadores en la pesca: reemplazo por fugas durante 60 d\u00edas, sin preguntas. Reparaciones durante 365 d\u00edas a nuestra cuenta. Consulta la pesta\u00f1a arriba para m\u00e1s detalles.<\/li>\n<\/ul>\n<p><strong>TECNOLOG\u00cdA DEL TEJIDO:<\/strong><\/p>\n<p>Parte superior e inferior de 4 capas Toray QuadraLam<\/p>\n<p><strong>PESO:<\/strong> 40.2 oz. (1139 g) en talla Medium.<\/p>\n<\/div>\n<\/div>\n<\/div>\n<\/div>\n","protected":false},"excerpt":{"rendered":"<div class=\"TEXTOSgenerales\">Un excelente wader para mujer. Con un bolsillo externo en malla con cierre ,bolsillos t\u00e9rmicos que ayudan a calentar las manos en esos d\u00edas fr\u00edos del sur. Este wader es especialmente entallado con una secci\u00f3n delantera levantada para el busto.<br \/>\n\u2022 Tela reforzada Toray<br \/>\n\u2022 Corte espec\u00edfico para Mujer, con m\u00e1s altura en el pecho ofrece un mejor ajuste y comodidad<br \/>\n\u2022 Bolsillo de secado r\u00e1pido de microfibra<br \/>\n\u2022 Cintur\u00f3n de vadeo de nylon<\/div>\n","protected":false},"featured_media":18482,"comment_status":"closed","ping_status":"closed","template":"","meta":{"_joinchat":[]},"product_brand":[],"product_cat":[246,309],"product_tag":[],"class_list":{"0":"post-6409","1":"product","2":"type-product","3":"status-publish","4":"has-post-thumbnail","6":"product_cat-ropa-outdoor-mujer","7":"product_cat-simms","8":"entry","9":"has-media","11":"first","12":"instock","13":"shipping-taxable","14":"purchasable","15":"product-type-variable","16":"col","17":"wpex-woo-entry","18":"span_1_of_6 span_1_of_3_pp"},"supplier_id":null,"supplier_sku":"","barcode":null,"atum_controlled":true,"out_stock_date":null,"out_stock_threshold":null,"inheritable":true,"inbound_stock":null,"stock_on_hold":0,"sold_today":0,"sales_last_days":0,"reserved_stock":null,"customer_returns":null,"warehouse_damage":null,"lost_in_post":null,"other_logs":null,"out_stock_days":0,"lost_sales":0,"has_location":false,"update_date":"2024-11-21T14:51:58","atum_locations":[],"atum_stock_status":"instock","restock_status":false,"low_stock_amount":"","sales_update_date":null,"calc_backorders":null,"_links":{"self":[{"href":"https:\/\/www.flyshop.cl\/TIENDA\/wp-json\/wp\/v2\/product\/6409","targetHints":{"allow":["GET"]}}],"collection":[{"href":"https:\/\/www.flyshop.cl\/TIENDA\/wp-json\/wp\/v2\/product"}],"about":[{"href":"https:\/\/www.flyshop.cl\/TIENDA\/wp-json\/wp\/v2\/types\/product"}],"replies":[{"embeddable":true,"href":"https:\/\/www.flyshop.cl\/TIENDA\/wp-json\/wp\/v2\/comments?post=6409"}],"wp:featuredmedia":[{"embeddable":true,"href":"https:\/\/www.flyshop.cl\/TIENDA\/wp-json\/wp\/v2\/media\/18482"}],"wp:attachment":[{"href":"https:\/\/www.flyshop.cl\/TIENDA\/wp-json\/wp\/v2\/media?parent=6409"}],"wp:term":[{"taxonomy":"product_brand","embeddable":true,"href":"https:\/\/www.flyshop.cl\/TIENDA\/wp-json\/wp\/v2\/product_brand?post=6409"},{"taxonomy":"product_cat","embeddable":true,"href":"https:\/\/www.flyshop.cl\/TIENDA\/wp-json\/wp\/v2\/product_cat?post=6409"},{"taxonomy":"product_tag","embeddable":true,"href":"https:\/\/www.flyshop.cl\/TIENDA\/wp-json\/wp\/v2\/product_tag?post=6409"}],"curies":[{"name":"wp","href":"https:\/\/api.w.org\/{rel}","templated":true}]}}