{"id":5447,"date":"2022-07-08T18:33:12","date_gmt":"2022-07-08T18:33:12","guid":{"rendered":"http:\/\/www.flyshop.cl\/TIENDA\/?post_type=product&#038;p=5447"},"modified":"2025-12-22T13:53:28","modified_gmt":"2025-12-22T13:53:28","slug":"guide-vest","status":"publish","type":"product","link":"https:\/\/www.flyshop.cl\/TIENDA\/producto\/guide-vest\/","title":{"rendered":"GUIDE VEST"},"content":{"rendered":"<div id=\"box-54100\" class=\"box w-product-description-short\" data-name=\"product\\DescriptionShort\">\n<div class=\"description-short\">Chaleco con 26 bolsillos.<\/div>\n<\/div>\n<div id=\"box-54099\" class=\"box w-product-description\" data-name=\"product\\Description\">\n<table class=\"wrapper\">\n<tbody>\n<tr>\n<td>\n<div id=\"description\" class=\"description\">\n<div class=\"descriptionBox\">\n<div>El chaleco <strong>Simms\u00ae Guide Vest <\/strong>es espacioso, intuitivo y c\u00f3modo para paseos que duran desde el amanecer hasta el anochecer. El chaleco incluye 26 bolsillos para caber todo su equipo y mucho m\u00e1s. Cuenta con un soporte para la ca\u00f1a para poder tener las manos libres. Un cuello ventilado y acolchado a\u00f1ade confort que lo mantiene concentrado en la pesca. El chaleco se termina con un revestimiento resistente al agua.<\/div>\n<div><\/div>\n<div><strong>CARACTER\u00cdSTICAS:<\/strong><\/div>\n<ul>\n<li>Tejido de nylon 100% Cordura\u00ae ripstop mejorado con acabado resistente al agua Teflon\u00ae<\/li>\n<li>Z\u00edperes 100% YKK\u00ae resistentes a la corrosi\u00f3n y fiables<\/li>\n<li>2 retractores embutidos patentados y mejorados que mantienen las herramientas a mano<\/li>\n<li>2 bolsillos de malla el\u00e1stica con cremallera para cajas<\/li>\n<li>2 bolsillos de carga para cajas<\/li>\n<li>4 bolsillos de cintura<\/li>\n<li>4 grandes bolsillos de cintura horizontales con cremallera<\/li>\n<li>2 bolsillos de malla esl\u00e1stica para dry shake\/floatant<\/li>\n<li>4 bolsillos interiores<\/li>\n<li>2 bolsillos grandes horizontales y 2 verticales con cremallera<\/li>\n<li>1 bolsillo horizontal para botella de agua<\/li>\n<li>1 bolsillo trasero horizontal grande<\/li>\n<li>4 D-Rings para herramientas<\/li>\n<li>Hombros de malla acolchados, con cuello acolchado<\/li>\n<\/ul>\n<div><strong>FABRIC TECH:<\/strong> 100% tejido de nylon con acabado DWR<\/div>\n<div><strong>PESO: <\/strong>19 oz. \/ 539g<\/div>\n<\/div>\n<\/div>\n<\/td>\n<\/tr>\n<\/tbody>\n<\/table>\n<\/div>\n","protected":false},"excerpt":{"rendered":"<p>Chaleco con 26 bolsillos. El chaleco Simms\u00ae Guide Vest es espacioso, intuitivo y c\u00f3modo para paseos que duran desde el amanecer hasta el anochecer. El chaleco incluye 26 bolsillos para caber todo su equipo y mucho m\u00e1s. Cuenta con un&hellip;<\/p>\n","protected":false},"featured_media":14503,"comment_status":"closed","ping_status":"closed","template":"","meta":{"_joinchat":[]},"product_brand":[],"product_cat":[151,309],"product_tag":[],"class_list":{"0":"post-5447","1":"product","2":"type-product","3":"status-publish","4":"has-post-thumbnail","6":"product_cat-chalecos","7":"product_cat-simms","8":"entry","9":"has-media","11":"first","12":"outofstock","13":"shipping-taxable","14":"product-type-variable","15":"col","16":"wpex-woo-entry","17":"span_1_of_6 span_1_of_3_pp"},"supplier_id":null,"supplier_sku":"","barcode":null,"atum_controlled":true,"out_stock_date":null,"out_stock_threshold":null,"inheritable":true,"inbound_stock":0,"stock_on_hold":0,"sold_today":0,"sales_last_days":3,"reserved_stock":0,"customer_returns":0,"warehouse_damage":0,"lost_in_post":0,"other_logs":0,"out_stock_days":0,"lost_sales":0,"has_location":false,"update_date":"2025-12-22T13:53:29","atum_locations":[],"atum_stock_status":"outofstock","restock_status":false,"low_stock_amount":"","sales_update_date":null,"calc_backorders":null,"_links":{"self":[{"href":"https:\/\/www.flyshop.cl\/TIENDA\/wp-json\/wp\/v2\/product\/5447","targetHints":{"allow":["GET"]}}],"collection":[{"href":"https:\/\/www.flyshop.cl\/TIENDA\/wp-json\/wp\/v2\/product"}],"about":[{"href":"https:\/\/www.flyshop.cl\/TIENDA\/wp-json\/wp\/v2\/types\/product"}],"replies":[{"embeddable":true,"href":"https:\/\/www.flyshop.cl\/TIENDA\/wp-json\/wp\/v2\/comments?post=5447"}],"wp:featuredmedia":[{"embeddable":true,"href":"https:\/\/www.flyshop.cl\/TIENDA\/wp-json\/wp\/v2\/media\/14503"}],"wp:attachment":[{"href":"https:\/\/www.flyshop.cl\/TIENDA\/wp-json\/wp\/v2\/media?parent=5447"}],"wp:term":[{"taxonomy":"product_brand","embeddable":true,"href":"https:\/\/www.flyshop.cl\/TIENDA\/wp-json\/wp\/v2\/product_brand?post=5447"},{"taxonomy":"product_cat","embeddable":true,"href":"https:\/\/www.flyshop.cl\/TIENDA\/wp-json\/wp\/v2\/product_cat?post=5447"},{"taxonomy":"product_tag","embeddable":true,"href":"https:\/\/www.flyshop.cl\/TIENDA\/wp-json\/wp\/v2\/product_tag?post=5447"}],"curies":[{"name":"wp","href":"https:\/\/api.w.org\/{rel}","templated":true}]}}