{"id":22094,"date":"2026-01-13T20:58:47","date_gmt":"2026-01-13T20:58:47","guid":{"rendered":"https:\/\/www.flyshop.cl\/TIENDA\/?post_type=product&#038;p=22094"},"modified":"2026-01-20T21:54:22","modified_gmt":"2026-01-20T21:54:22","slug":"simms-tech-hoody-artist-series-bimini-trt-head","status":"publish","type":"product","link":"https:\/\/www.flyshop.cl\/TIENDA\/producto\/simms-tech-hoody-artist-series-bimini-trt-head\/","title":{"rendered":"simms TECH HOODY &#8211; ARTIST SERIES BIMINI TRT HEAD"},"content":{"rendered":"<p data-start=\"0\" data-end=\"201\">P\u00f3ntelo con tu pez favorito y mantente ultra fresco con la Tech Hoody, que reduce el calor y aumenta la comodidad con una f\u00f3rmula de tela de f\u00e1cil respiraci\u00f3n, que elimina la humedad y bloquea el sol.<\/p>\n<ul data-start=\"203\" data-end=\"486\">\n<li data-start=\"203\" data-end=\"378\">Un tejido liviano de punto tipo jersey que se siente suave y se estira con cada lanzamiento, mientras elimina la humedad de la piel para mantenerte c\u00f3modo en climas c\u00e1lidos.<\/li>\n<li data-start=\"379\" data-end=\"476\">Una capucha dise\u00f1ada para proteger tus o\u00eddos, cuello y la parte posterior de tu cabeza del sol.<\/li>\n<li data-start=\"477\" data-end=\"486\">UPF 30+<\/li>\n<\/ul>\n<p data-start=\"488\" data-end=\"602\" data-is-last-node=\"\" data-is-only-node=\"\">TECNOLOG\u00cdA DE TELAS: 100% Poli\u00e9ster con manejo de humedad + antimicrobiano, 135 gsm<br data-start=\"571\" data-end=\"574\" \/>C\u00d3DIGO DE ART\u00cdCULO: PG-13521<\/p>\n","protected":false},"excerpt":{"rendered":"<p>P\u00f3ntelo con tu pez favorito y mantente ultra fresco con la Tech Hoody, que reduce el calor y aumenta la comodidad con una f\u00f3rmula de tela de f\u00e1cil respiraci\u00f3n, que elimina la humedad y bloquea el sol. Un tejido liviano&hellip;<\/p>\n","protected":false},"featured_media":22099,"comment_status":"closed","ping_status":"closed","template":"","meta":{"_joinchat":[]},"product_brand":[],"product_cat":[450,451],"product_tag":[],"class_list":{"0":"post-22094","1":"product","2":"type-product","3":"status-publish","4":"has-post-thumbnail","6":"product_cat-poleras-simms-ropa-hombre","7":"product_cat-primera-capa-simms","8":"entry","9":"has-media","11":"first","12":"instock","13":"shipping-taxable","14":"purchasable","15":"product-type-variable","16":"col","17":"wpex-woo-entry","18":"span_1_of_6 span_1_of_3_pp"},"supplier_id":null,"supplier_sku":"","barcode":null,"atum_controlled":true,"out_stock_date":null,"out_stock_threshold":null,"inheritable":true,"inbound_stock":null,"stock_on_hold":0,"sold_today":0,"sales_last_days":0,"reserved_stock":null,"customer_returns":null,"warehouse_damage":null,"lost_in_post":null,"other_logs":null,"out_stock_days":null,"lost_sales":0,"has_location":false,"update_date":"2026-02-07T04:47:41","atum_locations":[],"atum_stock_status":"instock","restock_status":false,"low_stock_amount":"","sales_update_date":null,"calc_backorders":null,"_links":{"self":[{"href":"https:\/\/www.flyshop.cl\/TIENDA\/wp-json\/wp\/v2\/product\/22094","targetHints":{"allow":["GET"]}}],"collection":[{"href":"https:\/\/www.flyshop.cl\/TIENDA\/wp-json\/wp\/v2\/product"}],"about":[{"href":"https:\/\/www.flyshop.cl\/TIENDA\/wp-json\/wp\/v2\/types\/product"}],"replies":[{"embeddable":true,"href":"https:\/\/www.flyshop.cl\/TIENDA\/wp-json\/wp\/v2\/comments?post=22094"}],"wp:featuredmedia":[{"embeddable":true,"href":"https:\/\/www.flyshop.cl\/TIENDA\/wp-json\/wp\/v2\/media\/22099"}],"wp:attachment":[{"href":"https:\/\/www.flyshop.cl\/TIENDA\/wp-json\/wp\/v2\/media?parent=22094"}],"wp:term":[{"taxonomy":"product_brand","embeddable":true,"href":"https:\/\/www.flyshop.cl\/TIENDA\/wp-json\/wp\/v2\/product_brand?post=22094"},{"taxonomy":"product_cat","embeddable":true,"href":"https:\/\/www.flyshop.cl\/TIENDA\/wp-json\/wp\/v2\/product_cat?post=22094"},{"taxonomy":"product_tag","embeddable":true,"href":"https:\/\/www.flyshop.cl\/TIENDA\/wp-json\/wp\/v2\/product_tag?post=22094"}],"curies":[{"name":"wp","href":"https:\/\/api.w.org\/{rel}","templated":true}]}}