{"id":21973,"date":"2025-12-15T21:16:41","date_gmt":"2025-12-15T21:16:41","guid":{"rendered":"https:\/\/www.flyshop.cl\/TIENDA\/?post_type=product&#038;p=21973"},"modified":"2026-03-29T22:01:29","modified_gmt":"2026-03-29T22:01:29","slug":"single-haul-cap-amaretto-rainbow-trout","status":"publish","type":"product","link":"https:\/\/www.flyshop.cl\/TIENDA\/producto\/single-haul-cap-amaretto-rainbow-trout\/","title":{"rendered":"SINGLE HAUL CAP AMARETTO RAINBOW TROUT"},"content":{"rendered":"<p data-start=\"123\" data-end=\"171\"><strong data-start=\"123\" data-end=\"171\">Gorro Single Haul Cap Amaretto Rainbow Trout<\/strong><\/p>\n<p data-start=\"173\" data-end=\"484\">La Single Haul Cap Amaretto Rainbow Trout ofrece un dise\u00f1o cl\u00e1sico y funcional con inspiraci\u00f3n outdoor. Su construcci\u00f3n resistente y c\u00f3moda la convierte en una gorra ideal para el uso diario, ya sea en la ciudad o en actividades al aire libre. El detalle Rainbow Trout le aporta car\u00e1cter y un estilo distintivo.<\/p>\n<p data-start=\"486\" data-end=\"506\"><strong data-start=\"486\" data-end=\"506\">Caracter\u00edsticas:<\/strong><\/p>\n<ul data-start=\"507\" data-end=\"688\">\n<li data-start=\"507\" data-end=\"536\">\n<p data-start=\"509\" data-end=\"536\">Dise\u00f1o cl\u00e1sico y vers\u00e1til<\/p>\n<\/li>\n<li data-start=\"537\" data-end=\"580\">\n<p data-start=\"539\" data-end=\"580\">Construcci\u00f3n resistente para uso diario<\/p>\n<\/li>\n<li data-start=\"581\" data-end=\"601\">\n<p data-start=\"583\" data-end=\"601\">C\u00f3moda y liviana<\/p>\n<\/li>\n<li data-start=\"602\" data-end=\"643\">\n<p data-start=\"604\" data-end=\"643\">Ajuste regulable para un calce seguro<\/p>\n<\/li>\n<li data-start=\"644\" data-end=\"688\">\n<p data-start=\"646\" data-end=\"688\">Color Amaretto con detalle Rainbow Trout<\/p>\n<\/li>\n<\/ul>\n","protected":false},"excerpt":{"rendered":"<p>Gorro Single Haul Cap Amaretto Rainbow Trout La Single Haul Cap Amaretto Rainbow Trout ofrece un dise\u00f1o cl\u00e1sico y funcional con inspiraci\u00f3n outdoor. Su construcci\u00f3n resistente y c\u00f3moda la convierte en una gorra ideal para el uso diario, ya sea&hellip;<\/p>\n","protected":false},"featured_media":21975,"comment_status":"closed","ping_status":"closed","template":"","meta":{"_joinchat":[]},"product_brand":[],"product_cat":[459,79,309],"product_tag":[],"class_list":{"0":"post-21973","1":"product","2":"type-product","3":"status-publish","4":"has-post-thumbnail","6":"product_cat-gorros","7":"product_cat-jockeys","8":"product_cat-simms","9":"entry","10":"has-media","12":"first","13":"outofstock","14":"shipping-taxable","15":"purchasable","16":"product-type-simple","17":"col","18":"wpex-woo-entry","19":"span_1_of_6 span_1_of_3_pp"},"supplier_id":null,"supplier_sku":"","barcode":null,"atum_controlled":true,"out_stock_date":"2026-03-29 22:01:29","out_stock_threshold":null,"inheritable":false,"inbound_stock":null,"stock_on_hold":0,"sold_today":0,"sales_last_days":2,"reserved_stock":null,"customer_returns":null,"warehouse_damage":null,"lost_in_post":null,"other_logs":null,"out_stock_days":0,"lost_sales":0,"has_location":false,"update_date":"2026-03-30T20:08:59","atum_locations":[],"atum_stock_status":"outofstock","restock_status":false,"low_stock_amount":"","sales_update_date":"2026-03-30T20:08:59","calc_backorders":null,"_links":{"self":[{"href":"https:\/\/www.flyshop.cl\/TIENDA\/wp-json\/wp\/v2\/product\/21973","targetHints":{"allow":["GET"]}}],"collection":[{"href":"https:\/\/www.flyshop.cl\/TIENDA\/wp-json\/wp\/v2\/product"}],"about":[{"href":"https:\/\/www.flyshop.cl\/TIENDA\/wp-json\/wp\/v2\/types\/product"}],"replies":[{"embeddable":true,"href":"https:\/\/www.flyshop.cl\/TIENDA\/wp-json\/wp\/v2\/comments?post=21973"}],"wp:featuredmedia":[{"embeddable":true,"href":"https:\/\/www.flyshop.cl\/TIENDA\/wp-json\/wp\/v2\/media\/21975"}],"wp:attachment":[{"href":"https:\/\/www.flyshop.cl\/TIENDA\/wp-json\/wp\/v2\/media?parent=21973"}],"wp:term":[{"taxonomy":"product_brand","embeddable":true,"href":"https:\/\/www.flyshop.cl\/TIENDA\/wp-json\/wp\/v2\/product_brand?post=21973"},{"taxonomy":"product_cat","embeddable":true,"href":"https:\/\/www.flyshop.cl\/TIENDA\/wp-json\/wp\/v2\/product_cat?post=21973"},{"taxonomy":"product_tag","embeddable":true,"href":"https:\/\/www.flyshop.cl\/TIENDA\/wp-json\/wp\/v2\/product_tag?post=21973"}],"curies":[{"name":"wp","href":"https:\/\/api.w.org\/{rel}","templated":true}]}}