{"id":21964,"date":"2025-12-15T20:07:24","date_gmt":"2025-12-15T20:07:24","guid":{"rendered":"https:\/\/www.flyshop.cl\/TIENDA\/?post_type=product&#038;p=21964"},"modified":"2025-12-18T14:22:02","modified_gmt":"2025-12-18T14:22:02","slug":"gorro-simms-double-haul-icon-trucker-jasper","status":"publish","type":"product","link":"https:\/\/www.flyshop.cl\/TIENDA\/producto\/gorro-simms-double-haul-icon-trucker-jasper\/","title":{"rendered":"Gorro simms DOUBLE HAUL ICON TRUCKER JASPER"},"content":{"rendered":"<p data-start=\"117\" data-end=\"159\"><strong data-start=\"117\" data-end=\"159\">Gorro Double Haul Icon Trucker \u2013 JASPER<\/strong><\/p>\n<p data-start=\"161\" data-end=\"473\">La Double Haul Icon Trucker \u2013 JASPER ofrece un estilo trucker cl\u00e1sico con un dise\u00f1o moderno y funcional. Su panel trasero de malla permite una ventilaci\u00f3n \u00f3ptima, mientras que su estructura resistente y ajuste regulable aseguran comodidad durante todo el d\u00eda, tanto en la ciudad como en actividades al aire libre.<\/p>\n<p data-start=\"475\" data-end=\"495\"><strong data-start=\"475\" data-end=\"495\">Caracter\u00edsticas:<\/strong><\/p>\n<ul data-start=\"496\" data-end=\"694\">\n<li data-start=\"496\" data-end=\"541\">\n<p data-start=\"498\" data-end=\"541\">Dise\u00f1o trucker con panel trasero de malla<\/p>\n<\/li>\n<li data-start=\"542\" data-end=\"589\">\n<p data-start=\"544\" data-end=\"589\">Ventilaci\u00f3n y comodidad para uso prolongado<\/p>\n<\/li>\n<li data-start=\"590\" data-end=\"617\">\n<p data-start=\"592\" data-end=\"617\">Construcci\u00f3n resistente<\/p>\n<\/li>\n<li data-start=\"618\" data-end=\"659\">\n<p data-start=\"620\" data-end=\"659\">Ajuste regulable para un calce seguro<\/p>\n<\/li>\n<li data-start=\"660\" data-end=\"694\">\n<p data-start=\"662\" data-end=\"694\">Color Slate, sobrio y vers\u00e1til<\/p>\n<\/li>\n<\/ul>\n","protected":false},"excerpt":{"rendered":"<p>Gorro Double Haul Icon Trucker \u2013 JASPER La Double Haul Icon Trucker \u2013 JASPER ofrece un estilo trucker cl\u00e1sico con un dise\u00f1o moderno y funcional. Su panel trasero de malla permite una ventilaci\u00f3n \u00f3ptima, mientras que su estructura resistente y&hellip;<\/p>\n","protected":false},"featured_media":21963,"comment_status":"closed","ping_status":"closed","template":"","meta":{"_joinchat":[]},"product_brand":[],"product_cat":[459,79,309],"product_tag":[],"class_list":{"0":"post-21964","1":"product","2":"type-product","3":"status-publish","4":"has-post-thumbnail","6":"product_cat-gorros","7":"product_cat-jockeys","8":"product_cat-simms","9":"entry","10":"has-media","12":"first","13":"instock","14":"shipping-taxable","15":"purchasable","16":"product-type-simple","17":"col","18":"wpex-woo-entry","19":"span_1_of_6 span_1_of_3_pp"},"supplier_id":null,"supplier_sku":"","barcode":null,"atum_controlled":true,"out_stock_date":null,"out_stock_threshold":null,"inheritable":false,"inbound_stock":null,"stock_on_hold":0,"sold_today":1,"sales_last_days":1,"reserved_stock":null,"customer_returns":null,"warehouse_damage":null,"lost_in_post":null,"other_logs":null,"out_stock_days":0,"lost_sales":0,"has_location":false,"update_date":"2025-12-18T15:50:27","atum_locations":[],"atum_stock_status":"instock","restock_status":true,"low_stock_amount":"","sales_update_date":"2025-12-18T15:50:27","calc_backorders":null,"_links":{"self":[{"href":"https:\/\/www.flyshop.cl\/TIENDA\/wp-json\/wp\/v2\/product\/21964","targetHints":{"allow":["GET"]}}],"collection":[{"href":"https:\/\/www.flyshop.cl\/TIENDA\/wp-json\/wp\/v2\/product"}],"about":[{"href":"https:\/\/www.flyshop.cl\/TIENDA\/wp-json\/wp\/v2\/types\/product"}],"replies":[{"embeddable":true,"href":"https:\/\/www.flyshop.cl\/TIENDA\/wp-json\/wp\/v2\/comments?post=21964"}],"wp:featuredmedia":[{"embeddable":true,"href":"https:\/\/www.flyshop.cl\/TIENDA\/wp-json\/wp\/v2\/media\/21963"}],"wp:attachment":[{"href":"https:\/\/www.flyshop.cl\/TIENDA\/wp-json\/wp\/v2\/media?parent=21964"}],"wp:term":[{"taxonomy":"product_brand","embeddable":true,"href":"https:\/\/www.flyshop.cl\/TIENDA\/wp-json\/wp\/v2\/product_brand?post=21964"},{"taxonomy":"product_cat","embeddable":true,"href":"https:\/\/www.flyshop.cl\/TIENDA\/wp-json\/wp\/v2\/product_cat?post=21964"},{"taxonomy":"product_tag","embeddable":true,"href":"https:\/\/www.flyshop.cl\/TIENDA\/wp-json\/wp\/v2\/product_tag?post=21964"}],"curies":[{"name":"wp","href":"https:\/\/api.w.org\/{rel}","templated":true}]}}