{"id":21763,"date":"2025-11-19T01:25:18","date_gmt":"2025-11-19T01:25:18","guid":{"rendered":"https:\/\/www.flyshop.cl\/TIENDA\/?post_type=product&#038;p=21763"},"modified":"2025-11-19T01:46:21","modified_gmt":"2025-11-19T01:46:21","slug":"yeti-daytrip-lunch-bag-6l-black-olive","status":"publish","type":"product","link":"https:\/\/www.flyshop.cl\/TIENDA\/producto\/yeti-daytrip-lunch-bag-6l-black-olive\/","title":{"rendered":"YETI Daytrip Lunch Bag 6L OLIVE"},"content":{"rendered":"<div class=\"w_zz0G expand-collapse-content\" data-testid=\"ui-collapse-panel\">\n<div class=\"ph3 pb4 pt1\">\n<div class=\"nb3\" data-testid=\"product-description-content\">\n<div class=\"mb3\">\n<div class=\"dangerous-html mb3\">\n<ul>\n<li>lonchera aislante YETI Daytrip de 6 litros<\/li>\n<\/ul>\n<\/div>\n<\/div>\n<div class=\"mb3 f6 mid-gray lh-title overflow-visible db\">\n<div class=\"dangerous-html mb3\">\n<div>\u00a0Frescura durante horas: el aislamiento ColdCell Flex mantiene cualquier comida a la temperatura perfecta- Resistente y fiable: los materiales resistentes a la intemperie proporcionan un refugio seguro para tus provisiones &#8211; Organizaci\u00f3n \u00f3ptima: pr\u00e1cticos bolsillos para utensilios, servilletas o aperitivos de mediod\u00eda.<\/div>\n<\/div>\n<div><img loading=\"lazy\" decoding=\"async\" class=\"alignnone size-medium wp-image-21767\" src=\"https:\/\/www.flyshop.cl\/TIENDA\/wp-content\/uploads\/2025\/11\/site_studio_soft_goods_Daytrip_Bag_6L_Olive_Side_386_Primary_B_2400x2400-300x300.avif\" alt=\"\" width=\"300\" height=\"300\" srcset=\"https:\/\/www.flyshop.cl\/TIENDA\/wp-content\/uploads\/2025\/11\/site_studio_soft_goods_Daytrip_Bag_6L_Olive_Side_386_Primary_B_2400x2400-300x300.avif 300w, https:\/\/www.flyshop.cl\/TIENDA\/wp-content\/uploads\/2025\/11\/site_studio_soft_goods_Daytrip_Bag_6L_Olive_Side_386_Primary_B_2400x2400-150x150.avif 150w, https:\/\/www.flyshop.cl\/TIENDA\/wp-content\/uploads\/2025\/11\/site_studio_soft_goods_Daytrip_Bag_6L_Olive_Side_386_Primary_B_2400x2400-768x768.avif 768w, https:\/\/www.flyshop.cl\/TIENDA\/wp-content\/uploads\/2025\/11\/site_studio_soft_goods_Daytrip_Bag_6L_Olive_Side_386_Primary_B_2400x2400-600x600.avif 600w, https:\/\/www.flyshop.cl\/TIENDA\/wp-content\/uploads\/2025\/11\/site_studio_soft_goods_Daytrip_Bag_6L_Olive_Side_386_Primary_B_2400x2400-100x100.avif 100w, https:\/\/www.flyshop.cl\/TIENDA\/wp-content\/uploads\/2025\/11\/site_studio_soft_goods_Daytrip_Bag_6L_Olive_Side_386_Primary_B_2400x2400.avif 846w\" sizes=\"auto, (max-width: 300px) 100vw, 300px\" \/><img loading=\"lazy\" decoding=\"async\" class=\"alignnone size-medium wp-image-21766\" src=\"https:\/\/www.flyshop.cl\/TIENDA\/wp-content\/uploads\/2025\/11\/site_studio_soft_goods_Daytrip_Bag_6L_Olive_Laydown_Prop_720_Primary_B_2400x2400-300x300.avif\" alt=\"\" width=\"300\" height=\"300\" srcset=\"https:\/\/www.flyshop.cl\/TIENDA\/wp-content\/uploads\/2025\/11\/site_studio_soft_goods_Daytrip_Bag_6L_Olive_Laydown_Prop_720_Primary_B_2400x2400-300x300.avif 300w, https:\/\/www.flyshop.cl\/TIENDA\/wp-content\/uploads\/2025\/11\/site_studio_soft_goods_Daytrip_Bag_6L_Olive_Laydown_Prop_720_Primary_B_2400x2400-150x150.avif 150w, https:\/\/www.flyshop.cl\/TIENDA\/wp-content\/uploads\/2025\/11\/site_studio_soft_goods_Daytrip_Bag_6L_Olive_Laydown_Prop_720_Primary_B_2400x2400-768x768.avif 768w, https:\/\/www.flyshop.cl\/TIENDA\/wp-content\/uploads\/2025\/11\/site_studio_soft_goods_Daytrip_Bag_6L_Olive_Laydown_Prop_720_Primary_B_2400x2400-600x600.avif 600w, https:\/\/www.flyshop.cl\/TIENDA\/wp-content\/uploads\/2025\/11\/site_studio_soft_goods_Daytrip_Bag_6L_Olive_Laydown_Prop_720_Primary_B_2400x2400-100x100.avif 100w, https:\/\/www.flyshop.cl\/TIENDA\/wp-content\/uploads\/2025\/11\/site_studio_soft_goods_Daytrip_Bag_6L_Olive_Laydown_Prop_720_Primary_B_2400x2400.avif 846w\" sizes=\"auto, (max-width: 300px) 100vw, 300px\" \/><img loading=\"lazy\" decoding=\"async\" class=\"alignnone size-medium wp-image-21765\" src=\"https:\/\/www.flyshop.cl\/TIENDA\/wp-content\/uploads\/2025\/11\/site_studio_soft_goods_Daytrip_Bag_6L_Olive_3qter_Open_574_Primary_B_2400x2400-300x300.avif\" alt=\"\" width=\"300\" height=\"300\" srcset=\"https:\/\/www.flyshop.cl\/TIENDA\/wp-content\/uploads\/2025\/11\/site_studio_soft_goods_Daytrip_Bag_6L_Olive_3qter_Open_574_Primary_B_2400x2400-300x300.avif 300w, https:\/\/www.flyshop.cl\/TIENDA\/wp-content\/uploads\/2025\/11\/site_studio_soft_goods_Daytrip_Bag_6L_Olive_3qter_Open_574_Primary_B_2400x2400-150x150.avif 150w, https:\/\/www.flyshop.cl\/TIENDA\/wp-content\/uploads\/2025\/11\/site_studio_soft_goods_Daytrip_Bag_6L_Olive_3qter_Open_574_Primary_B_2400x2400-768x768.avif 768w, https:\/\/www.flyshop.cl\/TIENDA\/wp-content\/uploads\/2025\/11\/site_studio_soft_goods_Daytrip_Bag_6L_Olive_3qter_Open_574_Primary_B_2400x2400-600x600.avif 600w, https:\/\/www.flyshop.cl\/TIENDA\/wp-content\/uploads\/2025\/11\/site_studio_soft_goods_Daytrip_Bag_6L_Olive_3qter_Open_574_Primary_B_2400x2400-100x100.avif 100w, https:\/\/www.flyshop.cl\/TIENDA\/wp-content\/uploads\/2025\/11\/site_studio_soft_goods_Daytrip_Bag_6L_Olive_3qter_Open_574_Primary_B_2400x2400.avif 846w\" sizes=\"auto, (max-width: 300px) 100vw, 300px\" \/><img loading=\"lazy\" decoding=\"async\" class=\"alignnone size-medium wp-image-21764\" src=\"https:\/\/www.flyshop.cl\/TIENDA\/wp-content\/uploads\/2025\/11\/site_studio_soft_goods_Daytrip_Bag_6L_Olive_3qter_Front_497_Primary_B_2400x2400-300x300.avif\" alt=\"\" width=\"300\" height=\"300\" srcset=\"https:\/\/www.flyshop.cl\/TIENDA\/wp-content\/uploads\/2025\/11\/site_studio_soft_goods_Daytrip_Bag_6L_Olive_3qter_Front_497_Primary_B_2400x2400-300x300.avif 300w, https:\/\/www.flyshop.cl\/TIENDA\/wp-content\/uploads\/2025\/11\/site_studio_soft_goods_Daytrip_Bag_6L_Olive_3qter_Front_497_Primary_B_2400x2400-150x150.avif 150w, https:\/\/www.flyshop.cl\/TIENDA\/wp-content\/uploads\/2025\/11\/site_studio_soft_goods_Daytrip_Bag_6L_Olive_3qter_Front_497_Primary_B_2400x2400-768x768.avif 768w, https:\/\/www.flyshop.cl\/TIENDA\/wp-content\/uploads\/2025\/11\/site_studio_soft_goods_Daytrip_Bag_6L_Olive_3qter_Front_497_Primary_B_2400x2400-600x600.avif 600w, https:\/\/www.flyshop.cl\/TIENDA\/wp-content\/uploads\/2025\/11\/site_studio_soft_goods_Daytrip_Bag_6L_Olive_3qter_Front_497_Primary_B_2400x2400-100x100.avif 100w, https:\/\/www.flyshop.cl\/TIENDA\/wp-content\/uploads\/2025\/11\/site_studio_soft_goods_Daytrip_Bag_6L_Olive_3qter_Front_497_Primary_B_2400x2400.avif 846w\" sizes=\"auto, (max-width: 300px) 100vw, 300px\" \/><\/div>\n<\/div>\n<\/div>\n<\/div>\n<\/div>\n","protected":false},"excerpt":{"rendered":"<p>lonchera aislante YETI Daytrip de 6 litros \u00a0Frescura durante horas: el aislamiento ColdCell Flex mantiene cualquier comida a la temperatura perfecta- Resistente y fiable: los materiales resistentes a la intemperie proporcionan un refugio seguro para tus provisiones &#8211; Organizaci\u00f3n \u00f3ptima:&hellip;<\/p>\n","protected":false},"featured_media":21768,"comment_status":"closed","ping_status":"closed","template":"","meta":{"_joinchat":[]},"product_brand":[],"product_cat":[788],"product_tag":[],"class_list":{"0":"post-21763","1":"product","2":"type-product","3":"status-publish","4":"has-post-thumbnail","6":"product_cat-yeti","7":"entry","8":"has-media","10":"first","11":"instock","12":"shipping-taxable","13":"purchasable","14":"product-type-simple","15":"col","16":"wpex-woo-entry","17":"span_1_of_6 span_1_of_3_pp"},"supplier_id":null,"supplier_sku":"","barcode":null,"atum_controlled":true,"out_stock_date":null,"out_stock_threshold":null,"inheritable":false,"inbound_stock":null,"stock_on_hold":null,"sold_today":null,"sales_last_days":null,"reserved_stock":null,"customer_returns":null,"warehouse_damage":null,"lost_in_post":null,"other_logs":null,"out_stock_days":null,"lost_sales":null,"has_location":false,"update_date":"2025-11-19T01:46:23","atum_locations":[],"atum_stock_status":"instock","restock_status":false,"low_stock_amount":"","sales_update_date":null,"calc_backorders":null,"_links":{"self":[{"href":"https:\/\/www.flyshop.cl\/TIENDA\/wp-json\/wp\/v2\/product\/21763","targetHints":{"allow":["GET"]}}],"collection":[{"href":"https:\/\/www.flyshop.cl\/TIENDA\/wp-json\/wp\/v2\/product"}],"about":[{"href":"https:\/\/www.flyshop.cl\/TIENDA\/wp-json\/wp\/v2\/types\/product"}],"replies":[{"embeddable":true,"href":"https:\/\/www.flyshop.cl\/TIENDA\/wp-json\/wp\/v2\/comments?post=21763"}],"wp:featuredmedia":[{"embeddable":true,"href":"https:\/\/www.flyshop.cl\/TIENDA\/wp-json\/wp\/v2\/media\/21768"}],"wp:attachment":[{"href":"https:\/\/www.flyshop.cl\/TIENDA\/wp-json\/wp\/v2\/media?parent=21763"}],"wp:term":[{"taxonomy":"product_brand","embeddable":true,"href":"https:\/\/www.flyshop.cl\/TIENDA\/wp-json\/wp\/v2\/product_brand?post=21763"},{"taxonomy":"product_cat","embeddable":true,"href":"https:\/\/www.flyshop.cl\/TIENDA\/wp-json\/wp\/v2\/product_cat?post=21763"},{"taxonomy":"product_tag","embeddable":true,"href":"https:\/\/www.flyshop.cl\/TIENDA\/wp-json\/wp\/v2\/product_tag?post=21763"}],"curies":[{"name":"wp","href":"https:\/\/api.w.org\/{rel}","templated":true}]}}