{"id":21528,"date":"2025-09-30T20:25:36","date_gmt":"2025-09-30T20:25:36","guid":{"rendered":"https:\/\/www.flyshop.cl\/TIENDA\/?post_type=product&#038;p=21528"},"modified":"2025-09-30T20:25:36","modified_gmt":"2025-09-30T20:25:36","slug":"superlight-flats-cap-sterling","status":"publish","type":"product","link":"https:\/\/www.flyshop.cl\/TIENDA\/producto\/superlight-flats-cap-sterling\/","title":{"rendered":"SUPERLIGHT FLATS CAP STERLING"},"content":{"rendered":"<p data-start=\"58\" data-end=\"236\"><strong data-start=\"58\" data-end=\"236\">Reduce el reflejo y detecta m\u00e1s peces con esta gorra de visera larga, dise\u00f1ada para ofrecer rendimiento comprobado y m\u00e1xima concentraci\u00f3n en la pesca en aguas poco profundas.<\/strong><\/p>\n<ul data-start=\"238\" data-end=\"522\">\n<li data-start=\"238\" data-end=\"398\">\n<p data-start=\"240\" data-end=\"398\">Tela de nailon con acabado DWR que brinda protecci\u00f3n UPF 50+ en la parte superior de la cabeza y la visera; el tejido de malla ofrece mayor transpirabilidad<\/p>\n<\/li>\n<li data-start=\"399\" data-end=\"453\">\n<p data-start=\"401\" data-end=\"453\">Cierre trasero con velcro para un ajuste regulable<\/p>\n<\/li>\n<li data-start=\"454\" data-end=\"522\">\n<p data-start=\"456\" data-end=\"522\">Parte inferior de la visera en color negro para reducir el reflejo<\/p>\n<\/li>\n<\/ul>\n<p data-start=\"524\" data-end=\"696\"><strong data-start=\"524\" data-end=\"547\">TECNOLOG\u00cdA DE TELA:<\/strong><br data-start=\"547\" data-end=\"550\" \/>Parte superior de la corona y visera: 100 % nailon Tactel\u00ae con acabado repelente al agua Teflon\u00ae DWR<br data-start=\"650\" data-end=\"653\" \/>Paneles laterales: 100 % malla de poli\u00e9ster<\/p>\n","protected":false},"excerpt":{"rendered":"<p>Reduce el reflejo y detecta m\u00e1s peces con esta gorra de visera larga, dise\u00f1ada para ofrecer rendimiento comprobado y m\u00e1xima concentraci\u00f3n en la pesca en aguas poco profundas. Tela de nailon con acabado DWR que brinda protecci\u00f3n UPF 50+ en&hellip;<\/p>\n","protected":false},"featured_media":21530,"comment_status":"closed","ping_status":"closed","template":"","meta":{"_joinchat":[]},"product_brand":[],"product_cat":[459,79],"product_tag":[],"class_list":{"0":"post-21528","1":"product","2":"type-product","3":"status-publish","4":"has-post-thumbnail","6":"product_cat-gorros","7":"product_cat-jockeys","8":"entry","9":"has-media","11":"first","12":"instock","13":"shipping-taxable","14":"purchasable","15":"product-type-simple","16":"col","17":"wpex-woo-entry","18":"span_1_of_6 span_1_of_3_pp"},"supplier_id":null,"supplier_sku":"","barcode":null,"atum_controlled":true,"out_stock_date":null,"out_stock_threshold":null,"inheritable":false,"inbound_stock":null,"stock_on_hold":null,"sold_today":null,"sales_last_days":null,"reserved_stock":null,"customer_returns":null,"warehouse_damage":null,"lost_in_post":null,"other_logs":null,"out_stock_days":null,"lost_sales":null,"has_location":false,"update_date":"2025-09-30T20:25:37","atum_locations":[],"atum_stock_status":"instock","restock_status":false,"low_stock_amount":"","sales_update_date":null,"calc_backorders":null,"_links":{"self":[{"href":"https:\/\/www.flyshop.cl\/TIENDA\/wp-json\/wp\/v2\/product\/21528","targetHints":{"allow":["GET"]}}],"collection":[{"href":"https:\/\/www.flyshop.cl\/TIENDA\/wp-json\/wp\/v2\/product"}],"about":[{"href":"https:\/\/www.flyshop.cl\/TIENDA\/wp-json\/wp\/v2\/types\/product"}],"replies":[{"embeddable":true,"href":"https:\/\/www.flyshop.cl\/TIENDA\/wp-json\/wp\/v2\/comments?post=21528"}],"wp:featuredmedia":[{"embeddable":true,"href":"https:\/\/www.flyshop.cl\/TIENDA\/wp-json\/wp\/v2\/media\/21530"}],"wp:attachment":[{"href":"https:\/\/www.flyshop.cl\/TIENDA\/wp-json\/wp\/v2\/media?parent=21528"}],"wp:term":[{"taxonomy":"product_brand","embeddable":true,"href":"https:\/\/www.flyshop.cl\/TIENDA\/wp-json\/wp\/v2\/product_brand?post=21528"},{"taxonomy":"product_cat","embeddable":true,"href":"https:\/\/www.flyshop.cl\/TIENDA\/wp-json\/wp\/v2\/product_cat?post=21528"},{"taxonomy":"product_tag","embeddable":true,"href":"https:\/\/www.flyshop.cl\/TIENDA\/wp-json\/wp\/v2\/product_tag?post=21528"}],"curies":[{"name":"wp","href":"https:\/\/api.w.org\/{rel}","templated":true}]}}