{"id":21274,"date":"2025-06-27T22:14:34","date_gmt":"2025-06-27T22:14:34","guid":{"rendered":"https:\/\/www.flyshop.cl\/TIENDA\/?post_type=product&#038;p=21274"},"modified":"2025-11-27T17:47:12","modified_gmt":"2025-11-27T17:47:12","slug":"rambler-2-qt-insulated-bowl-navy","status":"publish","type":"product","link":"https:\/\/www.flyshop.cl\/TIENDA\/producto\/rambler-2-qt-insulated-bowl-navy\/","title":{"rendered":"Rambler\u2122 2 QT Insulated Bowl navy"},"content":{"rendered":"<div class=\"row row__description\">\n<div class=\"col-12\">\n<div class=\"js-short-description short-description\">\n<p>Ret\u00e9n el fr\u00edo y conserva el calor en tu patio o en el campamento.<\/p>\n<ul>\n<li>Aislamiento al vac\u00edo de doble pared<\/li>\n<li>Dise\u00f1o apilable y encastrable<\/li>\n<li>Acero inoxidable 18\/8<\/li>\n<li>Apto para lavavajillas<\/li>\n<li>Perfil m\u00e1s profundo para preparar y servir<\/li>\n<\/ul>\n<p><img loading=\"lazy\" decoding=\"async\" class=\"alignnone size-medium wp-image-21276\" src=\"https:\/\/www.flyshop.cl\/TIENDA\/wp-content\/uploads\/2025\/06\/W-site_studio_Food_Bowls_Standard_Navy_Medium_3qter_Food_455_Primary_B_2400x2400-300x300.avif\" alt=\"\" width=\"300\" height=\"300\" srcset=\"https:\/\/www.flyshop.cl\/TIENDA\/wp-content\/uploads\/2025\/06\/W-site_studio_Food_Bowls_Standard_Navy_Medium_3qter_Food_455_Primary_B_2400x2400-300x300.avif 300w, https:\/\/www.flyshop.cl\/TIENDA\/wp-content\/uploads\/2025\/06\/W-site_studio_Food_Bowls_Standard_Navy_Medium_3qter_Food_455_Primary_B_2400x2400-150x150.avif 150w, https:\/\/www.flyshop.cl\/TIENDA\/wp-content\/uploads\/2025\/06\/W-site_studio_Food_Bowls_Standard_Navy_Medium_3qter_Food_455_Primary_B_2400x2400-768x768.avif 768w, https:\/\/www.flyshop.cl\/TIENDA\/wp-content\/uploads\/2025\/06\/W-site_studio_Food_Bowls_Standard_Navy_Medium_3qter_Food_455_Primary_B_2400x2400-600x600.avif 600w, https:\/\/www.flyshop.cl\/TIENDA\/wp-content\/uploads\/2025\/06\/W-site_studio_Food_Bowls_Standard_Navy_Medium_3qter_Food_455_Primary_B_2400x2400-100x100.avif 100w, https:\/\/www.flyshop.cl\/TIENDA\/wp-content\/uploads\/2025\/06\/W-site_studio_Food_Bowls_Standard_Navy_Medium_3qter_Food_455_Primary_B_2400x2400.avif 846w\" sizes=\"auto, (max-width: 300px) 100vw, 300px\" \/><img loading=\"lazy\" decoding=\"async\" class=\"alignnone size-medium wp-image-21277\" src=\"https:\/\/www.flyshop.cl\/TIENDA\/wp-content\/uploads\/2025\/06\/W-site_studio_Food_Bowls_Standard_Navy_Medium_3qter_Lid_541_Primary_B_2400x2400-300x300.avif\" alt=\"\" width=\"300\" height=\"300\" srcset=\"https:\/\/www.flyshop.cl\/TIENDA\/wp-content\/uploads\/2025\/06\/W-site_studio_Food_Bowls_Standard_Navy_Medium_3qter_Lid_541_Primary_B_2400x2400-300x300.avif 300w, https:\/\/www.flyshop.cl\/TIENDA\/wp-content\/uploads\/2025\/06\/W-site_studio_Food_Bowls_Standard_Navy_Medium_3qter_Lid_541_Primary_B_2400x2400-150x150.avif 150w, https:\/\/www.flyshop.cl\/TIENDA\/wp-content\/uploads\/2025\/06\/W-site_studio_Food_Bowls_Standard_Navy_Medium_3qter_Lid_541_Primary_B_2400x2400-768x768.avif 768w, https:\/\/www.flyshop.cl\/TIENDA\/wp-content\/uploads\/2025\/06\/W-site_studio_Food_Bowls_Standard_Navy_Medium_3qter_Lid_541_Primary_B_2400x2400-600x600.avif 600w, https:\/\/www.flyshop.cl\/TIENDA\/wp-content\/uploads\/2025\/06\/W-site_studio_Food_Bowls_Standard_Navy_Medium_3qter_Lid_541_Primary_B_2400x2400-100x100.avif 100w, https:\/\/www.flyshop.cl\/TIENDA\/wp-content\/uploads\/2025\/06\/W-site_studio_Food_Bowls_Standard_Navy_Medium_3qter_Lid_541_Primary_B_2400x2400.avif 846w\" sizes=\"auto, (max-width: 300px) 100vw, 300px\" \/><img loading=\"lazy\" decoding=\"async\" class=\"alignnone size-medium wp-image-21278\" src=\"https:\/\/www.flyshop.cl\/TIENDA\/wp-content\/uploads\/2025\/06\/W-site_studio_Food_Bowls_Standard_Navy_Medium_Overhead_014_Primary_B_2400x2400-300x300.avif\" alt=\"\" width=\"300\" height=\"300\" srcset=\"https:\/\/www.flyshop.cl\/TIENDA\/wp-content\/uploads\/2025\/06\/W-site_studio_Food_Bowls_Standard_Navy_Medium_Overhead_014_Primary_B_2400x2400-300x300.avif 300w, https:\/\/www.flyshop.cl\/TIENDA\/wp-content\/uploads\/2025\/06\/W-site_studio_Food_Bowls_Standard_Navy_Medium_Overhead_014_Primary_B_2400x2400-150x150.avif 150w, https:\/\/www.flyshop.cl\/TIENDA\/wp-content\/uploads\/2025\/06\/W-site_studio_Food_Bowls_Standard_Navy_Medium_Overhead_014_Primary_B_2400x2400-768x768.avif 768w, https:\/\/www.flyshop.cl\/TIENDA\/wp-content\/uploads\/2025\/06\/W-site_studio_Food_Bowls_Standard_Navy_Medium_Overhead_014_Primary_B_2400x2400-600x600.avif 600w, https:\/\/www.flyshop.cl\/TIENDA\/wp-content\/uploads\/2025\/06\/W-site_studio_Food_Bowls_Standard_Navy_Medium_Overhead_014_Primary_B_2400x2400-100x100.avif 100w, https:\/\/www.flyshop.cl\/TIENDA\/wp-content\/uploads\/2025\/06\/W-site_studio_Food_Bowls_Standard_Navy_Medium_Overhead_014_Primary_B_2400x2400.avif 846w\" sizes=\"auto, (max-width: 300px) 100vw, 300px\" \/><\/p>\n<\/div>\n<\/div>\n<\/div>\n","protected":false},"excerpt":{"rendered":"<p>Ret\u00e9n el fr\u00edo y conserva el calor en tu patio o en el campamento. Aislamiento al vac\u00edo de doble pared Dise\u00f1o apilable y encastrable Acero inoxidable 18\/8 Apto para lavavajillas Perfil m\u00e1s profundo para preparar y servir<\/p>\n","protected":false},"featured_media":21275,"comment_status":"closed","ping_status":"closed","template":"","meta":{"_joinchat":[]},"product_brand":[],"product_cat":[788],"product_tag":[],"class_list":{"0":"post-21274","1":"product","2":"type-product","3":"status-publish","4":"has-post-thumbnail","6":"product_cat-yeti","7":"entry","8":"has-media","10":"first","11":"instock","12":"shipping-taxable","13":"purchasable","14":"product-type-simple","15":"col","16":"wpex-woo-entry","17":"span_1_of_6 span_1_of_3_pp"},"supplier_id":null,"supplier_sku":"","barcode":null,"atum_controlled":true,"out_stock_date":null,"out_stock_threshold":null,"inheritable":false,"inbound_stock":null,"stock_on_hold":0,"sold_today":0,"sales_last_days":1,"reserved_stock":null,"customer_returns":null,"warehouse_damage":null,"lost_in_post":null,"other_logs":null,"out_stock_days":0,"lost_sales":0,"has_location":false,"update_date":"2025-12-02T21:08:50","atum_locations":[],"atum_stock_status":"instock","restock_status":true,"low_stock_amount":"","sales_update_date":"2025-12-02T21:08:50","calc_backorders":null,"_links":{"self":[{"href":"https:\/\/www.flyshop.cl\/TIENDA\/wp-json\/wp\/v2\/product\/21274","targetHints":{"allow":["GET"]}}],"collection":[{"href":"https:\/\/www.flyshop.cl\/TIENDA\/wp-json\/wp\/v2\/product"}],"about":[{"href":"https:\/\/www.flyshop.cl\/TIENDA\/wp-json\/wp\/v2\/types\/product"}],"replies":[{"embeddable":true,"href":"https:\/\/www.flyshop.cl\/TIENDA\/wp-json\/wp\/v2\/comments?post=21274"}],"wp:featuredmedia":[{"embeddable":true,"href":"https:\/\/www.flyshop.cl\/TIENDA\/wp-json\/wp\/v2\/media\/21275"}],"wp:attachment":[{"href":"https:\/\/www.flyshop.cl\/TIENDA\/wp-json\/wp\/v2\/media?parent=21274"}],"wp:term":[{"taxonomy":"product_brand","embeddable":true,"href":"https:\/\/www.flyshop.cl\/TIENDA\/wp-json\/wp\/v2\/product_brand?post=21274"},{"taxonomy":"product_cat","embeddable":true,"href":"https:\/\/www.flyshop.cl\/TIENDA\/wp-json\/wp\/v2\/product_cat?post=21274"},{"taxonomy":"product_tag","embeddable":true,"href":"https:\/\/www.flyshop.cl\/TIENDA\/wp-json\/wp\/v2\/product_tag?post=21274"}],"curies":[{"name":"wp","href":"https:\/\/api.w.org\/{rel}","templated":true}]}}