{"id":20806,"date":"2025-05-14T20:41:56","date_gmt":"2025-05-14T20:41:56","guid":{"rendered":"https:\/\/www.flyshop.cl\/TIENDA\/?post_type=product&#038;p=20806"},"modified":"2025-11-12T18:02:05","modified_gmt":"2025-11-12T18:02:05","slug":"wader-simms-freestone-z","status":"publish","type":"product","link":"https:\/\/www.flyshop.cl\/TIENDA\/producto\/wader-simms-freestone-z\/","title":{"rendered":"WADER SIMMS FREESTONE Z"},"content":{"rendered":"<p class=\"\" data-start=\"58\" data-end=\"371\"><strong data-start=\"58\" data-end=\"140\">Cargados con funciones inteligentes y dise\u00f1ados para resistir a\u00f1os de uso rudo<\/strong>, los waders Freestone Z Stockingfoot transpirables y con libertad de movimiento vienen equipados con una pr\u00e1ctica cremallera frontal para ponerlos y quitarlos f\u00e1cilmente, adem\u00e1s de brindar alivio r\u00e1pido cuando la naturaleza llama.<\/p>\n<ul data-start=\"373\" data-end=\"1079\">\n<li class=\"\" data-start=\"373\" data-end=\"456\">\n<p class=\"\" data-start=\"375\" data-end=\"456\">Parte superior e inferior de 4 capas Toray\u00ae QuadraLam\u2122, duradera y transpirable<\/p>\n<\/li>\n<li class=\"\" data-start=\"457\" data-end=\"494\">\n<p class=\"\" data-start=\"459\" data-end=\"494\">Cierre frontal impermeable TIZIP\u00ae<\/p>\n<\/li>\n<li class=\"\" data-start=\"495\" data-end=\"576\">\n<p class=\"\" data-start=\"497\" data-end=\"576\">Tirantes el\u00e1sticos ajustables con hebillas macho y hembra exclusivas de Simms<\/p>\n<\/li>\n<li class=\"\" data-start=\"577\" data-end=\"756\">\n<p class=\"\" data-start=\"579\" data-end=\"756\">Bolsillos en el pecho con acceso lateral, almacenamiento con cierre de tejido el\u00e1stico, bolsillos calientamanos forrados con microfelpa e inserto integrado para sujetar moscas<\/p>\n<\/li>\n<li class=\"\" data-start=\"757\" data-end=\"810\">\n<p class=\"\" data-start=\"759\" data-end=\"810\">Bolsillos calientamanos dobles forrados con felpa<\/p>\n<\/li>\n<li class=\"\" data-start=\"811\" data-end=\"893\">\n<p class=\"\" data-start=\"813\" data-end=\"893\">Costuras delanteras y traseras en las piernas, distintivas de los waders Simms<\/p>\n<\/li>\n<li class=\"\" data-start=\"894\" data-end=\"982\">\n<p class=\"\" data-start=\"896\" data-end=\"982\">Doble presilla trasera para cintur\u00f3n; incluye cintur\u00f3n el\u00e1stico para vadear de 38 mm<\/p>\n<\/li>\n<li class=\"\" data-start=\"983\" data-end=\"1079\">\n<p class=\"\" data-start=\"985\" data-end=\"1079\">Este producto est\u00e1 dise\u00f1ado para condiciones de humedad extrema. Fabricado con qu\u00edmicos PFAS<\/p>\n<\/li>\n<\/ul>\n<p class=\"\" data-start=\"1081\" data-end=\"1164\"><strong data-start=\"1081\" data-end=\"1107\">TECNOLOG\u00cdA DE LA TELA:<\/strong><br data-start=\"1107\" data-end=\"1110\" \/>Parte superior e inferior de 4 capas Toray\u00ae QuadraLam\u2122<\/p>\n<p class=\"\" data-start=\"1166\" data-end=\"1211\"><strong data-start=\"1166\" data-end=\"1175\">PESO:<\/strong><br data-start=\"1175\" data-end=\"1178\" \/>44.9 oz (1272 g) en talla Mediana<\/p>\n<p data-start=\"1166\" data-end=\"1211\">\n<p data-start=\"1166\" data-end=\"1211\"><img loading=\"lazy\" decoding=\"async\" class=\"alignnone size-medium wp-image-20815\" src=\"https:\/\/www.flyshop.cl\/TIENDA\/wp-content\/uploads\/2025\/05\/PDP_F23_FreestoneZip-rollover-240x300.webp\" alt=\"\" width=\"240\" height=\"300\" srcset=\"https:\/\/www.flyshop.cl\/TIENDA\/wp-content\/uploads\/2025\/05\/PDP_F23_FreestoneZip-rollover-240x300.webp 240w, https:\/\/www.flyshop.cl\/TIENDA\/wp-content\/uploads\/2025\/05\/PDP_F23_FreestoneZip-rollover-819x1024.webp 819w, https:\/\/www.flyshop.cl\/TIENDA\/wp-content\/uploads\/2025\/05\/PDP_F23_FreestoneZip-rollover-768x960.webp 768w, https:\/\/www.flyshop.cl\/TIENDA\/wp-content\/uploads\/2025\/05\/PDP_F23_FreestoneZip-rollover-1229x1536.webp 1229w, https:\/\/www.flyshop.cl\/TIENDA\/wp-content\/uploads\/2025\/05\/PDP_F23_FreestoneZip-rollover-1638x2048.webp 1638w, https:\/\/www.flyshop.cl\/TIENDA\/wp-content\/uploads\/2025\/05\/PDP_F23_FreestoneZip-rollover-600x750.webp 600w, https:\/\/www.flyshop.cl\/TIENDA\/wp-content\/uploads\/2025\/05\/PDP_F23_FreestoneZip-rollover.webp 1800w\" sizes=\"auto, (max-width: 240px) 100vw, 240px\" \/><img loading=\"lazy\" decoding=\"async\" class=\"alignnone size-medium wp-image-20814\" src=\"https:\/\/www.flyshop.cl\/TIENDA\/wp-content\/uploads\/2025\/05\/PDP_F23_FreestoneZip_5-240x300.webp\" alt=\"\" width=\"240\" height=\"300\" srcset=\"https:\/\/www.flyshop.cl\/TIENDA\/wp-content\/uploads\/2025\/05\/PDP_F23_FreestoneZip_5-240x300.webp 240w, https:\/\/www.flyshop.cl\/TIENDA\/wp-content\/uploads\/2025\/05\/PDP_F23_FreestoneZip_5-819x1024.webp 819w, https:\/\/www.flyshop.cl\/TIENDA\/wp-content\/uploads\/2025\/05\/PDP_F23_FreestoneZip_5-768x960.webp 768w, https:\/\/www.flyshop.cl\/TIENDA\/wp-content\/uploads\/2025\/05\/PDP_F23_FreestoneZip_5-1229x1536.webp 1229w, https:\/\/www.flyshop.cl\/TIENDA\/wp-content\/uploads\/2025\/05\/PDP_F23_FreestoneZip_5-1638x2048.webp 1638w, https:\/\/www.flyshop.cl\/TIENDA\/wp-content\/uploads\/2025\/05\/PDP_F23_FreestoneZip_5-600x750.webp 600w, https:\/\/www.flyshop.cl\/TIENDA\/wp-content\/uploads\/2025\/05\/PDP_F23_FreestoneZip_5.webp 1800w\" sizes=\"auto, (max-width: 240px) 100vw, 240px\" \/><\/p>\n","protected":false},"excerpt":{"rendered":"<p>Cargados con funciones inteligentes y dise\u00f1ados para resistir a\u00f1os de uso rudo, los waders Freestone Z Stockingfoot transpirables y con libertad de movimiento vienen equipados con una pr\u00e1ctica cremallera frontal para ponerlos y quitarlos f\u00e1cilmente, adem\u00e1s de brindar alivio r\u00e1pido&hellip;<\/p>\n","protected":false},"featured_media":20812,"comment_status":"closed","ping_status":"closed","template":"","meta":{"_joinchat":[]},"product_brand":[],"product_cat":[137],"product_tag":[],"class_list":{"0":"post-20806","1":"product","2":"type-product","3":"status-publish","4":"has-post-thumbnail","6":"product_cat-waders","7":"entry","8":"has-media","10":"first","11":"instock","12":"shipping-taxable","13":"purchasable","14":"product-type-variable","15":"col","16":"wpex-woo-entry","17":"span_1_of_6 span_1_of_3_pp"},"supplier_id":null,"supplier_sku":"","barcode":null,"atum_controlled":true,"out_stock_date":null,"out_stock_threshold":null,"inheritable":true,"inbound_stock":null,"stock_on_hold":1,"sold_today":0,"sales_last_days":1,"reserved_stock":null,"customer_returns":null,"warehouse_damage":null,"lost_in_post":null,"other_logs":null,"out_stock_days":null,"lost_sales":0,"has_location":false,"update_date":"2025-11-13T16:29:14","atum_locations":[],"atum_stock_status":"instock","restock_status":false,"low_stock_amount":"","sales_update_date":null,"calc_backorders":null,"_links":{"self":[{"href":"https:\/\/www.flyshop.cl\/TIENDA\/wp-json\/wp\/v2\/product\/20806","targetHints":{"allow":["GET"]}}],"collection":[{"href":"https:\/\/www.flyshop.cl\/TIENDA\/wp-json\/wp\/v2\/product"}],"about":[{"href":"https:\/\/www.flyshop.cl\/TIENDA\/wp-json\/wp\/v2\/types\/product"}],"replies":[{"embeddable":true,"href":"https:\/\/www.flyshop.cl\/TIENDA\/wp-json\/wp\/v2\/comments?post=20806"}],"wp:featuredmedia":[{"embeddable":true,"href":"https:\/\/www.flyshop.cl\/TIENDA\/wp-json\/wp\/v2\/media\/20812"}],"wp:attachment":[{"href":"https:\/\/www.flyshop.cl\/TIENDA\/wp-json\/wp\/v2\/media?parent=20806"}],"wp:term":[{"taxonomy":"product_brand","embeddable":true,"href":"https:\/\/www.flyshop.cl\/TIENDA\/wp-json\/wp\/v2\/product_brand?post=20806"},{"taxonomy":"product_cat","embeddable":true,"href":"https:\/\/www.flyshop.cl\/TIENDA\/wp-json\/wp\/v2\/product_cat?post=20806"},{"taxonomy":"product_tag","embeddable":true,"href":"https:\/\/www.flyshop.cl\/TIENDA\/wp-json\/wp\/v2\/product_tag?post=20806"}],"curies":[{"name":"wp","href":"https:\/\/api.w.org\/{rel}","templated":true}]}}