{"id":20568,"date":"2025-04-11T15:29:52","date_gmt":"2025-04-11T15:29:52","guid":{"rendered":"https:\/\/www.flyshop.cl\/TIENDA\/?post_type=product&#038;p=20568"},"modified":"2026-04-07T15:25:26","modified_gmt":"2026-04-07T15:25:26","slug":"new-freestone-boot-felt-gunmetal","status":"publish","type":"product","link":"https:\/\/www.flyshop.cl\/TIENDA\/producto\/new-freestone-boot-felt-gunmetal\/","title":{"rendered":"NEW FREESTONE BOOT &#8211; FELT GUNMETAL"},"content":{"rendered":"<h3 class=\"\" data-start=\"77\" data-end=\"107\">Bota de Vadeo Freestone\u00ae<\/h3>\n<p class=\"\" data-start=\"108\" data-end=\"184\"><strong data-start=\"108\" data-end=\"184\">Soporte comprobado. Durabilidad extrema. Lista para cualquier condici\u00f3n.<\/strong><\/p>\n<p class=\"\" data-start=\"186\" data-end=\"371\">La confiable <strong data-start=\"199\" data-end=\"218\">bota Freestone\u00ae<\/strong> est\u00e1 dise\u00f1ada para enfrentar una amplia variedad de entornos de vadeo, ofreciendo tracci\u00f3n segura, rendimiento duradero y comodidad durante todo el d\u00eda.<\/p>\n<p class=\"\" data-start=\"373\" data-end=\"393\"><strong data-start=\"373\" data-end=\"393\">Caracter\u00edsticas:<\/strong><\/p>\n<ul data-start=\"394\" data-end=\"782\">\n<li class=\"\" data-start=\"394\" data-end=\"497\">\n<p class=\"\" data-start=\"396\" data-end=\"497\">Capellada de cuero sint\u00e9tico impermeable y resistente a los ara\u00f1azos, con refuerzo en punta y tal\u00f3n<\/p>\n<\/li>\n<li class=\"\" data-start=\"498\" data-end=\"576\">\n<p class=\"\" data-start=\"500\" data-end=\"576\">Forro parcial de neopreno para mayor confort y facilidad al poner y quitar<\/p>\n<\/li>\n<li class=\"\" data-start=\"577\" data-end=\"643\">\n<p class=\"\" data-start=\"579\" data-end=\"643\">Entresuela de EVA de doble densidad para una pisada m\u00e1s c\u00f3moda<\/p>\n<\/li>\n<li class=\"\" data-start=\"644\" data-end=\"731\">\n<p class=\"\" data-start=\"646\" data-end=\"731\">Suela de fieltro de 12 mm compatible con los <strong data-start=\"691\" data-end=\"729\">tacos Simms Hardbite\u2122 para fieltro<\/strong><\/p>\n<\/li>\n<\/ul>\n<p class=\"\" data-start=\"784\" data-end=\"855\"><strong data-start=\"784\" data-end=\"793\">Peso:<\/strong> 1.64 kg (58 oz) por par (talla 11)<br data-start=\"828\" data-end=\"831\" \/><strong data-start=\"831\" data-end=\"846\">Art\u00edculo #:<\/strong> PG-13404<\/p>\n<p>numeros:<\/p>\n<p>9=41<\/p>\n<p>10=42<\/p>\n<p>11=43<\/p>\n<p>12=44<\/p>\n<p>13=45<\/p>\n<p>14= 46<\/p>\n","protected":false},"excerpt":{"rendered":"<p>Bota de Vadeo Freestone\u00ae Soporte comprobado. Durabilidad extrema. Lista para cualquier condici\u00f3n. La confiable bota Freestone\u00ae est\u00e1 dise\u00f1ada para enfrentar una amplia variedad de entornos de vadeo, ofreciendo tracci\u00f3n segura, rendimiento duradero y comodidad durante todo el d\u00eda. Caracter\u00edsticas: Capellada&hellip;<\/p>\n","protected":false},"featured_media":20579,"comment_status":"closed","ping_status":"closed","template":"","meta":{"_joinchat":[]},"product_brand":[],"product_cat":[309,160],"product_tag":[],"class_list":{"0":"post-20568","1":"product","2":"type-product","3":"status-publish","4":"has-post-thumbnail","6":"product_cat-simms","7":"product_cat-zapatos-de-vadeo","8":"entry","9":"has-media","11":"first","12":"instock","13":"shipping-taxable","14":"purchasable","15":"product-type-variable","16":"col","17":"wpex-woo-entry","18":"span_1_of_6 span_1_of_3_pp"},"supplier_id":null,"supplier_sku":"","barcode":null,"atum_controlled":true,"out_stock_date":null,"out_stock_threshold":null,"inheritable":true,"inbound_stock":null,"stock_on_hold":0,"sold_today":0,"sales_last_days":3,"reserved_stock":null,"customer_returns":null,"warehouse_damage":null,"lost_in_post":null,"other_logs":null,"out_stock_days":null,"lost_sales":0,"has_location":false,"update_date":"2026-04-09T15:55:14","atum_locations":[],"atum_stock_status":"instock","restock_status":false,"low_stock_amount":"","sales_update_date":null,"calc_backorders":null,"_links":{"self":[{"href":"https:\/\/www.flyshop.cl\/TIENDA\/wp-json\/wp\/v2\/product\/20568","targetHints":{"allow":["GET"]}}],"collection":[{"href":"https:\/\/www.flyshop.cl\/TIENDA\/wp-json\/wp\/v2\/product"}],"about":[{"href":"https:\/\/www.flyshop.cl\/TIENDA\/wp-json\/wp\/v2\/types\/product"}],"replies":[{"embeddable":true,"href":"https:\/\/www.flyshop.cl\/TIENDA\/wp-json\/wp\/v2\/comments?post=20568"}],"wp:featuredmedia":[{"embeddable":true,"href":"https:\/\/www.flyshop.cl\/TIENDA\/wp-json\/wp\/v2\/media\/20579"}],"wp:attachment":[{"href":"https:\/\/www.flyshop.cl\/TIENDA\/wp-json\/wp\/v2\/media?parent=20568"}],"wp:term":[{"taxonomy":"product_brand","embeddable":true,"href":"https:\/\/www.flyshop.cl\/TIENDA\/wp-json\/wp\/v2\/product_brand?post=20568"},{"taxonomy":"product_cat","embeddable":true,"href":"https:\/\/www.flyshop.cl\/TIENDA\/wp-json\/wp\/v2\/product_cat?post=20568"},{"taxonomy":"product_tag","embeddable":true,"href":"https:\/\/www.flyshop.cl\/TIENDA\/wp-json\/wp\/v2\/product_tag?post=20568"}],"curies":[{"name":"wp","href":"https:\/\/api.w.org\/{rel}","templated":true}]}}