{"id":20557,"date":"2025-04-09T21:15:39","date_gmt":"2025-04-09T21:15:39","guid":{"rendered":"https:\/\/www.flyshop.cl\/TIENDA\/?post_type=product&#038;p=20557"},"modified":"2025-12-15T18:35:04","modified_gmt":"2025-12-15T18:35:04","slug":"new-simms-flyweight-wading-boot-felt","status":"publish","type":"product","link":"https:\/\/www.flyshop.cl\/TIENDA\/producto\/new-simms-flyweight-wading-boot-felt\/","title":{"rendered":"NEW SIMMS FLYWEIGHT WADING BOOT FELT"},"content":{"rendered":"<p>Una actualizaci\u00f3n completamente considerada de una de las botas de vadeo m\u00e1s capaces y c\u00f3modas de la l\u00ednea Simms, la nueva bota Flyweight\u00ae es una combinaci\u00f3n equilibrada de rendimiento ligero y listo para viajar, y la durabilidad imparable que asegura un excelente desempe\u00f1o.<\/p>\n<p>Material superior sint\u00e9tico tejido a base de TPU, duradero y ligero<br \/>\nProtector moldeado de goma en la puntera y paneles de abrasi\u00f3n que protegen contra el desgaste<br \/>\nCierre con cordones y ojales reforzados<br \/>\nEntresuela de EVA de doble densidad con alta amortiguaci\u00f3n para comodidad y estabilidad<br \/>\nSuela Vibram\u00ae Idrogrip con tacos de tracci\u00f3n que optimizan la estabilidad al caminar y vadear en el agua<br \/>\nLa suela es compatible con los clavos Simms Hardbite y Alumibite Star Cleats, as\u00ed como los clavos Hardbite<br \/>\nAgujeros de drenaje para evitar la acumulaci\u00f3n de agua.<\/p>\n<p>numeros:<\/p>\n<p>9=41<\/p>\n<p>10=42<\/p>\n<p>11=43<\/p>\n<p>12=44<\/p>\n<p>13=45<\/p>\n<p>14=46<\/p>\n","protected":false},"excerpt":{"rendered":"<p>Una actualizaci\u00f3n completamente considerada de una de las botas de vadeo m\u00e1s capaces y c\u00f3modas de la l\u00ednea Simms, la nueva bota Flyweight\u00ae es una combinaci\u00f3n equilibrada de rendimiento ligero y listo para viajar, y la durabilidad imparable que asegura&hellip;<\/p>\n","protected":false},"featured_media":20567,"comment_status":"closed","ping_status":"closed","template":"","meta":{"_joinchat":[]},"product_brand":[],"product_cat":[309,160],"product_tag":[],"class_list":{"0":"post-20557","1":"product","2":"type-product","3":"status-publish","4":"has-post-thumbnail","6":"product_cat-simms","7":"product_cat-zapatos-de-vadeo","8":"entry","9":"has-media","11":"first","12":"instock","13":"shipping-taxable","14":"purchasable","15":"product-type-variable","16":"col","17":"wpex-woo-entry","18":"span_1_of_6 span_1_of_3_pp"},"supplier_id":null,"supplier_sku":"","barcode":null,"atum_controlled":true,"out_stock_date":null,"out_stock_threshold":null,"inheritable":true,"inbound_stock":null,"stock_on_hold":2,"sold_today":1,"sales_last_days":2,"reserved_stock":null,"customer_returns":null,"warehouse_damage":null,"lost_in_post":null,"other_logs":null,"out_stock_days":null,"lost_sales":0,"has_location":false,"update_date":"2025-12-15T18:35:05","atum_locations":[],"atum_stock_status":"instock","restock_status":false,"low_stock_amount":"","sales_update_date":null,"calc_backorders":null,"_links":{"self":[{"href":"https:\/\/www.flyshop.cl\/TIENDA\/wp-json\/wp\/v2\/product\/20557","targetHints":{"allow":["GET"]}}],"collection":[{"href":"https:\/\/www.flyshop.cl\/TIENDA\/wp-json\/wp\/v2\/product"}],"about":[{"href":"https:\/\/www.flyshop.cl\/TIENDA\/wp-json\/wp\/v2\/types\/product"}],"replies":[{"embeddable":true,"href":"https:\/\/www.flyshop.cl\/TIENDA\/wp-json\/wp\/v2\/comments?post=20557"}],"wp:featuredmedia":[{"embeddable":true,"href":"https:\/\/www.flyshop.cl\/TIENDA\/wp-json\/wp\/v2\/media\/20567"}],"wp:attachment":[{"href":"https:\/\/www.flyshop.cl\/TIENDA\/wp-json\/wp\/v2\/media?parent=20557"}],"wp:term":[{"taxonomy":"product_brand","embeddable":true,"href":"https:\/\/www.flyshop.cl\/TIENDA\/wp-json\/wp\/v2\/product_brand?post=20557"},{"taxonomy":"product_cat","embeddable":true,"href":"https:\/\/www.flyshop.cl\/TIENDA\/wp-json\/wp\/v2\/product_cat?post=20557"},{"taxonomy":"product_tag","embeddable":true,"href":"https:\/\/www.flyshop.cl\/TIENDA\/wp-json\/wp\/v2\/product_tag?post=20557"}],"curies":[{"name":"wp","href":"https:\/\/api.w.org\/{rel}","templated":true}]}}