{"id":20464,"date":"2025-04-22T22:01:50","date_gmt":"2025-04-22T22:01:50","guid":{"rendered":"https:\/\/www.flyshop.cl\/TIENDA\/?post_type=product&#038;p=20464"},"modified":"2025-09-26T20:18:08","modified_gmt":"2025-09-26T20:18:08","slug":"cana-sage-r8-classic","status":"publish","type":"product","link":"https:\/\/www.flyshop.cl\/TIENDA\/producto\/cana-sage-r8-classic\/","title":{"rendered":"ca\u00f1a Sage R8 Classic"},"content":{"rendered":"<p>La evoluci\u00f3n de un pescador con mosca va de la mano con el ritmo al que pesca. Con el tiempo, el deseo de atrapar muchos o grandes peces se transforma en pescar con intenci\u00f3n\u2014bajo sus propios t\u00e9rminos\u2014lo que lleva a un enfoque m\u00e1s pausado y reflexivo. Los lanzamientos se vuelven menos frecuentes, pero m\u00e1s significativos, cargados de una conexi\u00f3n m\u00e1s profunda con el momento. A medida que el ritmo disminuye, se agudiza la conciencia, y la observaci\u00f3n cobra protagonismo. Se pasan d\u00edas o semanas esperando la eclosi\u00f3n, y cuando finalmente sucede, un solo lance puede ser todo lo que tengamos. Inspirados por el tiempo y el lugar, aprendemos a desacelerar y saborear la experiencia, descubriendo que siempre hay m\u00e1s por observar, aprender y sentir\u2014including ese pez perfecto.<\/p>\n<p><img loading=\"lazy\" decoding=\"async\" class=\"alignnone size-medium wp-image-20723\" src=\"https:\/\/www.flyshop.cl\/TIENDA\/wp-content\/uploads\/2025\/04\/CLASSIC_R8_Family_Page_Hero_Image_Desktop_d261195d-b3a4-4ad3-9281-e6c62afe2c70-300x126.webp\" alt=\"\" width=\"300\" height=\"126\" srcset=\"https:\/\/www.flyshop.cl\/TIENDA\/wp-content\/uploads\/2025\/04\/CLASSIC_R8_Family_Page_Hero_Image_Desktop_d261195d-b3a4-4ad3-9281-e6c62afe2c70-300x126.webp 300w, https:\/\/www.flyshop.cl\/TIENDA\/wp-content\/uploads\/2025\/04\/CLASSIC_R8_Family_Page_Hero_Image_Desktop_d261195d-b3a4-4ad3-9281-e6c62afe2c70-1024x429.webp 1024w, https:\/\/www.flyshop.cl\/TIENDA\/wp-content\/uploads\/2025\/04\/CLASSIC_R8_Family_Page_Hero_Image_Desktop_d261195d-b3a4-4ad3-9281-e6c62afe2c70-768x322.webp 768w, https:\/\/www.flyshop.cl\/TIENDA\/wp-content\/uploads\/2025\/04\/CLASSIC_R8_Family_Page_Hero_Image_Desktop_d261195d-b3a4-4ad3-9281-e6c62afe2c70-1536x644.webp 1536w, https:\/\/www.flyshop.cl\/TIENDA\/wp-content\/uploads\/2025\/04\/CLASSIC_R8_Family_Page_Hero_Image_Desktop_d261195d-b3a4-4ad3-9281-e6c62afe2c70-600x252.webp 600w, https:\/\/www.flyshop.cl\/TIENDA\/wp-content\/uploads\/2025\/04\/CLASSIC_R8_Family_Page_Hero_Image_Desktop_d261195d-b3a4-4ad3-9281-e6c62afe2c70.webp 1920w\" sizes=\"auto, (max-width: 300px) 100vw, 300px\" \/><\/p>\n","protected":false},"excerpt":{"rendered":"<p>La evoluci\u00f3n de un pescador con mosca va de la mano con el ritmo al que pesca. Con el tiempo, el deseo de atrapar muchos o grandes peces se transforma en pescar con intenci\u00f3n\u2014bajo sus propios t\u00e9rminos\u2014lo que lleva a&hellip;<\/p>\n","protected":false},"featured_media":20722,"comment_status":"closed","ping_status":"closed","template":"","meta":{"_joinchat":[]},"product_brand":[],"product_cat":[679,787],"product_tag":[],"class_list":{"0":"post-20464","1":"product","2":"type-product","3":"status-publish","4":"has-post-thumbnail","6":"product_cat-canas-fly-fishing","7":"product_cat-sage","8":"entry","9":"has-media","11":"first","12":"instock","13":"shipping-taxable","14":"purchasable","15":"product-type-variable","16":"col","17":"wpex-woo-entry","18":"span_1_of_6 span_1_of_3_pp"},"supplier_id":null,"supplier_sku":"","barcode":null,"atum_controlled":true,"out_stock_date":null,"out_stock_threshold":null,"inheritable":true,"inbound_stock":null,"stock_on_hold":null,"sold_today":null,"sales_last_days":null,"reserved_stock":null,"customer_returns":null,"warehouse_damage":null,"lost_in_post":null,"other_logs":null,"out_stock_days":null,"lost_sales":null,"has_location":false,"update_date":"2025-09-26T20:18:10","atum_locations":[],"atum_stock_status":"instock","restock_status":false,"low_stock_amount":"","sales_update_date":null,"calc_backorders":null,"_links":{"self":[{"href":"https:\/\/www.flyshop.cl\/TIENDA\/wp-json\/wp\/v2\/product\/20464","targetHints":{"allow":["GET"]}}],"collection":[{"href":"https:\/\/www.flyshop.cl\/TIENDA\/wp-json\/wp\/v2\/product"}],"about":[{"href":"https:\/\/www.flyshop.cl\/TIENDA\/wp-json\/wp\/v2\/types\/product"}],"replies":[{"embeddable":true,"href":"https:\/\/www.flyshop.cl\/TIENDA\/wp-json\/wp\/v2\/comments?post=20464"}],"wp:featuredmedia":[{"embeddable":true,"href":"https:\/\/www.flyshop.cl\/TIENDA\/wp-json\/wp\/v2\/media\/20722"}],"wp:attachment":[{"href":"https:\/\/www.flyshop.cl\/TIENDA\/wp-json\/wp\/v2\/media?parent=20464"}],"wp:term":[{"taxonomy":"product_brand","embeddable":true,"href":"https:\/\/www.flyshop.cl\/TIENDA\/wp-json\/wp\/v2\/product_brand?post=20464"},{"taxonomy":"product_cat","embeddable":true,"href":"https:\/\/www.flyshop.cl\/TIENDA\/wp-json\/wp\/v2\/product_cat?post=20464"},{"taxonomy":"product_tag","embeddable":true,"href":"https:\/\/www.flyshop.cl\/TIENDA\/wp-json\/wp\/v2\/product_tag?post=20464"}],"curies":[{"name":"wp","href":"https:\/\/api.w.org\/{rel}","templated":true}]}}