{"id":20454,"date":"2025-03-13T14:03:37","date_gmt":"2025-03-13T14:03:37","guid":{"rendered":"https:\/\/www.flyshop.cl\/TIENDA\/?post_type=product&#038;p=20454"},"modified":"2026-02-13T15:10:18","modified_gmt":"2026-02-13T15:10:18","slug":"cana-redington-miami-vice-590-4","status":"publish","type":"product","link":"https:\/\/www.flyshop.cl\/TIENDA\/producto\/cana-redington-miami-vice-590-4\/","title":{"rendered":"ca\u00f1a redington miami vice 590-4"},"content":{"rendered":"<div class=\"flex max-w-full flex-col flex-grow\">\n<div class=\"min-h-8 text-message relative flex w-full flex-col items-end gap-2 whitespace-normal break-words text-start [.text-message+&amp;]:mt-5\" dir=\"auto\" data-message-author-role=\"assistant\" data-message-id=\"7be2dcb1-9097-48dc-8a0e-db1e7e5c2148\" data-message-model-slug=\"gpt-4o-mini\">\n<div class=\"flex w-full flex-col gap-1 empty:hidden first:pt-[3px]\">\n<div class=\"markdown prose w-full break-words dark:prose-invert light\">\n<p data-start=\"0\" data-end=\"283\" data-is-last-node=\"\" data-is-only-node=\"\">a edici\u00f3n limitada 590 Vice &#8220;Miami&#8221; presenta un dise\u00f1o de gradiente, una primicia en la industria, inspirado en palmeras, playas c\u00e1lidas y bebidas con sombrillas peque\u00f1as. Consigue esta edici\u00f3n especial antes de que se agote y lleva las vibras tropicales a donde quiera que pesques.<\/p>\n<\/div>\n<\/div>\n<\/div>\n<\/div>\n<div class=\"mb-2 flex gap-3 -ml-2\" tabindex=\"0\">\n<div class=\"flex items-center justify-start rounded-xl p-1 z-10 -mt-1 bg-token-main-surface-primary md:absolute\">\n<div class=\"flex items-center\">\n<p data-start=\"0\" data-end=\"259\">[Entra la luz de ne\u00f3n del horizonte de Miami, el suave zumbido de una ciudad que nunca duerme. Un bajo y jazzy riff de saxof\u00f3n suena de fondo mientras dos pescadores\u2014uno un experto veterano, el otro un novato de rostro fresco\u2014conducen a lo largo de la costa.]\n<p data-start=\"261\" data-end=\"940\">En el mundo de la pesca con mosca, hay una l\u00ednea entre hacer una captura\u2026 y hacer una declaraci\u00f3n. Cuando llega el momento de llevar tu juego al siguiente nivel, solo hay una herramienta para hacerlo con estilo: La edici\u00f3n Vice &#8220;Miami&#8221;. Ya sea que est\u00e9s pescando en los bulliciosos manglares o en un r\u00edo sereno, la Vice no se echa atr\u00e1s. Es una ca\u00f1a hecha para las calles, pero maneja el agua abierta como un profesional. Presenta un dise\u00f1o de gradiente \u00fanico en la industria para combinar con la acci\u00f3n de la ca\u00f1a. Es elegante. Es r\u00e1pida. Y tiene una actitud que es completamente suya. Cuando el sol se pone y los peces salen a jugar, querr\u00e1s tener la Vice &#8220;Miami&#8221; en tus manos.<\/p>\n<p data-start=\"942\" data-end=\"974\"><strong data-start=\"942\" data-end=\"974\">CARACTER\u00cdSTICAS DEL PRODUCTO<\/strong><\/p>\n<ul data-start=\"976\" data-end=\"1319\" data-is-only-node=\"\" data-is-last-node=\"\">\n<li data-start=\"976\" data-end=\"1014\">Lanza f\u00e1cilmente con acci\u00f3n r\u00e1pida<\/li>\n<li data-start=\"1015\" data-end=\"1115\">Asiento de carrete de aluminio anodizado y maquinado, ideal para todas las condiciones acu\u00e1ticas<\/li>\n<li data-start=\"1116\" data-end=\"1222\">Referencia del modelo grabada con l\u00e1ser en el asiento de carrete para identificaci\u00f3n r\u00e1pida de la ca\u00f1a<\/li>\n<li data-start=\"1223\" data-end=\"1294\">Funda de ca\u00f1a duradera de Cordura con divisores internos para ca\u00f1as<\/li>\n<li data-start=\"1295\" data-end=\"1319\" data-is-last-node=\"\">Garant\u00eda de por vida<\/li>\n<\/ul>\n<\/div>\n<p><img loading=\"lazy\" decoding=\"async\" class=\"alignnone size-medium wp-image-20456\" src=\"https:\/\/www.flyshop.cl\/TIENDA\/wp-content\/uploads\/2025\/03\/VICEPDP-PRODUCT1-300x300.webp\" alt=\"\" width=\"300\" height=\"300\" srcset=\"https:\/\/www.flyshop.cl\/TIENDA\/wp-content\/uploads\/2025\/03\/VICEPDP-PRODUCT1-300x300.webp 300w, https:\/\/www.flyshop.cl\/TIENDA\/wp-content\/uploads\/2025\/03\/VICEPDP-PRODUCT1-1024x1024.webp 1024w, https:\/\/www.flyshop.cl\/TIENDA\/wp-content\/uploads\/2025\/03\/VICEPDP-PRODUCT1-150x150.webp 150w, https:\/\/www.flyshop.cl\/TIENDA\/wp-content\/uploads\/2025\/03\/VICEPDP-PRODUCT1-768x768.webp 768w, https:\/\/www.flyshop.cl\/TIENDA\/wp-content\/uploads\/2025\/03\/VICEPDP-PRODUCT1-1536x1536.webp 1536w, https:\/\/www.flyshop.cl\/TIENDA\/wp-content\/uploads\/2025\/03\/VICEPDP-PRODUCT1-2048x2048.webp 2048w, https:\/\/www.flyshop.cl\/TIENDA\/wp-content\/uploads\/2025\/03\/VICEPDP-PRODUCT1-600x600.webp 600w, https:\/\/www.flyshop.cl\/TIENDA\/wp-content\/uploads\/2025\/03\/VICEPDP-PRODUCT1-100x100.webp 100w\" sizes=\"auto, (max-width: 300px) 100vw, 300px\" \/><img loading=\"lazy\" decoding=\"async\" class=\"alignnone size-medium wp-image-20457\" src=\"https:\/\/www.flyshop.cl\/TIENDA\/wp-content\/uploads\/2025\/03\/VICEPDP-PRODUCT2-300x300.webp\" alt=\"\" width=\"300\" height=\"300\" srcset=\"https:\/\/www.flyshop.cl\/TIENDA\/wp-content\/uploads\/2025\/03\/VICEPDP-PRODUCT2-300x300.webp 300w, https:\/\/www.flyshop.cl\/TIENDA\/wp-content\/uploads\/2025\/03\/VICEPDP-PRODUCT2-1024x1024.webp 1024w, https:\/\/www.flyshop.cl\/TIENDA\/wp-content\/uploads\/2025\/03\/VICEPDP-PRODUCT2-150x150.webp 150w, https:\/\/www.flyshop.cl\/TIENDA\/wp-content\/uploads\/2025\/03\/VICEPDP-PRODUCT2-768x768.webp 768w, https:\/\/www.flyshop.cl\/TIENDA\/wp-content\/uploads\/2025\/03\/VICEPDP-PRODUCT2-1536x1536.webp 1536w, https:\/\/www.flyshop.cl\/TIENDA\/wp-content\/uploads\/2025\/03\/VICEPDP-PRODUCT2-2048x2048.webp 2048w, https:\/\/www.flyshop.cl\/TIENDA\/wp-content\/uploads\/2025\/03\/VICEPDP-PRODUCT2-600x600.webp 600w, https:\/\/www.flyshop.cl\/TIENDA\/wp-content\/uploads\/2025\/03\/VICEPDP-PRODUCT2-100x100.webp 100w\" sizes=\"auto, (max-width: 300px) 100vw, 300px\" \/><img loading=\"lazy\" decoding=\"async\" class=\"alignnone size-medium wp-image-20458\" src=\"https:\/\/www.flyshop.cl\/TIENDA\/wp-content\/uploads\/2025\/03\/VICEPDP-PRODUCT3-300x300.webp\" alt=\"\" width=\"300\" height=\"300\" srcset=\"https:\/\/www.flyshop.cl\/TIENDA\/wp-content\/uploads\/2025\/03\/VICEPDP-PRODUCT3-300x300.webp 300w, https:\/\/www.flyshop.cl\/TIENDA\/wp-content\/uploads\/2025\/03\/VICEPDP-PRODUCT3-1024x1024.webp 1024w, https:\/\/www.flyshop.cl\/TIENDA\/wp-content\/uploads\/2025\/03\/VICEPDP-PRODUCT3-150x150.webp 150w, https:\/\/www.flyshop.cl\/TIENDA\/wp-content\/uploads\/2025\/03\/VICEPDP-PRODUCT3-768x768.webp 768w, https:\/\/www.flyshop.cl\/TIENDA\/wp-content\/uploads\/2025\/03\/VICEPDP-PRODUCT3-1536x1536.webp 1536w, https:\/\/www.flyshop.cl\/TIENDA\/wp-content\/uploads\/2025\/03\/VICEPDP-PRODUCT3-2048x2048.webp 2048w, https:\/\/www.flyshop.cl\/TIENDA\/wp-content\/uploads\/2025\/03\/VICEPDP-PRODUCT3-600x600.webp 600w, https:\/\/www.flyshop.cl\/TIENDA\/wp-content\/uploads\/2025\/03\/VICEPDP-PRODUCT3-100x100.webp 100w\" sizes=\"auto, (max-width: 300px) 100vw, 300px\" \/><\/p>\n<\/div>\n<\/div>\n","protected":false},"excerpt":{"rendered":"<p>a edici\u00f3n limitada 590 Vice &#8220;Miami&#8221; presenta un dise\u00f1o de gradiente, una primicia en la industria, inspirado en palmeras, playas c\u00e1lidas y bebidas con sombrillas peque\u00f1as. Consigue esta edici\u00f3n especial antes de que se agote y lleva las vibras tropicales&hellip;<\/p>\n","protected":false},"featured_media":20455,"comment_status":"closed","ping_status":"closed","template":"","meta":{"_joinchat":[]},"product_brand":[],"product_cat":[679,784],"product_tag":[],"class_list":{"0":"post-20454","1":"product","2":"type-product","3":"status-publish","4":"has-post-thumbnail","6":"product_cat-canas-fly-fishing","7":"product_cat-redington","8":"entry","9":"has-media","11":"first","12":"outofstock","13":"shipping-taxable","14":"purchasable","15":"product-type-simple","16":"col","17":"wpex-woo-entry","18":"span_1_of_6 span_1_of_3_pp"},"supplier_id":null,"supplier_sku":"","barcode":null,"atum_controlled":true,"out_stock_date":"2026-02-13 15:10:18","out_stock_threshold":null,"inheritable":false,"inbound_stock":null,"stock_on_hold":0,"sold_today":0,"sales_last_days":1,"reserved_stock":null,"customer_returns":null,"warehouse_damage":null,"lost_in_post":null,"other_logs":null,"out_stock_days":0,"lost_sales":0,"has_location":false,"update_date":"2026-02-13T15:10:19","atum_locations":[],"atum_stock_status":"outofstock","restock_status":false,"low_stock_amount":"","sales_update_date":"2025-11-01T15:43:45","calc_backorders":null,"_links":{"self":[{"href":"https:\/\/www.flyshop.cl\/TIENDA\/wp-json\/wp\/v2\/product\/20454","targetHints":{"allow":["GET"]}}],"collection":[{"href":"https:\/\/www.flyshop.cl\/TIENDA\/wp-json\/wp\/v2\/product"}],"about":[{"href":"https:\/\/www.flyshop.cl\/TIENDA\/wp-json\/wp\/v2\/types\/product"}],"replies":[{"embeddable":true,"href":"https:\/\/www.flyshop.cl\/TIENDA\/wp-json\/wp\/v2\/comments?post=20454"}],"wp:featuredmedia":[{"embeddable":true,"href":"https:\/\/www.flyshop.cl\/TIENDA\/wp-json\/wp\/v2\/media\/20455"}],"wp:attachment":[{"href":"https:\/\/www.flyshop.cl\/TIENDA\/wp-json\/wp\/v2\/media?parent=20454"}],"wp:term":[{"taxonomy":"product_brand","embeddable":true,"href":"https:\/\/www.flyshop.cl\/TIENDA\/wp-json\/wp\/v2\/product_brand?post=20454"},{"taxonomy":"product_cat","embeddable":true,"href":"https:\/\/www.flyshop.cl\/TIENDA\/wp-json\/wp\/v2\/product_cat?post=20454"},{"taxonomy":"product_tag","embeddable":true,"href":"https:\/\/www.flyshop.cl\/TIENDA\/wp-json\/wp\/v2\/product_tag?post=20454"}],"curies":[{"name":"wp","href":"https:\/\/api.w.org\/{rel}","templated":true}]}}