{"id":20243,"date":"2025-02-10T20:56:54","date_gmt":"2025-02-10T20:56:54","guid":{"rendered":"https:\/\/www.flyshop.cl\/TIENDA\/?post_type=product&#038;p=20243"},"modified":"2025-11-14T14:17:20","modified_gmt":"2025-11-14T14:17:20","slug":"dr-slick-fly-tyer-gift-set","status":"publish","type":"product","link":"https:\/\/www.flyshop.cl\/TIENDA\/producto\/dr-slick-fly-tyer-gift-set\/","title":{"rendered":"dr slick fly tyer gift set"},"content":{"rendered":"<p>un excelente set de regalos para los que hacen moscas, tanto para los que est\u00e1n comenzando como para los que ya tienen experiencia. Tener herramientas de calidad es fundamental para producir moscas bien hechas y duraderas, y es a\u00fan mejor cuando vienen en una caja bien organizada.<\/p>\n<ol>\n<li><strong>Tijeras multiprop\u00f3sito<\/strong> \u2013 Un par de tijeras de buena calidad y bien afiladas es esencial para cortar materiales con precisi\u00f3n, especialmente cuando se trabaja con plumas finas o hilo.<\/li>\n<li><strong>Bobina de cer\u00e1mica<\/strong> \u2013 La bobina ayuda a controlar la tensi\u00f3n del hilo mientras haces las moscas. Una de cer\u00e1mica es excelente para evitar que el hilo se da\u00f1e y asegurar que se enrolle de manera suave y uniforme.<\/li>\n<li><strong>Bodkin<\/strong> \u2013 El bodkin es una herramienta vers\u00e1til que sirve para separar materiales, arreglar enredos o aplicar una peque\u00f1a cantidad de pegamento para la cabeza. Es muy \u00fatil para trabajos detallados.<\/li>\n<li><strong>Enhebrador de bobina<\/strong> \u2013 Esta herramienta facilita el enhebrado de la bobina, lo cual es r\u00e1pido y f\u00e1cil, especialmente para principiantes o cuando se usa hilo m\u00e1s delgado.<\/li>\n<li><strong>Apilador de pelo mediano<\/strong> \u2013 Se utiliza para alinear las puntas del pelo o pelaje antes de atarlas al anzuelo, asegurando que queden ordenadas y uniformes.<\/li>\n<li><strong>Acabador de nudos<\/strong> \u2013 El acabador de nudos es clave para crear un nudo seguro en la cabeza de la mosca, asegurando que no se deshaga.<\/li>\n<li><strong>Pinza para hackle<\/strong> \u2013 Esta herramienta se usa para sujetar y posicionar las plumas de hackle (como las de las moscas secas) mientras las envuelves alrededor del v\u00e1stago del anzuelo.<\/li>\n<\/ol>\n<p>Este set cubre todos los elementos esenciales y definitivamente har\u00eda que el proceso de atar moscas sea m\u00e1s eficiente y placentero. Ya seas un principiante aprendiendo lo b\u00e1sico o un experto buscando herramientas confiables,<\/p>\n","protected":false},"excerpt":{"rendered":"<p>un excelente set de regalos para los que hacen moscas, tanto para los que est\u00e1n comenzando como para los que ya tienen experiencia. Tener herramientas de calidad es fundamental para producir moscas bien hechas y duraderas, y es a\u00fan mejor&hellip;<\/p>\n","protected":false},"featured_media":20244,"comment_status":"closed","ping_status":"closed","template":"","meta":{"_joinchat":[]},"product_brand":[],"product_cat":[296,176],"product_tag":[],"class_list":{"0":"post-20243","1":"product","2":"type-product","3":"status-publish","4":"has-post-thumbnail","6":"product_cat-accesorios-simms","7":"product_cat-herramientas-de-atado","8":"entry","9":"has-media","11":"first","12":"outofstock","13":"shipping-taxable","14":"purchasable","15":"product-type-simple","16":"col","17":"wpex-woo-entry","18":"span_1_of_6 span_1_of_3_pp"},"supplier_id":null,"supplier_sku":"","barcode":null,"atum_controlled":true,"out_stock_date":"2025-11-14 14:17:20","out_stock_threshold":null,"inheritable":false,"inbound_stock":null,"stock_on_hold":null,"sold_today":null,"sales_last_days":null,"reserved_stock":null,"customer_returns":null,"warehouse_damage":null,"lost_in_post":null,"other_logs":null,"out_stock_days":null,"lost_sales":null,"has_location":false,"update_date":"2025-11-14T14:17:21","atum_locations":[],"atum_stock_status":"outofstock","restock_status":false,"low_stock_amount":"","sales_update_date":null,"calc_backorders":null,"_links":{"self":[{"href":"https:\/\/www.flyshop.cl\/TIENDA\/wp-json\/wp\/v2\/product\/20243","targetHints":{"allow":["GET"]}}],"collection":[{"href":"https:\/\/www.flyshop.cl\/TIENDA\/wp-json\/wp\/v2\/product"}],"about":[{"href":"https:\/\/www.flyshop.cl\/TIENDA\/wp-json\/wp\/v2\/types\/product"}],"replies":[{"embeddable":true,"href":"https:\/\/www.flyshop.cl\/TIENDA\/wp-json\/wp\/v2\/comments?post=20243"}],"wp:featuredmedia":[{"embeddable":true,"href":"https:\/\/www.flyshop.cl\/TIENDA\/wp-json\/wp\/v2\/media\/20244"}],"wp:attachment":[{"href":"https:\/\/www.flyshop.cl\/TIENDA\/wp-json\/wp\/v2\/media?parent=20243"}],"wp:term":[{"taxonomy":"product_brand","embeddable":true,"href":"https:\/\/www.flyshop.cl\/TIENDA\/wp-json\/wp\/v2\/product_brand?post=20243"},{"taxonomy":"product_cat","embeddable":true,"href":"https:\/\/www.flyshop.cl\/TIENDA\/wp-json\/wp\/v2\/product_cat?post=20243"},{"taxonomy":"product_tag","embeddable":true,"href":"https:\/\/www.flyshop.cl\/TIENDA\/wp-json\/wp\/v2\/product_tag?post=20243"}],"curies":[{"name":"wp","href":"https:\/\/api.w.org\/{rel}","templated":true}]}}