{"id":19821,"date":"2024-12-02T21:08:52","date_gmt":"2024-12-02T21:08:52","guid":{"rendered":"https:\/\/www.flyshop.cl\/TIENDA\/?post_type=product&#038;p=19821"},"modified":"2026-03-24T20:42:20","modified_gmt":"2026-03-24T20:42:20","slug":"portacanas-simms-tailwind-rod-cannon-94pc","status":"publish","type":"product","link":"https:\/\/www.flyshop.cl\/TIENDA\/producto\/portacanas-simms-tailwind-rod-cannon-94pc\/","title":{"rendered":"portaca\u00f1as simms  Tailwind Rod Cannon &#8211; 9&#8217;4pc"},"content":{"rendered":"<p>Dise\u00f1ado y perfeccionado para pescadores en movimiento, el <strong>Tailwind Rod Cannon<\/strong> ofrece transporte seguro y un f\u00e1cil despliegue para dos ca\u00f1as de pesca con mosca (de 4 piezas) de hasta 2.7 metros de longitud.<\/p>\n<ul>\n<li><strong>Poli\u00e9ster bal\u00edstico 900D moldeado por compresi\u00f3n<\/strong> para un rendimiento confiable a\u00f1o tras a\u00f1o.<\/li>\n<li>Capacidad para transportar dos ca\u00f1as (de 4 piezas, 2.7 m) junto con carretes.<\/li>\n<li>Correa de hombro desmontable y asa reforzada acolchada para un transporte c\u00f3modo.<\/li>\n<\/ul>\n<p><strong>ESPECIFICACIONES:<\/strong><\/p>\n<ul>\n<li><strong>Tecnolog\u00eda de tela:<\/strong> Poli\u00e9ster bal\u00edstico 900D.<\/li>\n<li><strong>Dimensiones:<\/strong> 87.6 cm (Largo) x 15.2 cm (Ancho) x 14 cm (Alto).<\/li>\n<li><strong>Capacidad:<\/strong> Transporte para dos ca\u00f1as (de 4 piezas, 2.7 m) con carretes.<\/li>\n<li><strong>Peso:<\/strong> 1.77 kg.<\/li>\n<\/ul>\n","protected":false},"excerpt":{"rendered":"<p>Dise\u00f1ado y perfeccionado para pescadores en movimiento, el Tailwind Rod Cannon ofrece transporte seguro y un f\u00e1cil despliegue para dos ca\u00f1as de pesca con mosca (de 4 piezas) de hasta 2.7 metros de longitud. Poli\u00e9ster bal\u00edstico 900D moldeado por compresi\u00f3n&hellip;<\/p>\n","protected":false},"featured_media":19824,"comment_status":"closed","ping_status":"closed","template":"","meta":{"_joinchat":[]},"product_brand":[],"product_cat":[150,205],"product_tag":[],"class_list":{"0":"post-19821","1":"product","2":"type-product","3":"status-publish","4":"has-post-thumbnail","6":"product_cat-bolsos-simms","7":"product_cat-portacanas","8":"entry","9":"has-media","11":"first","12":"outofstock","13":"shipping-taxable","14":"purchasable","15":"product-type-simple","16":"col","17":"wpex-woo-entry","18":"span_1_of_6 span_1_of_3_pp"},"supplier_id":null,"supplier_sku":"","barcode":null,"atum_controlled":true,"out_stock_date":"2026-03-24 20:42:20","out_stock_threshold":null,"inheritable":false,"inbound_stock":null,"stock_on_hold":0,"sold_today":0,"sales_last_days":1,"reserved_stock":null,"customer_returns":null,"warehouse_damage":null,"lost_in_post":null,"other_logs":null,"out_stock_days":0,"lost_sales":0,"has_location":false,"update_date":"2026-03-24T20:42:21","atum_locations":[],"atum_stock_status":"outofstock","restock_status":false,"low_stock_amount":"","sales_update_date":"2025-06-16T15:48:51","calc_backorders":null,"_links":{"self":[{"href":"https:\/\/www.flyshop.cl\/TIENDA\/wp-json\/wp\/v2\/product\/19821","targetHints":{"allow":["GET"]}}],"collection":[{"href":"https:\/\/www.flyshop.cl\/TIENDA\/wp-json\/wp\/v2\/product"}],"about":[{"href":"https:\/\/www.flyshop.cl\/TIENDA\/wp-json\/wp\/v2\/types\/product"}],"replies":[{"embeddable":true,"href":"https:\/\/www.flyshop.cl\/TIENDA\/wp-json\/wp\/v2\/comments?post=19821"}],"wp:featuredmedia":[{"embeddable":true,"href":"https:\/\/www.flyshop.cl\/TIENDA\/wp-json\/wp\/v2\/media\/19824"}],"wp:attachment":[{"href":"https:\/\/www.flyshop.cl\/TIENDA\/wp-json\/wp\/v2\/media?parent=19821"}],"wp:term":[{"taxonomy":"product_brand","embeddable":true,"href":"https:\/\/www.flyshop.cl\/TIENDA\/wp-json\/wp\/v2\/product_brand?post=19821"},{"taxonomy":"product_cat","embeddable":true,"href":"https:\/\/www.flyshop.cl\/TIENDA\/wp-json\/wp\/v2\/product_cat?post=19821"},{"taxonomy":"product_tag","embeddable":true,"href":"https:\/\/www.flyshop.cl\/TIENDA\/wp-json\/wp\/v2\/product_tag?post=19821"}],"curies":[{"name":"wp","href":"https:\/\/api.w.org\/{rel}","templated":true}]}}