{"id":19712,"date":"2024-11-22T15:56:22","date_gmt":"2024-11-22T15:56:22","guid":{"rendered":"https:\/\/www.flyshop.cl\/TIENDA\/?post_type=product&#038;p=19712"},"modified":"2025-09-30T16:08:22","modified_gmt":"2025-09-30T16:08:22","slug":"anteojos-bajio-sigs-brown-tort-gloss-blue-mirror-glass","status":"publish","type":"product","link":"https:\/\/www.flyshop.cl\/TIENDA\/producto\/anteojos-bajio-sigs-brown-tort-gloss-blue-mirror-glass\/","title":{"rendered":"anteojos BAJIO SIGS Brown Tort Gloss \/ BLUE Mirror Glass"},"content":{"rendered":"<p>A solo media milla al norte de Key West, Sigsbee Park se encuentra en una zona famosa por su incre\u00edble pesca en aguas bajas. Desde r\u00f3balos y p\u00e1mpanos hasta s\u00e1balos, persigue a tus especies favoritas con las gafas de sol que llevan el nombre de este ecosistema tan especial.<\/p>\n<p>Los divertidos colores y estilo casual de Sigs ocultan una larga lista de caracter\u00edsticas t\u00e9cnicas ideales para la pesca: lentes anchas polarizadas que ofrecen un campo de visi\u00f3n mejorado y tecnolog\u00eda LAPIS\u2122 (patente pendiente) que bloquea la luz azul, reduce la fatiga ocular y filtra la luz da\u00f1ina. Estas gafas de ajuste mediano, con cobertura total y patillas estrechas, tambi\u00e9n ofrecen protecci\u00f3n solar discreta con nuestro Sun Ledge\u2122, una caracter\u00edstica interna que bloquea los rayos sin ser visible desde el exterior<\/p>\n<p><strong>Caracter\u00edsticas marco<br \/>\n<\/strong><\/p>\n<ul>\n<li><strong>Caracter\u00edsticas<\/strong>\n<ul>\n<li>Patillas estrechas<\/li>\n<li>Almohadillas nasales ergon\u00f3micas de goma<\/li>\n<li>Puntas de patillas ergon\u00f3micas de goma<\/li>\n<li>Bisagras flexibles de doble v\u00eda<\/li>\n<\/ul>\n<\/li>\n<\/ul>\n<p>caracteristicas cristal<\/p>\n<ul>\n<li><strong>Tecnolog\u00eda Lapis\u2122 (pendiente de patente)<\/strong>\n<ul>\n<li>Bloquea el 95% de la luz azul da\u00f1ina<\/li>\n<li>Bloquea el 90% de la luz amarilla intensa<\/li>\n<li>Bloquea el 100% de la luz UV<\/li>\n<\/ul>\n<\/li>\n<\/ul>\n<p>Esta tecnolog\u00eda est\u00e1 dise\u00f1ada para proteger tus ojos de los efectos nocivos de diferentes tipos de luz, proporcionando una visi\u00f3n m\u00e1s clara y c\u00f3moda en diversas condiciones.<\/p>\n<p><img loading=\"lazy\" decoding=\"async\" class=\"alignnone size-medium wp-image-19713\" src=\"https:\/\/www.flyshop.cl\/TIENDA\/wp-content\/uploads\/2024\/11\/Bajio-Sunglasses-Sigs-Brown-Tort-Gloss-Blue-Mirror-1-300x214.webp\" alt=\"\" width=\"300\" height=\"214\" srcset=\"https:\/\/www.flyshop.cl\/TIENDA\/wp-content\/uploads\/2024\/11\/Bajio-Sunglasses-Sigs-Brown-Tort-Gloss-Blue-Mirror-1-300x214.webp 300w, https:\/\/www.flyshop.cl\/TIENDA\/wp-content\/uploads\/2024\/11\/Bajio-Sunglasses-Sigs-Brown-Tort-Gloss-Blue-Mirror-1-768x549.webp 768w, https:\/\/www.flyshop.cl\/TIENDA\/wp-content\/uploads\/2024\/11\/Bajio-Sunglasses-Sigs-Brown-Tort-Gloss-Blue-Mirror-1-600x429.webp 600w, https:\/\/www.flyshop.cl\/TIENDA\/wp-content\/uploads\/2024\/11\/Bajio-Sunglasses-Sigs-Brown-Tort-Gloss-Blue-Mirror-1.webp 900w\" sizes=\"auto, (max-width: 300px) 100vw, 300px\" \/><img loading=\"lazy\" decoding=\"async\" class=\"alignnone size-medium wp-image-19716\" src=\"https:\/\/www.flyshop.cl\/TIENDA\/wp-content\/uploads\/2024\/11\/Sigs-Lifestyle-Image-1_3_460x-300x300.webp\" alt=\"\" width=\"300\" height=\"300\" srcset=\"https:\/\/www.flyshop.cl\/TIENDA\/wp-content\/uploads\/2024\/11\/Sigs-Lifestyle-Image-1_3_460x-300x300.webp 300w, https:\/\/www.flyshop.cl\/TIENDA\/wp-content\/uploads\/2024\/11\/Sigs-Lifestyle-Image-1_3_460x-150x150.webp 150w, https:\/\/www.flyshop.cl\/TIENDA\/wp-content\/uploads\/2024\/11\/Sigs-Lifestyle-Image-1_3_460x-100x100.webp 100w, https:\/\/www.flyshop.cl\/TIENDA\/wp-content\/uploads\/2024\/11\/Sigs-Lifestyle-Image-1_3_460x.webp 460w\" sizes=\"auto, (max-width: 300px) 100vw, 300px\" \/><img loading=\"lazy\" decoding=\"async\" class=\"alignnone size-medium wp-image-19717\" src=\"https:\/\/www.flyshop.cl\/TIENDA\/wp-content\/uploads\/2024\/11\/Sigs-Lifestyle-Image-1_460x-300x300.webp\" alt=\"\" width=\"300\" height=\"300\" srcset=\"https:\/\/www.flyshop.cl\/TIENDA\/wp-content\/uploads\/2024\/11\/Sigs-Lifestyle-Image-1_460x-300x300.webp 300w, https:\/\/www.flyshop.cl\/TIENDA\/wp-content\/uploads\/2024\/11\/Sigs-Lifestyle-Image-1_460x-150x150.webp 150w, https:\/\/www.flyshop.cl\/TIENDA\/wp-content\/uploads\/2024\/11\/Sigs-Lifestyle-Image-1_460x-100x100.webp 100w, https:\/\/www.flyshop.cl\/TIENDA\/wp-content\/uploads\/2024\/11\/Sigs-Lifestyle-Image-1_460x.webp 460w\" sizes=\"auto, (max-width: 300px) 100vw, 300px\" \/><img loading=\"lazy\" decoding=\"async\" class=\"alignnone size-medium wp-image-19718\" src=\"https:\/\/www.flyshop.cl\/TIENDA\/wp-content\/uploads\/2024\/11\/Sigs-Lifestyle-Image-4_460x-300x300.webp\" alt=\"\" width=\"300\" height=\"300\" srcset=\"https:\/\/www.flyshop.cl\/TIENDA\/wp-content\/uploads\/2024\/11\/Sigs-Lifestyle-Image-4_460x-300x300.webp 300w, https:\/\/www.flyshop.cl\/TIENDA\/wp-content\/uploads\/2024\/11\/Sigs-Lifestyle-Image-4_460x-150x150.webp 150w, https:\/\/www.flyshop.cl\/TIENDA\/wp-content\/uploads\/2024\/11\/Sigs-Lifestyle-Image-4_460x-100x100.webp 100w, https:\/\/www.flyshop.cl\/TIENDA\/wp-content\/uploads\/2024\/11\/Sigs-Lifestyle-Image-4_460x.webp 460w\" sizes=\"auto, (max-width: 300px) 100vw, 300px\" \/><\/p>\n","protected":false},"excerpt":{"rendered":"<p>A solo media milla al norte de Key West, Sigsbee Park se encuentra en una zona famosa por su incre\u00edble pesca en aguas bajas. Desde r\u00f3balos y p\u00e1mpanos hasta s\u00e1balos, persigue a tus especies favoritas con las gafas de sol&hellip;<\/p>\n","protected":false},"featured_media":19714,"comment_status":"closed","ping_status":"closed","template":"","meta":{"_joinchat":[]},"product_brand":[],"product_cat":[520,786],"product_tag":[],"class_list":{"0":"post-19712","1":"product","2":"type-product","3":"status-publish","4":"has-post-thumbnail","6":"product_cat-anteojos-polarizados","7":"product_cat-bajio","8":"entry","9":"has-media","11":"first","12":"instock","13":"shipping-taxable","14":"purchasable","15":"product-type-simple","16":"col","17":"wpex-woo-entry","18":"span_1_of_6 span_1_of_3_pp"},"supplier_id":null,"supplier_sku":"","barcode":null,"atum_controlled":true,"out_stock_date":null,"out_stock_threshold":null,"inheritable":false,"inbound_stock":null,"stock_on_hold":null,"sold_today":null,"sales_last_days":null,"reserved_stock":null,"customer_returns":null,"warehouse_damage":null,"lost_in_post":null,"other_logs":null,"out_stock_days":null,"lost_sales":null,"has_location":false,"update_date":"2025-09-30T16:08:25","atum_locations":[],"atum_stock_status":"instock","restock_status":false,"low_stock_amount":"","sales_update_date":null,"calc_backorders":null,"_links":{"self":[{"href":"https:\/\/www.flyshop.cl\/TIENDA\/wp-json\/wp\/v2\/product\/19712","targetHints":{"allow":["GET"]}}],"collection":[{"href":"https:\/\/www.flyshop.cl\/TIENDA\/wp-json\/wp\/v2\/product"}],"about":[{"href":"https:\/\/www.flyshop.cl\/TIENDA\/wp-json\/wp\/v2\/types\/product"}],"replies":[{"embeddable":true,"href":"https:\/\/www.flyshop.cl\/TIENDA\/wp-json\/wp\/v2\/comments?post=19712"}],"wp:featuredmedia":[{"embeddable":true,"href":"https:\/\/www.flyshop.cl\/TIENDA\/wp-json\/wp\/v2\/media\/19714"}],"wp:attachment":[{"href":"https:\/\/www.flyshop.cl\/TIENDA\/wp-json\/wp\/v2\/media?parent=19712"}],"wp:term":[{"taxonomy":"product_brand","embeddable":true,"href":"https:\/\/www.flyshop.cl\/TIENDA\/wp-json\/wp\/v2\/product_brand?post=19712"},{"taxonomy":"product_cat","embeddable":true,"href":"https:\/\/www.flyshop.cl\/TIENDA\/wp-json\/wp\/v2\/product_cat?post=19712"},{"taxonomy":"product_tag","embeddable":true,"href":"https:\/\/www.flyshop.cl\/TIENDA\/wp-json\/wp\/v2\/product_tag?post=19712"}],"curies":[{"name":"wp","href":"https:\/\/api.w.org\/{rel}","templated":true}]}}