{"id":19702,"date":"2024-11-22T15:49:37","date_gmt":"2024-11-22T15:49:37","guid":{"rendered":"https:\/\/www.flyshop.cl\/TIENDA\/?post_type=product&#038;p=19702"},"modified":"2025-09-30T16:08:23","modified_gmt":"2025-09-30T16:08:23","slug":"anteojos-bajio-piedra-browntort-matte-blue-mirror-glass","status":"publish","type":"product","link":"https:\/\/www.flyshop.cl\/TIENDA\/producto\/anteojos-bajio-piedra-browntort-matte-blue-mirror-glass\/","title":{"rendered":"anteojos BAJIO PIEDRA BrownTort Matte \/ Blue Mirror Glass"},"content":{"rendered":"<p>Llamado as\u00ed por un banco de arena memorable que encontramos en nuestra expedici\u00f3n por la pen\u00ednsula de Yucat\u00e1n cerca de Campeche, Piedra evoca im\u00e1genes de manglares rojos y negros, lanzando hacia grandes s\u00e1balos en la marea entrante y acerc\u00e1ndonos sigilosamente a r\u00f3balos en la marea baja. Dise\u00f1ado con una montura de nylon biol\u00f3gico ligera pero duradera y con cobertura completa de base 8, Piedra ofrece rendimiento durante todo el d\u00eda sin pesarte.<\/p>\n<p>Las patillas anchas de Piedra bloquean la luz lateral y brindan protecci\u00f3n solar, permiti\u00e9ndote concentrarte en los peces frente a ti. Las almohadillas nasales y puntas de patillas de goma antideslizante mantienen las gafas en su lugar, incluso en momentos de alta tensi\u00f3n. Las lentes polarizadas y que mejoran los colores, con la tecnolog\u00eda LAPIS bloqueadora de luz azul (patente pendiente), aportan claridad, color y profundidad a toda la experiencia como nunca antes.<\/p>\n<p><strong>Caracter\u00edsticas marco<br \/>\n<\/strong><\/p>\n<ul>\n<li>Orificios para cordones<\/li>\n<li>Patillas anchas para bloquear el sol<\/li>\n<li>Almohadillas nasales ergon\u00f3micas de goma<\/li>\n<li>Puntas de patillas ergon\u00f3micas de goma<\/li>\n<li>Bisagras flexibles de doble v\u00eda<\/li>\n<\/ul>\n<p>caracteristicas cristal<\/p>\n<ul>\n<li><strong>Tecnolog\u00eda Lapis\u2122 (pendiente de patente)<\/strong>\n<ul>\n<li>Bloquea el 95% de la luz azul da\u00f1ina<\/li>\n<li>Bloquea el 90% de la luz amarilla intensa<\/li>\n<li>Bloquea el 100% de la luz UV<\/li>\n<\/ul>\n<\/li>\n<\/ul>\n<p>Esta tecnolog\u00eda est\u00e1 dise\u00f1ada para proteger tus ojos de los efectos nocivos de diferentes tipos de luz, proporcionando una visi\u00f3n m\u00e1s clara y c\u00f3moda en diversas condiciones.<\/p>\n<p><img loading=\"lazy\" decoding=\"async\" class=\"alignnone size-medium wp-image-19707\" src=\"https:\/\/www.flyshop.cl\/TIENDA\/wp-content\/uploads\/2024\/11\/bajio-sunglasses-piedra-darktortmatte-bluemirror-lens-2-300x214.webp\" alt=\"\" width=\"300\" height=\"214\" srcset=\"https:\/\/www.flyshop.cl\/TIENDA\/wp-content\/uploads\/2024\/11\/bajio-sunglasses-piedra-darktortmatte-bluemirror-lens-2-300x214.webp 300w, https:\/\/www.flyshop.cl\/TIENDA\/wp-content\/uploads\/2024\/11\/bajio-sunglasses-piedra-darktortmatte-bluemirror-lens-2-768x549.webp 768w, https:\/\/www.flyshop.cl\/TIENDA\/wp-content\/uploads\/2024\/11\/bajio-sunglasses-piedra-darktortmatte-bluemirror-lens-2-600x429.webp 600w, https:\/\/www.flyshop.cl\/TIENDA\/wp-content\/uploads\/2024\/11\/bajio-sunglasses-piedra-darktortmatte-bluemirror-lens-2.webp 900w\" sizes=\"auto, (max-width: 300px) 100vw, 300px\" \/><img loading=\"lazy\" decoding=\"async\" class=\"alignnone size-medium wp-image-19705\" src=\"https:\/\/www.flyshop.cl\/TIENDA\/wp-content\/uploads\/2024\/11\/Piedra-Lifestyle-Image-2_460x-300x300.webp\" alt=\"\" width=\"300\" height=\"300\" srcset=\"https:\/\/www.flyshop.cl\/TIENDA\/wp-content\/uploads\/2024\/11\/Piedra-Lifestyle-Image-2_460x-300x300.webp 300w, https:\/\/www.flyshop.cl\/TIENDA\/wp-content\/uploads\/2024\/11\/Piedra-Lifestyle-Image-2_460x-150x150.webp 150w, https:\/\/www.flyshop.cl\/TIENDA\/wp-content\/uploads\/2024\/11\/Piedra-Lifestyle-Image-2_460x-100x100.webp 100w, https:\/\/www.flyshop.cl\/TIENDA\/wp-content\/uploads\/2024\/11\/Piedra-Lifestyle-Image-2_460x.webp 460w\" sizes=\"auto, (max-width: 300px) 100vw, 300px\" \/><\/p>\n","protected":false},"excerpt":{"rendered":"<p>Llamado as\u00ed por un banco de arena memorable que encontramos en nuestra expedici\u00f3n por la pen\u00ednsula de Yucat\u00e1n cerca de Campeche, Piedra evoca im\u00e1genes de manglares rojos y negros, lanzando hacia grandes s\u00e1balos en la marea entrante y acerc\u00e1ndonos sigilosamente&hellip;<\/p>\n","protected":false},"featured_media":19708,"comment_status":"closed","ping_status":"closed","template":"","meta":{"_joinchat":[]},"product_brand":[],"product_cat":[520,786],"product_tag":[],"class_list":{"0":"post-19702","1":"product","2":"type-product","3":"status-publish","4":"has-post-thumbnail","6":"product_cat-anteojos-polarizados","7":"product_cat-bajio","8":"entry","9":"has-media","11":"first","12":"instock","13":"shipping-taxable","14":"purchasable","15":"product-type-simple","16":"col","17":"wpex-woo-entry","18":"span_1_of_6 span_1_of_3_pp"},"supplier_id":null,"supplier_sku":"","barcode":null,"atum_controlled":true,"out_stock_date":null,"out_stock_threshold":null,"inheritable":false,"inbound_stock":null,"stock_on_hold":null,"sold_today":null,"sales_last_days":null,"reserved_stock":null,"customer_returns":null,"warehouse_damage":null,"lost_in_post":null,"other_logs":null,"out_stock_days":null,"lost_sales":null,"has_location":false,"update_date":"2025-09-30T16:08:25","atum_locations":[],"atum_stock_status":"instock","restock_status":false,"low_stock_amount":"","sales_update_date":null,"calc_backorders":null,"_links":{"self":[{"href":"https:\/\/www.flyshop.cl\/TIENDA\/wp-json\/wp\/v2\/product\/19702","targetHints":{"allow":["GET"]}}],"collection":[{"href":"https:\/\/www.flyshop.cl\/TIENDA\/wp-json\/wp\/v2\/product"}],"about":[{"href":"https:\/\/www.flyshop.cl\/TIENDA\/wp-json\/wp\/v2\/types\/product"}],"replies":[{"embeddable":true,"href":"https:\/\/www.flyshop.cl\/TIENDA\/wp-json\/wp\/v2\/comments?post=19702"}],"wp:featuredmedia":[{"embeddable":true,"href":"https:\/\/www.flyshop.cl\/TIENDA\/wp-json\/wp\/v2\/media\/19708"}],"wp:attachment":[{"href":"https:\/\/www.flyshop.cl\/TIENDA\/wp-json\/wp\/v2\/media?parent=19702"}],"wp:term":[{"taxonomy":"product_brand","embeddable":true,"href":"https:\/\/www.flyshop.cl\/TIENDA\/wp-json\/wp\/v2\/product_brand?post=19702"},{"taxonomy":"product_cat","embeddable":true,"href":"https:\/\/www.flyshop.cl\/TIENDA\/wp-json\/wp\/v2\/product_cat?post=19702"},{"taxonomy":"product_tag","embeddable":true,"href":"https:\/\/www.flyshop.cl\/TIENDA\/wp-json\/wp\/v2\/product_tag?post=19702"}],"curies":[{"name":"wp","href":"https:\/\/api.w.org\/{rel}","templated":true}]}}