{"id":19594,"date":"2024-11-13T21:05:25","date_gmt":"2024-11-13T21:05:25","guid":{"rendered":"https:\/\/www.flyshop.cl\/TIENDA\/?post_type=product&#038;p=19594"},"modified":"2025-01-10T17:22:45","modified_gmt":"2025-01-10T17:22:45","slug":"vaso-termico-yeti-rambler-295-ml-wine-tumbler-ms-navy","status":"publish","type":"product","link":"https:\/\/www.flyshop.cl\/TIENDA\/producto\/vaso-termico-yeti-rambler-295-ml-wine-tumbler-ms-navy\/","title":{"rendered":"Vaso termico Yeti RAMBLER 295 ML WINE TUMBLER MS NAVY"},"content":{"rendered":"<div class=\"row row__description\">\n<div class=\"col-12\">\n<div class=\"js-short-description short-description \">\n<ul>\n<li>\n<div class=\"row row__description\">\n<div class=\"col-12\">\n<div class=\"js-short-description short-description \">\n<p>Protege el vino del calor de las manos y es ideal para usar donde el vidrio no es recomendable.<\/p>\n<ul>\n<li>Antisalpicaduras<\/li>\n<li>Apto para lavavajillas<\/li>\n<li>capacidad de 10 oz \/295 ML<\/li>\n<\/ul>\n<\/div>\n<\/div>\n<\/div>\n<p>La mayor\u00eda de las cosas son mejores al aire libre, especialmente el vino. Pero se necesita seria ingenier\u00eda para garantizar que ning\u00fan \u00e1rea alrededor de la piscina o bote se viera afectada por vidrios rotos Nuestro vaso de vino es la soluci\u00f3n de YETI para las copa de vidrio, y est\u00e1 disponible en acero inoxidable y colores DuraCoatTM<br \/>\nAl igual que toda la familia Rambler@, el vaso de vino y la tapa MagSliderTM incluida son aptos para lavavajillas. La tapa de deslizamiento agrega una barrera adicional de protecci\u00f3n para mantener el vino a la temperatura perfecta y a salvo de sedientas moscas.<\/li>\n<\/ul>\n<\/div>\n<\/div>\n<\/div>\n<p><img loading=\"lazy\" decoding=\"async\" class=\"alignnone wp-image-19597\" src=\"https:\/\/www.flyshop.cl\/TIENDA\/wp-content\/uploads\/2024\/11\/Screenshot-2024-11-13-at-18-08-30-W-230030_All_Day_Drinkware_Phase_02_PDP_Info_WineTumbler_2400x2400.png-Imagen-AVIF-846-\u00d7-846-pixeles-Escalado-75--300x300.png\" alt=\"\" width=\"358\" height=\"358\" srcset=\"https:\/\/www.flyshop.cl\/TIENDA\/wp-content\/uploads\/2024\/11\/Screenshot-2024-11-13-at-18-08-30-W-230030_All_Day_Drinkware_Phase_02_PDP_Info_WineTumbler_2400x2400.png-Imagen-AVIF-846-\u00d7-846-pixeles-Escalado-75--300x300.png 300w, https:\/\/www.flyshop.cl\/TIENDA\/wp-content\/uploads\/2024\/11\/Screenshot-2024-11-13-at-18-08-30-W-230030_All_Day_Drinkware_Phase_02_PDP_Info_WineTumbler_2400x2400.png-Imagen-AVIF-846-\u00d7-846-pixeles-Escalado-75--150x150.png 150w, https:\/\/www.flyshop.cl\/TIENDA\/wp-content\/uploads\/2024\/11\/Screenshot-2024-11-13-at-18-08-30-W-230030_All_Day_Drinkware_Phase_02_PDP_Info_WineTumbler_2400x2400.png-Imagen-AVIF-846-\u00d7-846-pixeles-Escalado-75--600x600.png 600w, https:\/\/www.flyshop.cl\/TIENDA\/wp-content\/uploads\/2024\/11\/Screenshot-2024-11-13-at-18-08-30-W-230030_All_Day_Drinkware_Phase_02_PDP_Info_WineTumbler_2400x2400.png-Imagen-AVIF-846-\u00d7-846-pixeles-Escalado-75--100x100.png 100w, https:\/\/www.flyshop.cl\/TIENDA\/wp-content\/uploads\/2024\/11\/Screenshot-2024-11-13-at-18-08-30-W-230030_All_Day_Drinkware_Phase_02_PDP_Info_WineTumbler_2400x2400.png-Imagen-AVIF-846-\u00d7-846-pixeles-Escalado-75-.png 635w\" sizes=\"auto, (max-width: 358px) 100vw, 358px\" \/><\/p>\n","protected":false},"excerpt":{"rendered":"<p>Protege el vino del calor de las manos y es ideal para usar donde el vidrio no es recomendable. Antisalpicaduras Apto para lavavajillas capacidad de 10 oz \/295 ML La mayor\u00eda de las cosas son mejores al aire libre, especialmente&hellip;<\/p>\n","protected":false},"featured_media":19595,"comment_status":"closed","ping_status":"closed","template":"","meta":{"_joinchat":[]},"product_brand":[],"product_cat":[788],"product_tag":[],"class_list":{"0":"post-19594","1":"product","2":"type-product","3":"status-publish","4":"has-post-thumbnail","6":"product_cat-yeti","7":"entry","8":"has-media","10":"first","11":"outofstock","12":"shipping-taxable","13":"purchasable","14":"product-type-simple","15":"col","16":"wpex-woo-entry","17":"span_1_of_6 span_1_of_3_pp"},"supplier_id":null,"supplier_sku":"","barcode":null,"atum_controlled":true,"out_stock_date":"2025-01-10 17:22:45","out_stock_threshold":null,"inheritable":false,"inbound_stock":null,"stock_on_hold":0,"sold_today":0,"sales_last_days":1,"reserved_stock":null,"customer_returns":null,"warehouse_damage":null,"lost_in_post":null,"other_logs":null,"out_stock_days":7,"lost_sales":44990,"has_location":false,"update_date":"2025-01-18T15:52:10","atum_locations":[],"atum_stock_status":"outofstock","restock_status":false,"low_stock_amount":"","sales_update_date":"2025-01-18T15:52:10","calc_backorders":null,"_links":{"self":[{"href":"https:\/\/www.flyshop.cl\/TIENDA\/wp-json\/wp\/v2\/product\/19594","targetHints":{"allow":["GET"]}}],"collection":[{"href":"https:\/\/www.flyshop.cl\/TIENDA\/wp-json\/wp\/v2\/product"}],"about":[{"href":"https:\/\/www.flyshop.cl\/TIENDA\/wp-json\/wp\/v2\/types\/product"}],"replies":[{"embeddable":true,"href":"https:\/\/www.flyshop.cl\/TIENDA\/wp-json\/wp\/v2\/comments?post=19594"}],"wp:featuredmedia":[{"embeddable":true,"href":"https:\/\/www.flyshop.cl\/TIENDA\/wp-json\/wp\/v2\/media\/19595"}],"wp:attachment":[{"href":"https:\/\/www.flyshop.cl\/TIENDA\/wp-json\/wp\/v2\/media?parent=19594"}],"wp:term":[{"taxonomy":"product_brand","embeddable":true,"href":"https:\/\/www.flyshop.cl\/TIENDA\/wp-json\/wp\/v2\/product_brand?post=19594"},{"taxonomy":"product_cat","embeddable":true,"href":"https:\/\/www.flyshop.cl\/TIENDA\/wp-json\/wp\/v2\/product_cat?post=19594"},{"taxonomy":"product_tag","embeddable":true,"href":"https:\/\/www.flyshop.cl\/TIENDA\/wp-json\/wp\/v2\/product_tag?post=19594"}],"curies":[{"name":"wp","href":"https:\/\/api.w.org\/{rel}","templated":true}]}}