{"id":19590,"date":"2024-11-13T21:02:23","date_gmt":"2024-11-13T21:02:23","guid":{"rendered":"https:\/\/www.flyshop.cl\/TIENDA\/?post_type=product&#038;p=19590"},"modified":"2025-01-06T15:15:25","modified_gmt":"2025-01-06T15:15:25","slug":"vaso-termico-yeti-rambler-591-ml-ms-big-wave-blue","status":"publish","type":"product","link":"https:\/\/www.flyshop.cl\/TIENDA\/producto\/vaso-termico-yeti-rambler-591-ml-ms-big-wave-blue\/","title":{"rendered":"Vaso termico Yeti RAMBLER 591 ML MS BIG WAVE BLUE"},"content":{"rendered":"<div class=\"row row__description\">\n<div class=\"col-12\">\n<div class=\"js-short-description short-description \">\n<p>La opci\u00f3n predilecta para llevar el caf\u00e9 o t\u00e9 al salir de casa.<\/p>\n<ul>\n<li>Compatible con\u00a0portavasos<\/li>\n<li>Antisalpicaduras<\/li>\n<li>Apto para lavavajillas<\/li>\n<li>Con aislamiento al vac\u00edo de doble pared<\/li>\n<li>capacidad de 20 oz \/591 ML<\/li>\n<\/ul>\n<\/div>\n<\/div>\n<\/div>\n<p>Cualquier vaso que llevemos al viaje debe ser lo suficientemente resistente como para aguantar el ritmo. Nuestro vaso RamblerR de 20 oz est\u00e1 hecho de acero inoxidable con aislamiento al vac\u00edo de doble pared para proteger la temperatura de tu bebida a toda costa. Al igual que toda la familia Rambler@, el vaso de 20 oz y la tapa MagSliderTM son aptos para lavavajillas. El im\u00e1n de la tapa MagSlider TM incluida agrega una barrera adicional de protecci\u00f3n para tu.bebida y evita<br \/>\nque el calor o el frio se escapen Este im\u00e1n deslizante no es herm\u00e9tico y no evitar\u00e1 derrames.<\/p>\n<p>&nbsp;<\/p>\n<p>&nbsp;<\/p>\n","protected":false},"excerpt":{"rendered":"<p>La opci\u00f3n predilecta para llevar el caf\u00e9 o t\u00e9 al salir de casa. Compatible con\u00a0portavasos Antisalpicaduras Apto para lavavajillas Con aislamiento al vac\u00edo de doble pared capacidad de 20 oz \/591 ML Cualquier vaso que llevemos al viaje debe ser&hellip;<\/p>\n","protected":false},"featured_media":19591,"comment_status":"closed","ping_status":"closed","template":"","meta":{"_joinchat":[]},"product_brand":[],"product_cat":[788],"product_tag":[],"class_list":{"0":"post-19590","1":"product","2":"type-product","3":"status-publish","4":"has-post-thumbnail","6":"product_cat-yeti","7":"entry","8":"has-media","10":"first","11":"outofstock","12":"shipping-taxable","13":"purchasable","14":"product-type-simple","15":"col","16":"wpex-woo-entry","17":"span_1_of_6 span_1_of_3_pp"},"supplier_id":null,"supplier_sku":"","barcode":null,"atum_controlled":true,"out_stock_date":"2025-01-06 15:15:25","out_stock_threshold":null,"inheritable":false,"inbound_stock":null,"stock_on_hold":0,"sold_today":0,"sales_last_days":1,"reserved_stock":null,"customer_returns":null,"warehouse_damage":null,"lost_in_post":null,"other_logs":null,"out_stock_days":0,"lost_sales":0,"has_location":false,"update_date":"2025-01-06T15:15:27","atum_locations":[],"atum_stock_status":"outofstock","restock_status":false,"low_stock_amount":"","sales_update_date":"2024-12-23T18:00:02","calc_backorders":null,"_links":{"self":[{"href":"https:\/\/www.flyshop.cl\/TIENDA\/wp-json\/wp\/v2\/product\/19590","targetHints":{"allow":["GET"]}}],"collection":[{"href":"https:\/\/www.flyshop.cl\/TIENDA\/wp-json\/wp\/v2\/product"}],"about":[{"href":"https:\/\/www.flyshop.cl\/TIENDA\/wp-json\/wp\/v2\/types\/product"}],"replies":[{"embeddable":true,"href":"https:\/\/www.flyshop.cl\/TIENDA\/wp-json\/wp\/v2\/comments?post=19590"}],"wp:featuredmedia":[{"embeddable":true,"href":"https:\/\/www.flyshop.cl\/TIENDA\/wp-json\/wp\/v2\/media\/19591"}],"wp:attachment":[{"href":"https:\/\/www.flyshop.cl\/TIENDA\/wp-json\/wp\/v2\/media?parent=19590"}],"wp:term":[{"taxonomy":"product_brand","embeddable":true,"href":"https:\/\/www.flyshop.cl\/TIENDA\/wp-json\/wp\/v2\/product_brand?post=19590"},{"taxonomy":"product_cat","embeddable":true,"href":"https:\/\/www.flyshop.cl\/TIENDA\/wp-json\/wp\/v2\/product_cat?post=19590"},{"taxonomy":"product_tag","embeddable":true,"href":"https:\/\/www.flyshop.cl\/TIENDA\/wp-json\/wp\/v2\/product_tag?post=19590"}],"curies":[{"name":"wp","href":"https:\/\/api.w.org\/{rel}","templated":true}]}}