{"id":19263,"date":"2024-09-02T21:10:39","date_gmt":"2024-09-02T21:10:39","guid":{"rendered":"https:\/\/www.flyshop.cl\/TIENDA\/?post_type=product&#038;p=19263"},"modified":"2025-12-18T14:48:52","modified_gmt":"2025-12-18T14:48:52","slug":"simms-highline-henley-smokey-olive","status":"publish","type":"product","link":"https:\/\/www.flyshop.cl\/TIENDA\/producto\/simms-highline-henley-smokey-olive\/","title":{"rendered":"Simms HIGHLINE HENLEY SMOKEY OLIVE"},"content":{"rendered":"<p>Ya sea combin\u00e1ndola con tu franela favorita o us\u00e1ndola sola, la M&#8217;s Highline Henley de punto waffle es tu acompa\u00f1ante diario para una comodidad instant\u00e1nea y calidez junto a la piel que desaf\u00eda el fr\u00edo.<\/p>\n<ul>\n<li>Tejido de punto waffle con una cara exterior texturizada y un interior liso que absorbe la humedad y se estira con cada lanzamiento.<\/li>\n<li>Silueta cl\u00e1sica de henley con apertura frontal de botones a presi\u00f3n.<\/li>\n<li>Bolsillo en el pecho con cierre de bot\u00f3n a presi\u00f3n.<\/li>\n<\/ul>\n<p><strong>TECNOLOG\u00cdA DE LA TELA:<\/strong><\/p>\n<ul>\n<li>Cuerpo: 36% Naia\u2122, 61% poli\u00e9ster reciclado, 3% spandex, 350 g\/m\u00b2.<\/li>\n<\/ul>\n","protected":false},"excerpt":{"rendered":"<p>Ya sea combin\u00e1ndola con tu franela favorita o us\u00e1ndola sola, la M&#8217;s Highline Henley de punto waffle es tu acompa\u00f1ante diario para una comodidad instant\u00e1nea y calidez junto a la piel que desaf\u00eda el fr\u00edo. Tejido de punto waffle con&hellip;<\/p>\n","protected":false},"featured_media":19268,"comment_status":"closed","ping_status":"closed","template":"","meta":{"_joinchat":[]},"product_brand":[],"product_cat":[447,309],"product_tag":[],"class_list":{"0":"post-19263","1":"product","2":"type-product","3":"status-publish","4":"has-post-thumbnail","6":"product_cat-parkas-y-polerones","7":"product_cat-simms","8":"entry","9":"has-media","11":"first","12":"outofstock","13":"shipping-taxable","14":"product-type-variable","15":"col","16":"wpex-woo-entry","17":"span_1_of_6 span_1_of_3_pp"},"supplier_id":null,"supplier_sku":"","barcode":null,"atum_controlled":true,"out_stock_date":null,"out_stock_threshold":null,"inheritable":true,"inbound_stock":null,"stock_on_hold":0,"sold_today":0,"sales_last_days":1,"reserved_stock":null,"customer_returns":null,"warehouse_damage":null,"lost_in_post":null,"other_logs":null,"out_stock_days":null,"lost_sales":0,"has_location":false,"update_date":"2025-12-29T15:42:53","atum_locations":[],"atum_stock_status":"instock","restock_status":false,"low_stock_amount":"","sales_update_date":null,"calc_backorders":null,"_links":{"self":[{"href":"https:\/\/www.flyshop.cl\/TIENDA\/wp-json\/wp\/v2\/product\/19263","targetHints":{"allow":["GET"]}}],"collection":[{"href":"https:\/\/www.flyshop.cl\/TIENDA\/wp-json\/wp\/v2\/product"}],"about":[{"href":"https:\/\/www.flyshop.cl\/TIENDA\/wp-json\/wp\/v2\/types\/product"}],"replies":[{"embeddable":true,"href":"https:\/\/www.flyshop.cl\/TIENDA\/wp-json\/wp\/v2\/comments?post=19263"}],"wp:featuredmedia":[{"embeddable":true,"href":"https:\/\/www.flyshop.cl\/TIENDA\/wp-json\/wp\/v2\/media\/19268"}],"wp:attachment":[{"href":"https:\/\/www.flyshop.cl\/TIENDA\/wp-json\/wp\/v2\/media?parent=19263"}],"wp:term":[{"taxonomy":"product_brand","embeddable":true,"href":"https:\/\/www.flyshop.cl\/TIENDA\/wp-json\/wp\/v2\/product_brand?post=19263"},{"taxonomy":"product_cat","embeddable":true,"href":"https:\/\/www.flyshop.cl\/TIENDA\/wp-json\/wp\/v2\/product_cat?post=19263"},{"taxonomy":"product_tag","embeddable":true,"href":"https:\/\/www.flyshop.cl\/TIENDA\/wp-json\/wp\/v2\/product_tag?post=19263"}],"curies":[{"name":"wp","href":"https:\/\/api.w.org\/{rel}","templated":true}]}}