{"id":19215,"date":"2024-09-02T16:41:48","date_gmt":"2024-09-02T16:41:48","guid":{"rendered":"https:\/\/www.flyshop.cl\/TIENDA\/?post_type=product&#038;p=19215"},"modified":"2025-10-13T16:27:37","modified_gmt":"2025-10-13T16:27:37","slug":"camisa-simms-challenger-steel-blue","status":"publish","type":"product","link":"https:\/\/www.flyshop.cl\/TIENDA\/producto\/camisa-simms-challenger-steel-blue\/","title":{"rendered":"Camisa simms challenger steel blue"},"content":{"rendered":"<p>Una cl\u00e1sica camisa de pesca que se combina con un dise\u00f1o moderno e inteligente, la Challenger de manga larga re\u00fane materiales de secado r\u00e1pido y amplio almacenamiento en bolsillos para ofrecer ajuste y funcionalidad tanto dentro como fuera del agua.<\/p>\n<ul>\n<li>Confeccionada con un tejido ligero de poli\u00e9ster jaspeado que se estira contigo, se seca r\u00e1pidamente y es ideal para viajes.<\/li>\n<li>Cuello cl\u00e1sico de punta para un look limpio y una sensaci\u00f3n casual, con trabilla central en la espalda y cierre frontal de botones. Acabada con dobladillo redondeado, refuerzo en la costura lateral de la misma tela y gamuza conveniente para limpiar lentes de sol.<\/li>\n<li>Bolsillos en el pecho con cierre de botones. El bolsillo izquierdo incluye un bolsillo oculto adicional con cierre y un compartimento para gafas\/bol\u00edgrafo con refuerzos de bartack.<\/li>\n<li>Canes\u00fa trasero que se extiende sobre los hombros para mayor elasticidad y movilidad, terminado con una atractiva ventilaci\u00f3n en la parte trasera para mayor comodidad en climas c\u00e1lidos y h\u00famedos.<\/li>\n<li>Mangas con pu\u00f1os abotonados y cierre de pliegue.<\/li>\n<\/ul>\n<p><strong>TECNOLOG\u00cdA DE LA TELA:<\/strong><\/p>\n<ul>\n<li>Cuerpo: 100% poli\u00e9ster, 115 g\/m\u00b2 de tejido liso jaspeado.<\/li>\n<\/ul>\n<p>&nbsp;<\/p>\n<p>&nbsp;<\/p>\n<p>&nbsp;<\/p>\n","protected":false},"excerpt":{"rendered":"<p>Una cl\u00e1sica camisa de pesca que se combina con un dise\u00f1o moderno e inteligente, la Challenger de manga larga re\u00fane materiales de secado r\u00e1pido y amplio almacenamiento en bolsillos para ofrecer ajuste y funcionalidad tanto dentro como fuera del agua.&hellip;<\/p>\n","protected":false},"featured_media":19220,"comment_status":"closed","ping_status":"closed","template":"","meta":{"_joinchat":[]},"product_brand":[],"product_cat":[124,448,309],"product_tag":[],"class_list":{"0":"post-19215","1":"product","2":"type-product","3":"status-publish","4":"has-post-thumbnail","6":"product_cat-camisas-simms","7":"product_cat-camisas","8":"product_cat-simms","9":"entry","10":"has-media","12":"first","13":"instock","14":"shipping-taxable","15":"purchasable","16":"product-type-variable","17":"col","18":"wpex-woo-entry","19":"span_1_of_6 span_1_of_3_pp"},"supplier_id":null,"supplier_sku":"","barcode":null,"atum_controlled":true,"out_stock_date":null,"out_stock_threshold":null,"inheritable":true,"inbound_stock":null,"stock_on_hold":0,"sold_today":0,"sales_last_days":0,"reserved_stock":null,"customer_returns":null,"warehouse_damage":null,"lost_in_post":null,"other_logs":null,"out_stock_days":null,"lost_sales":0,"has_location":false,"update_date":"2025-11-09T18:09:55","atum_locations":[],"atum_stock_status":"instock","restock_status":false,"low_stock_amount":"","sales_update_date":null,"calc_backorders":null,"_links":{"self":[{"href":"https:\/\/www.flyshop.cl\/TIENDA\/wp-json\/wp\/v2\/product\/19215","targetHints":{"allow":["GET"]}}],"collection":[{"href":"https:\/\/www.flyshop.cl\/TIENDA\/wp-json\/wp\/v2\/product"}],"about":[{"href":"https:\/\/www.flyshop.cl\/TIENDA\/wp-json\/wp\/v2\/types\/product"}],"replies":[{"embeddable":true,"href":"https:\/\/www.flyshop.cl\/TIENDA\/wp-json\/wp\/v2\/comments?post=19215"}],"wp:featuredmedia":[{"embeddable":true,"href":"https:\/\/www.flyshop.cl\/TIENDA\/wp-json\/wp\/v2\/media\/19220"}],"wp:attachment":[{"href":"https:\/\/www.flyshop.cl\/TIENDA\/wp-json\/wp\/v2\/media?parent=19215"}],"wp:term":[{"taxonomy":"product_brand","embeddable":true,"href":"https:\/\/www.flyshop.cl\/TIENDA\/wp-json\/wp\/v2\/product_brand?post=19215"},{"taxonomy":"product_cat","embeddable":true,"href":"https:\/\/www.flyshop.cl\/TIENDA\/wp-json\/wp\/v2\/product_cat?post=19215"},{"taxonomy":"product_tag","embeddable":true,"href":"https:\/\/www.flyshop.cl\/TIENDA\/wp-json\/wp\/v2\/product_tag?post=19215"}],"curies":[{"name":"wp","href":"https:\/\/api.w.org\/{rel}","templated":true}]}}