{"id":18968,"date":"2024-08-14T14:55:27","date_gmt":"2024-08-14T14:55:27","guid":{"rendered":"https:\/\/www.flyshop.cl\/TIENDA\/?post_type=product&#038;p=18968"},"modified":"2025-04-21T12:46:40","modified_gmt":"2025-04-21T12:46:40","slug":"cuchillo-filetero-smiths","status":"publish","type":"product","link":"https:\/\/www.flyshop.cl\/TIENDA\/producto\/cuchillo-filetero-smiths\/","title":{"rendered":"cuchillo filetero Smith\u00b4s"},"content":{"rendered":"<p>&nbsp;<\/p>\n<p>El <strong>Cuchillo de Filetear de 18 cm para Agua Salada de Smith&#8217;s<\/strong> cuenta con un mango ergon\u00f3mico de agarre suave y una funda de pl\u00e1stico moldeado. Est\u00e1 equipado con una hoja de acero inoxidable de la serie 400, extremadamente afilada, ideal para filetear con precisi\u00f3n.<\/p>\n<p><img loading=\"lazy\" decoding=\"async\" class=\"alignnone size-full wp-image-18971\" src=\"https:\/\/www.flyshop.cl\/TIENDA\/wp-content\/uploads\/2024\/08\/pb0img1gb8zy6zlkesrb.jpg\" alt=\"\" width=\"275\" height=\"183\" \/><img loading=\"lazy\" decoding=\"async\" class=\"alignnone size-full wp-image-18972\" src=\"https:\/\/www.flyshop.cl\/TIENDA\/wp-content\/uploads\/2024\/08\/sjutyj9jrghybytlxy5z.jpg\" alt=\"\" width=\"275\" height=\"196\" \/><\/p>\n<p>&nbsp;<\/p>\n","protected":false},"excerpt":{"rendered":"<p>&nbsp; El Cuchillo de Filetear de 18 cm para Agua Salada de Smith&#8217;s cuenta con un mango ergon\u00f3mico de agarre suave y una funda de pl\u00e1stico moldeado. Est\u00e1 equipado con una hoja de acero inoxidable de la serie 400, extremadamente&hellip;<\/p>\n","protected":false},"featured_media":18970,"comment_status":"closed","ping_status":"closed","template":"","meta":{"_joinchat":[]},"product_brand":[],"product_cat":[785],"product_tag":[],"class_list":{"0":"post-18968","1":"product","2":"type-product","3":"status-publish","4":"has-post-thumbnail","6":"product_cat-cuchillos-y-herramientas","7":"entry","8":"has-media","10":"first","11":"outofstock","12":"shipping-taxable","13":"purchasable","14":"product-type-simple","15":"col","16":"wpex-woo-entry","17":"span_1_of_6 span_1_of_3_pp"},"supplier_id":null,"supplier_sku":"","barcode":null,"atum_controlled":true,"out_stock_date":"2025-04-14 17:27:05","out_stock_threshold":null,"inheritable":false,"inbound_stock":null,"stock_on_hold":0,"sold_today":0,"sales_last_days":1,"reserved_stock":null,"customer_returns":null,"warehouse_damage":null,"lost_in_post":null,"other_logs":null,"out_stock_days":6,"lost_sales":12848,"has_location":false,"update_date":"2025-04-21T12:46:42","atum_locations":[],"atum_stock_status":"outofstock","restock_status":false,"low_stock_amount":"","sales_update_date":"2025-04-20T20:01:37","calc_backorders":null,"_links":{"self":[{"href":"https:\/\/www.flyshop.cl\/TIENDA\/wp-json\/wp\/v2\/product\/18968","targetHints":{"allow":["GET"]}}],"collection":[{"href":"https:\/\/www.flyshop.cl\/TIENDA\/wp-json\/wp\/v2\/product"}],"about":[{"href":"https:\/\/www.flyshop.cl\/TIENDA\/wp-json\/wp\/v2\/types\/product"}],"replies":[{"embeddable":true,"href":"https:\/\/www.flyshop.cl\/TIENDA\/wp-json\/wp\/v2\/comments?post=18968"}],"wp:featuredmedia":[{"embeddable":true,"href":"https:\/\/www.flyshop.cl\/TIENDA\/wp-json\/wp\/v2\/media\/18970"}],"wp:attachment":[{"href":"https:\/\/www.flyshop.cl\/TIENDA\/wp-json\/wp\/v2\/media?parent=18968"}],"wp:term":[{"taxonomy":"product_brand","embeddable":true,"href":"https:\/\/www.flyshop.cl\/TIENDA\/wp-json\/wp\/v2\/product_brand?post=18968"},{"taxonomy":"product_cat","embeddable":true,"href":"https:\/\/www.flyshop.cl\/TIENDA\/wp-json\/wp\/v2\/product_cat?post=18968"},{"taxonomy":"product_tag","embeddable":true,"href":"https:\/\/www.flyshop.cl\/TIENDA\/wp-json\/wp\/v2\/product_tag?post=18968"}],"curies":[{"name":"wp","href":"https:\/\/api.w.org\/{rel}","templated":true}]}}