{"id":18897,"date":"2024-08-12T22:45:34","date_gmt":"2024-08-12T22:45:34","guid":{"rendered":"https:\/\/www.flyshop.cl\/TIENDA\/?post_type=product&#038;p=18897"},"modified":"2025-06-02T00:45:40","modified_gmt":"2025-06-02T00:45:40","slug":"smiths-combo-edgesport-cuchillo-afilador","status":"publish","type":"product","link":"https:\/\/www.flyshop.cl\/TIENDA\/producto\/smiths-combo-edgesport-cuchillo-afilador\/","title":{"rendered":"Smith&#8217;s Combo edgesport cuchillo -afilador"},"content":{"rendered":"<p>El Smith&#8217;s EdgeSport Combo incluye un cuchillo de 7.5 cm con punta drop point y bloqueo tipo liner, as\u00ed como un afilador de cuchillos de 2 pasos<\/p>\n<p>El combo EdgeSport de Smith&#8217;s es una buena opci\u00f3n para quienes buscan un cuchillo compacto y un afilador pr\u00e1ctico. El cuchillo de 7,5 cm con punta drop point es vers\u00e1til y adecuado para diversas tareas, mientras que el afilador de 2 pasos ayuda a mantener el filo en \u00f3ptimas condiciones<\/p>\n<p><strong>Caracter\u00edsticas del Cuchillo:<\/strong><\/p>\n<ul>\n<li>Cuchillo plegable con hoja de acero inoxidable de 7.6 cm<\/li>\n<li>Pernos para el pulgar ambidextros<\/li>\n<li>Sistema de bloqueo tipo liner<\/li>\n<li>Mango texturizado personalizado<\/li>\n<li>Clip para el bolsillo<\/li>\n<\/ul>\n<p><strong>Caracter\u00edsticas del Afilador de Cuchillos:<\/strong><\/p>\n<ul>\n<li>Afilador de cuchillos de 2 pasos<\/li>\n<li>Ranuras de afilado grueso y fino<\/li>\n<li>Pies antideslizantes<\/li>\n<\/ul>\n<p>&nbsp;<\/p>\n<p><img loading=\"lazy\" decoding=\"async\" class=\"alignnone size-full wp-image-18903\" src=\"https:\/\/www.flyshop.cl\/TIENDA\/wp-content\/uploads\/2024\/08\/todl7csyy7pmibbjn5nd.jpg\" alt=\"\" width=\"275\" height=\"275\" srcset=\"https:\/\/www.flyshop.cl\/TIENDA\/wp-content\/uploads\/2024\/08\/todl7csyy7pmibbjn5nd.jpg 275w, https:\/\/www.flyshop.cl\/TIENDA\/wp-content\/uploads\/2024\/08\/todl7csyy7pmibbjn5nd-150x150.jpg 150w, https:\/\/www.flyshop.cl\/TIENDA\/wp-content\/uploads\/2024\/08\/todl7csyy7pmibbjn5nd-100x100.jpg 100w\" sizes=\"auto, (max-width: 275px) 100vw, 275px\" \/><img loading=\"lazy\" decoding=\"async\" class=\"alignnone size-full wp-image-18901\" src=\"https:\/\/www.flyshop.cl\/TIENDA\/wp-content\/uploads\/2024\/08\/ofz7ryj3sgfjzmhmwwdy.jpg\" alt=\"\" width=\"275\" height=\"156\" \/><img loading=\"lazy\" decoding=\"async\" class=\"alignnone size-full wp-image-18900\" src=\"https:\/\/www.flyshop.cl\/TIENDA\/wp-content\/uploads\/2024\/08\/fykjfk8uvl0khk0kkoht.jpg\" alt=\"\" width=\"275\" height=\"275\" srcset=\"https:\/\/www.flyshop.cl\/TIENDA\/wp-content\/uploads\/2024\/08\/fykjfk8uvl0khk0kkoht.jpg 275w, https:\/\/www.flyshop.cl\/TIENDA\/wp-content\/uploads\/2024\/08\/fykjfk8uvl0khk0kkoht-150x150.jpg 150w, https:\/\/www.flyshop.cl\/TIENDA\/wp-content\/uploads\/2024\/08\/fykjfk8uvl0khk0kkoht-100x100.jpg 100w\" sizes=\"auto, (max-width: 275px) 100vw, 275px\" \/><img loading=\"lazy\" decoding=\"async\" class=\"alignnone size-full wp-image-18899\" src=\"https:\/\/www.flyshop.cl\/TIENDA\/wp-content\/uploads\/2024\/08\/fy8r6glz7qceljyhgx6n.jpg\" alt=\"\" width=\"275\" height=\"275\" srcset=\"https:\/\/www.flyshop.cl\/TIENDA\/wp-content\/uploads\/2024\/08\/fy8r6glz7qceljyhgx6n.jpg 275w, https:\/\/www.flyshop.cl\/TIENDA\/wp-content\/uploads\/2024\/08\/fy8r6glz7qceljyhgx6n-150x150.jpg 150w, https:\/\/www.flyshop.cl\/TIENDA\/wp-content\/uploads\/2024\/08\/fy8r6glz7qceljyhgx6n-100x100.jpg 100w\" sizes=\"auto, (max-width: 275px) 100vw, 275px\" \/><img loading=\"lazy\" decoding=\"async\" class=\"alignnone size-full wp-image-18902\" src=\"https:\/\/www.flyshop.cl\/TIENDA\/wp-content\/uploads\/2024\/08\/saxpollg3ntxrieba3ef.jpg\" alt=\"\" width=\"275\" height=\"275\" srcset=\"https:\/\/www.flyshop.cl\/TIENDA\/wp-content\/uploads\/2024\/08\/saxpollg3ntxrieba3ef.jpg 275w, https:\/\/www.flyshop.cl\/TIENDA\/wp-content\/uploads\/2024\/08\/saxpollg3ntxrieba3ef-150x150.jpg 150w, https:\/\/www.flyshop.cl\/TIENDA\/wp-content\/uploads\/2024\/08\/saxpollg3ntxrieba3ef-100x100.jpg 100w\" sizes=\"auto, (max-width: 275px) 100vw, 275px\" \/><\/p>\n","protected":false},"excerpt":{"rendered":"<p>El Smith&#8217;s EdgeSport Combo incluye un cuchillo de 7.5 cm con punta drop point y bloqueo tipo liner, as\u00ed como un afilador de cuchillos de 2 pasos El combo EdgeSport de Smith&#8217;s es una buena opci\u00f3n para quienes buscan un&hellip;<\/p>\n","protected":false},"featured_media":18898,"comment_status":"closed","ping_status":"closed","template":"","meta":{"_joinchat":[]},"product_brand":[],"product_cat":[785],"product_tag":[],"class_list":{"0":"post-18897","1":"product","2":"type-product","3":"status-publish","4":"has-post-thumbnail","6":"product_cat-cuchillos-y-herramientas","7":"entry","8":"has-media","10":"first","11":"outofstock","12":"shipping-taxable","13":"purchasable","14":"product-type-simple","15":"col","16":"wpex-woo-entry","17":"span_1_of_6 span_1_of_3_pp"},"supplier_id":null,"supplier_sku":"","barcode":null,"atum_controlled":true,"out_stock_date":"2025-06-02 00:45:40","out_stock_threshold":null,"inheritable":false,"inbound_stock":null,"stock_on_hold":null,"sold_today":null,"sales_last_days":null,"reserved_stock":null,"customer_returns":null,"warehouse_damage":null,"lost_in_post":null,"other_logs":null,"out_stock_days":null,"lost_sales":null,"has_location":false,"update_date":"2025-06-02T00:45:43","atum_locations":[],"atum_stock_status":"outofstock","restock_status":false,"low_stock_amount":"","sales_update_date":null,"calc_backorders":null,"_links":{"self":[{"href":"https:\/\/www.flyshop.cl\/TIENDA\/wp-json\/wp\/v2\/product\/18897","targetHints":{"allow":["GET"]}}],"collection":[{"href":"https:\/\/www.flyshop.cl\/TIENDA\/wp-json\/wp\/v2\/product"}],"about":[{"href":"https:\/\/www.flyshop.cl\/TIENDA\/wp-json\/wp\/v2\/types\/product"}],"replies":[{"embeddable":true,"href":"https:\/\/www.flyshop.cl\/TIENDA\/wp-json\/wp\/v2\/comments?post=18897"}],"wp:featuredmedia":[{"embeddable":true,"href":"https:\/\/www.flyshop.cl\/TIENDA\/wp-json\/wp\/v2\/media\/18898"}],"wp:attachment":[{"href":"https:\/\/www.flyshop.cl\/TIENDA\/wp-json\/wp\/v2\/media?parent=18897"}],"wp:term":[{"taxonomy":"product_brand","embeddable":true,"href":"https:\/\/www.flyshop.cl\/TIENDA\/wp-json\/wp\/v2\/product_brand?post=18897"},{"taxonomy":"product_cat","embeddable":true,"href":"https:\/\/www.flyshop.cl\/TIENDA\/wp-json\/wp\/v2\/product_cat?post=18897"},{"taxonomy":"product_tag","embeddable":true,"href":"https:\/\/www.flyshop.cl\/TIENDA\/wp-json\/wp\/v2\/product_tag?post=18897"}],"curies":[{"name":"wp","href":"https:\/\/api.w.org\/{rel}","templated":true}]}}