{"id":18889,"date":"2024-08-12T22:36:55","date_gmt":"2024-08-12T22:36:55","guid":{"rendered":"https:\/\/www.flyshop.cl\/TIENDA\/?post_type=product&#038;p=18889"},"modified":"2025-06-02T00:45:49","modified_gmt":"2025-06-02T00:45:49","slug":"smiths-sharpener-fire-starter","status":"publish","type":"product","link":"https:\/\/www.flyshop.cl\/TIENDA\/producto\/smiths-sharpener-fire-starter\/","title":{"rendered":"Smith\u00b4s Sharpener &#038; Fire Starter"},"content":{"rendered":"<p>Smith&#8217;s 50538 Pack Pal Sharpener and Fire Starter es ideal para los entusiastas de las actividades al aire libre. Como otros productos de bolsillo de Smith&#8217;s, esta herramienta es ligera, compacta y duradera, pero est\u00e1 repleta de caracter\u00edsticas \u00fatiles. Cuenta con una ranura de afilado de carburo para un afilado r\u00e1pido y f\u00e1cil de ambos lados de la hoja de tu cuchillo, un silbato de se\u00f1alizaci\u00f3n, un iniciador de fuego y un mosquet\u00f3n integrado para facilitar el transporte y la accesibilidad. \u00a1Es una herramienta de supervivencia imprescindible para cualquier cazador, ciclista, campista o excursionista! La serie Pack-Pal de Smith\u2019s incluye una l\u00ednea de productos esenciales para acampar, hacer mochilerismo, escalar y disfrutar de aventuras. Desde cuchillos y afiladores hasta herramientas multiusos de supervivencia, los art\u00edculos de la serie Pack-Pal de Smith&#8217;s son f\u00e1ciles de llevar y se convertir\u00e1n en herramientas esenciales para tu equipo de supervivencia al aire libre.<\/p>\n<ul>\n<li><strong>AFILADOR DE CUCHILLOS<\/strong>: Este afilador Pack Pal cuenta con una ranura de afilado de carburo. Con este afilador, puedes afilar tus cuchillos en cualquier lugar.<\/li>\n<li><strong>INICIADOR DE FUEGO<\/strong>: La funci\u00f3n de iniciador de fuego es ideal para acampar, hacer senderismo y mucho m\u00e1s. Esta herramienta compacta de supervivencia es imprescindible para el aventurero al aire libre y puede ser una herramienta que salve vidas.<\/li>\n<li><strong>TAMA\u00d1O COMPACTO<\/strong>: Esta herramienta es compacta y ligera, y se puede transportar a cualquier lugar. Se engancha f\u00e1cilmente a una mochila o bolsa con su mosquet\u00f3n.<\/li>\n<li><strong>MULTIHERRAMIENTA DE SUPERVIVENCIA<\/strong>: El Smith\u2019s Pack Pal tambi\u00e9n incluye un silbato y un mosquet\u00f3n, adem\u00e1s del afilador de cuchillos y el iniciador de fuego.<\/li>\n<li><strong>GRAN REGALO<\/strong>: Esta herramienta ser\u00e1 un excelente regalo para los amantes de las actividades al aire libre en tu vida. Es perfecta para muchas experiencias al aire libre, como acampar, mochilear, hacer senderismo, etc.<\/li>\n<li><strong>PIEZAS DE REPUESTO<\/strong>: Incluye piezas de repuesto para mayor durabilidad y uso prolongado.<\/li>\n<li><strong>MOSQUET\u00d3N<\/strong>: Cuenta con un mosquet\u00f3n para facilitar el transporte y la accesibilidad.<\/li>\n<\/ul>\n<p><img loading=\"lazy\" decoding=\"async\" class=\"alignnone size-medium wp-image-18894\" src=\"https:\/\/www.flyshop.cl\/TIENDA\/wp-content\/uploads\/2024\/08\/r1olzmq5oksgrbcw1vof-300x218.jpg\" alt=\"\" width=\"300\" height=\"218\" srcset=\"https:\/\/www.flyshop.cl\/TIENDA\/wp-content\/uploads\/2024\/08\/r1olzmq5oksgrbcw1vof-300x218.jpg 300w, https:\/\/www.flyshop.cl\/TIENDA\/wp-content\/uploads\/2024\/08\/r1olzmq5oksgrbcw1vof.jpg 600w\" sizes=\"auto, (max-width: 300px) 100vw, 300px\" \/><img loading=\"lazy\" decoding=\"async\" class=\"alignnone size-medium wp-image-18891\" src=\"https:\/\/www.flyshop.cl\/TIENDA\/wp-content\/uploads\/2024\/08\/iadcu5dy4pvbkozqaswq-300x200.jpg\" alt=\"\" width=\"300\" height=\"200\" srcset=\"https:\/\/www.flyshop.cl\/TIENDA\/wp-content\/uploads\/2024\/08\/iadcu5dy4pvbkozqaswq-300x200.jpg 300w, https:\/\/www.flyshop.cl\/TIENDA\/wp-content\/uploads\/2024\/08\/iadcu5dy4pvbkozqaswq.jpg 600w\" sizes=\"auto, (max-width: 300px) 100vw, 300px\" \/><img loading=\"lazy\" decoding=\"async\" class=\"alignnone size-medium wp-image-18890\" src=\"https:\/\/www.flyshop.cl\/TIENDA\/wp-content\/uploads\/2024\/08\/c7gfpy5jstcglpi9udqv-300x200.jpg\" alt=\"\" width=\"300\" height=\"200\" srcset=\"https:\/\/www.flyshop.cl\/TIENDA\/wp-content\/uploads\/2024\/08\/c7gfpy5jstcglpi9udqv-300x200.jpg 300w, https:\/\/www.flyshop.cl\/TIENDA\/wp-content\/uploads\/2024\/08\/c7gfpy5jstcglpi9udqv.jpg 600w\" sizes=\"auto, (max-width: 300px) 100vw, 300px\" \/><img loading=\"lazy\" decoding=\"async\" class=\"alignnone size-full wp-image-18893\" src=\"https:\/\/www.flyshop.cl\/TIENDA\/wp-content\/uploads\/2024\/08\/p7wmm3yqisnd4gk2sfnz.jpg\" alt=\"\" width=\"275\" height=\"202\" \/><img loading=\"lazy\" decoding=\"async\" class=\"alignnone size-full wp-image-18895\" src=\"https:\/\/www.flyshop.cl\/TIENDA\/wp-content\/uploads\/2024\/08\/zrpqmn0hk9dqifjylhmw.jpg\" alt=\"\" width=\"275\" height=\"183\" \/><\/p>\n","protected":false},"excerpt":{"rendered":"<p>Smith&#8217;s 50538 Pack Pal Sharpener and Fire Starter es ideal para los entusiastas de las actividades al aire libre. Como otros productos de bolsillo de Smith&#8217;s, esta herramienta es ligera, compacta y duradera, pero est\u00e1 repleta de caracter\u00edsticas \u00fatiles. Cuenta&hellip;<\/p>\n","protected":false},"featured_media":18892,"comment_status":"closed","ping_status":"closed","template":"","meta":{"_joinchat":[]},"product_brand":[],"product_cat":[785],"product_tag":[],"class_list":{"0":"post-18889","1":"product","2":"type-product","3":"status-publish","4":"has-post-thumbnail","6":"product_cat-cuchillos-y-herramientas","7":"entry","8":"has-media","10":"first","11":"outofstock","12":"shipping-taxable","13":"purchasable","14":"product-type-simple","15":"col","16":"wpex-woo-entry","17":"span_1_of_6 span_1_of_3_pp"},"supplier_id":null,"supplier_sku":"","barcode":null,"atum_controlled":true,"out_stock_date":"2025-06-02 00:45:49","out_stock_threshold":null,"inheritable":false,"inbound_stock":null,"stock_on_hold":null,"sold_today":null,"sales_last_days":null,"reserved_stock":null,"customer_returns":null,"warehouse_damage":null,"lost_in_post":null,"other_logs":null,"out_stock_days":null,"lost_sales":null,"has_location":false,"update_date":"2025-06-02T00:45:51","atum_locations":[],"atum_stock_status":"outofstock","restock_status":false,"low_stock_amount":"","sales_update_date":null,"calc_backorders":null,"_links":{"self":[{"href":"https:\/\/www.flyshop.cl\/TIENDA\/wp-json\/wp\/v2\/product\/18889","targetHints":{"allow":["GET"]}}],"collection":[{"href":"https:\/\/www.flyshop.cl\/TIENDA\/wp-json\/wp\/v2\/product"}],"about":[{"href":"https:\/\/www.flyshop.cl\/TIENDA\/wp-json\/wp\/v2\/types\/product"}],"replies":[{"embeddable":true,"href":"https:\/\/www.flyshop.cl\/TIENDA\/wp-json\/wp\/v2\/comments?post=18889"}],"wp:featuredmedia":[{"embeddable":true,"href":"https:\/\/www.flyshop.cl\/TIENDA\/wp-json\/wp\/v2\/media\/18892"}],"wp:attachment":[{"href":"https:\/\/www.flyshop.cl\/TIENDA\/wp-json\/wp\/v2\/media?parent=18889"}],"wp:term":[{"taxonomy":"product_brand","embeddable":true,"href":"https:\/\/www.flyshop.cl\/TIENDA\/wp-json\/wp\/v2\/product_brand?post=18889"},{"taxonomy":"product_cat","embeddable":true,"href":"https:\/\/www.flyshop.cl\/TIENDA\/wp-json\/wp\/v2\/product_cat?post=18889"},{"taxonomy":"product_tag","embeddable":true,"href":"https:\/\/www.flyshop.cl\/TIENDA\/wp-json\/wp\/v2\/product_tag?post=18889"}],"curies":[{"name":"wp","href":"https:\/\/api.w.org\/{rel}","templated":true}]}}