{"id":18865,"date":"2024-08-12T17:38:32","date_gmt":"2024-08-12T17:38:32","guid":{"rendered":"https:\/\/www.flyshop.cl\/TIENDA\/?post_type=product&#038;p=18865"},"modified":"2025-01-22T20:50:41","modified_gmt":"2025-01-22T20:50:41","slug":"cuchillo-plegable-smiths-caprella","status":"publish","type":"product","link":"https:\/\/www.flyshop.cl\/TIENDA\/producto\/cuchillo-plegable-smiths-caprella\/","title":{"rendered":"Cuchillo plegable Smith\u00b4s caprella"},"content":{"rendered":"<p>La hoja de punta drop point de 7.5 cm\u00a0 del Caprella de Smith cuenta con 3\/4&#8243; de serraciones con un acabado satinado resistente. La hoja, afilada como una navaja, est\u00e1 hecha de acero inoxidable de la serie 400 tratado t\u00e9rmicamente con precisi\u00f3n, y tiene un tornillo de pulgar ambidiestro para una apertura f\u00e1cil. Est\u00e1 equipada con mangos con acabado mate abierto y un dise\u00f1o de bloqueo de marco resistente que asegura la hoja en posici\u00f3n abierta durante el uso. El Caprella incluye un clip para bolsillo.<\/p>\n<p>Caracter\u00edsticas del producto:<\/p>\n<ul>\n<li>Hoja satinada de acero inoxidable 420 de <strong>7.49 cm<\/strong><\/li>\n<li>Pivotes ambidiestros para el pulgar<\/li>\n<li>Clip para bolsillo<\/li>\n<li>Acabado mate<\/li>\n<li>Bloqueo de marco<\/li>\n<li>Guarda<\/li>\n<li>Longitud total de <strong>17.53 cm<\/strong> cuando est\u00e1 abierto<\/li>\n<\/ul>\n<p><img loading=\"lazy\" decoding=\"async\" class=\"alignnone size-medium wp-image-18869\" src=\"https:\/\/www.flyshop.cl\/TIENDA\/wp-content\/uploads\/2024\/08\/ekj03m4cxmfj8mhnbqg7__67580-300x200.jpg\" alt=\"\" width=\"300\" height=\"200\" srcset=\"https:\/\/www.flyshop.cl\/TIENDA\/wp-content\/uploads\/2024\/08\/ekj03m4cxmfj8mhnbqg7__67580-300x200.jpg 300w, https:\/\/www.flyshop.cl\/TIENDA\/wp-content\/uploads\/2024\/08\/ekj03m4cxmfj8mhnbqg7__67580-1024x682.jpg 1024w, https:\/\/www.flyshop.cl\/TIENDA\/wp-content\/uploads\/2024\/08\/ekj03m4cxmfj8mhnbqg7__67580-768x512.jpg 768w, https:\/\/www.flyshop.cl\/TIENDA\/wp-content\/uploads\/2024\/08\/ekj03m4cxmfj8mhnbqg7__67580-600x400.jpg 600w, https:\/\/www.flyshop.cl\/TIENDA\/wp-content\/uploads\/2024\/08\/ekj03m4cxmfj8mhnbqg7__67580.jpg 1280w\" sizes=\"auto, (max-width: 300px) 100vw, 300px\" \/><img loading=\"lazy\" decoding=\"async\" class=\"alignnone size-medium wp-image-18870\" src=\"https:\/\/www.flyshop.cl\/TIENDA\/wp-content\/uploads\/2024\/08\/o6bvogyjrvbtcihputi7__48492-300x200.jpg\" alt=\"\" width=\"300\" height=\"200\" srcset=\"https:\/\/www.flyshop.cl\/TIENDA\/wp-content\/uploads\/2024\/08\/o6bvogyjrvbtcihputi7__48492-300x200.jpg 300w, https:\/\/www.flyshop.cl\/TIENDA\/wp-content\/uploads\/2024\/08\/o6bvogyjrvbtcihputi7__48492-1024x682.jpg 1024w, https:\/\/www.flyshop.cl\/TIENDA\/wp-content\/uploads\/2024\/08\/o6bvogyjrvbtcihputi7__48492-768x512.jpg 768w, https:\/\/www.flyshop.cl\/TIENDA\/wp-content\/uploads\/2024\/08\/o6bvogyjrvbtcihputi7__48492-600x400.jpg 600w, https:\/\/www.flyshop.cl\/TIENDA\/wp-content\/uploads\/2024\/08\/o6bvogyjrvbtcihputi7__48492.jpg 1280w\" sizes=\"auto, (max-width: 300px) 100vw, 300px\" \/><\/p>\n","protected":false},"excerpt":{"rendered":"<p>La hoja de punta drop point de 7.5 cm\u00a0 del Caprella de Smith cuenta con 3\/4&#8243; de serraciones con un acabado satinado resistente. La hoja, afilada como una navaja, est\u00e1 hecha de acero inoxidable de la serie 400 tratado t\u00e9rmicamente&hellip;<\/p>\n","protected":false},"featured_media":18882,"comment_status":"closed","ping_status":"closed","template":"","meta":{"_joinchat":[]},"product_brand":[],"product_cat":[785],"product_tag":[],"class_list":{"0":"post-18865","1":"product","2":"type-product","3":"status-publish","4":"has-post-thumbnail","6":"product_cat-cuchillos-y-herramientas","7":"entry","8":"has-media","10":"first","11":"outofstock","12":"shipping-taxable","13":"purchasable","14":"product-type-simple","15":"col","16":"wpex-woo-entry","17":"span_1_of_6 span_1_of_3_pp"},"supplier_id":null,"supplier_sku":"","barcode":null,"atum_controlled":true,"out_stock_date":"2025-01-22 20:50:41","out_stock_threshold":null,"inheritable":false,"inbound_stock":null,"stock_on_hold":null,"sold_today":null,"sales_last_days":null,"reserved_stock":null,"customer_returns":null,"warehouse_damage":null,"lost_in_post":null,"other_logs":null,"out_stock_days":0,"lost_sales":null,"has_location":false,"update_date":"2025-01-22T20:50:44","atum_locations":[],"atum_stock_status":"outofstock","restock_status":false,"low_stock_amount":"","sales_update_date":null,"calc_backorders":null,"_links":{"self":[{"href":"https:\/\/www.flyshop.cl\/TIENDA\/wp-json\/wp\/v2\/product\/18865","targetHints":{"allow":["GET"]}}],"collection":[{"href":"https:\/\/www.flyshop.cl\/TIENDA\/wp-json\/wp\/v2\/product"}],"about":[{"href":"https:\/\/www.flyshop.cl\/TIENDA\/wp-json\/wp\/v2\/types\/product"}],"replies":[{"embeddable":true,"href":"https:\/\/www.flyshop.cl\/TIENDA\/wp-json\/wp\/v2\/comments?post=18865"}],"wp:featuredmedia":[{"embeddable":true,"href":"https:\/\/www.flyshop.cl\/TIENDA\/wp-json\/wp\/v2\/media\/18882"}],"wp:attachment":[{"href":"https:\/\/www.flyshop.cl\/TIENDA\/wp-json\/wp\/v2\/media?parent=18865"}],"wp:term":[{"taxonomy":"product_brand","embeddable":true,"href":"https:\/\/www.flyshop.cl\/TIENDA\/wp-json\/wp\/v2\/product_brand?post=18865"},{"taxonomy":"product_cat","embeddable":true,"href":"https:\/\/www.flyshop.cl\/TIENDA\/wp-json\/wp\/v2\/product_cat?post=18865"},{"taxonomy":"product_tag","embeddable":true,"href":"https:\/\/www.flyshop.cl\/TIENDA\/wp-json\/wp\/v2\/product_tag?post=18865"}],"curies":[{"name":"wp","href":"https:\/\/api.w.org\/{rel}","templated":true}]}}