{"id":18776,"date":"2024-07-31T18:17:38","date_gmt":"2024-07-31T18:17:38","guid":{"rendered":"https:\/\/www.flyshop.cl\/TIENDA\/?post_type=product&#038;p=18776"},"modified":"2025-12-27T01:24:06","modified_gmt":"2025-12-27T01:24:06","slug":"mfc-boat-box-olive","status":"publish","type":"product","link":"https:\/\/www.flyshop.cl\/TIENDA\/producto\/mfc-boat-box-olive\/","title":{"rendered":"MFC BOAT BOX Olive"},"content":{"rendered":"<p>La MFC Boat Box es una revolucionaria caja para moscas totalmente impermeable, dise\u00f1ada para usar en botes, mochilas o para viajar con grandes cantidades de moscas. Una caja que puede cubrir cualquier situaci\u00f3n. Utiliza espuma grande para moscas grandes (tama\u00f1o 8 y mayores), o espuma peque\u00f1a para tus moscas m\u00e1s peque\u00f1as (tama\u00f1o 10 y menores). Se debe agregar la hoja central para duplicar la capacidad. La hoja para moscas tambi\u00e9n est\u00e1 disponible en espuma grande o peque\u00f1a.<\/p>\n<p>Caracter\u00edsticas:<\/p>\n<p>Alta capacidad de moscas<br \/>\nMaterial duradero<br \/>\nPl\u00e1stico ABS resistente<br \/>\nConstrucci\u00f3n impermeable para mantener el clima afuera<br \/>\nInserto de hoja disponible para duplicar la capacidad<\/p>\n","protected":false},"excerpt":{"rendered":"<p>Caja sellada de gran capacidad, ideal para llevar toda tu colecci\u00f3n de moscas en el bote.<\/p>\n","protected":false},"featured_media":18769,"comment_status":"closed","ping_status":"closed","template":"","meta":{"_joinchat":[]},"product_brand":[],"product_cat":[181],"product_tag":[],"class_list":{"0":"post-18776","1":"product","2":"type-product","3":"status-publish","4":"has-post-thumbnail","6":"product_cat-cajas-para-moscas","7":"entry","8":"has-media","10":"first","11":"outofstock","12":"shipping-taxable","13":"purchasable","14":"product-type-simple","15":"col","16":"wpex-woo-entry","17":"span_1_of_6 span_1_of_3_pp"},"supplier_id":null,"supplier_sku":"","barcode":null,"atum_controlled":true,"out_stock_date":"2025-12-27 01:24:06","out_stock_threshold":null,"inheritable":false,"inbound_stock":null,"stock_on_hold":0,"sold_today":0,"sales_last_days":1,"reserved_stock":null,"customer_returns":null,"warehouse_damage":null,"lost_in_post":null,"other_logs":null,"out_stock_days":2,"lost_sales":35711,"has_location":false,"update_date":"2025-12-29T14:18:36","atum_locations":[],"atum_stock_status":"outofstock","restock_status":false,"low_stock_amount":"","sales_update_date":"2025-12-29T14:18:36","calc_backorders":null,"_links":{"self":[{"href":"https:\/\/www.flyshop.cl\/TIENDA\/wp-json\/wp\/v2\/product\/18776","targetHints":{"allow":["GET"]}}],"collection":[{"href":"https:\/\/www.flyshop.cl\/TIENDA\/wp-json\/wp\/v2\/product"}],"about":[{"href":"https:\/\/www.flyshop.cl\/TIENDA\/wp-json\/wp\/v2\/types\/product"}],"replies":[{"embeddable":true,"href":"https:\/\/www.flyshop.cl\/TIENDA\/wp-json\/wp\/v2\/comments?post=18776"}],"wp:featuredmedia":[{"embeddable":true,"href":"https:\/\/www.flyshop.cl\/TIENDA\/wp-json\/wp\/v2\/media\/18769"}],"wp:attachment":[{"href":"https:\/\/www.flyshop.cl\/TIENDA\/wp-json\/wp\/v2\/media?parent=18776"}],"wp:term":[{"taxonomy":"product_brand","embeddable":true,"href":"https:\/\/www.flyshop.cl\/TIENDA\/wp-json\/wp\/v2\/product_brand?post=18776"},{"taxonomy":"product_cat","embeddable":true,"href":"https:\/\/www.flyshop.cl\/TIENDA\/wp-json\/wp\/v2\/product_cat?post=18776"},{"taxonomy":"product_tag","embeddable":true,"href":"https:\/\/www.flyshop.cl\/TIENDA\/wp-json\/wp\/v2\/product_tag?post=18776"}],"curies":[{"name":"wp","href":"https:\/\/api.w.org\/{rel}","templated":true}]}}