{"id":18732,"date":"2024-07-22T22:46:09","date_gmt":"2024-07-22T22:46:09","guid":{"rendered":"https:\/\/www.flyshop.cl\/TIENDA\/?post_type=product&#038;p=18732"},"modified":"2025-06-02T00:46:53","modified_gmt":"2025-06-02T00:46:53","slug":"combo-redington-original-freshwater","status":"publish","type":"product","link":"https:\/\/www.flyshop.cl\/TIENDA\/producto\/combo-redington-original-freshwater\/","title":{"rendered":"Combo Redington original freshwater"},"content":{"rendered":"<p>Cierra los ojos. D\u00e9jate llevar a un lugar donde el agua fluye libremente, un c\u00e1lido sol acaricia tu rostro y los p\u00e1jaros tocan una melod\u00eda. La boca de una trucha aliment\u00e1ndose es lo \u00fanico que rompe la superficie calma del agua. Tienes tu ca\u00f1a de mosca en la mano, tu mosca en movimiento; esto es la pesca de trucha en su m\u00e1xima expresi\u00f3n. Ahora abre los ojos.<\/p>\n<p>A la orilla de un arroyo de truchas est\u00e1 The Original Kit, el v\u00ednculo entre lo cl\u00e1sico y lo moderno que sirve como herramienta para hacer realidad todos tus sue\u00f1os de pesca con mosca. Est\u00e1 completamente equipado con un blank de acci\u00f3n media-r\u00e1pida f\u00e1cil de lanzar, pero su apariencia rinde homenaje al legado de la pesca con mosca. El equipo ideal para cualquier pescador en busca de una nueva aventura o un kit para el d\u00eda a d\u00eda; The Original Kit est\u00e1 construido de manera cl\u00e1sica para momentos eternos de pesca con mosca.<\/p>\n<p>El Original Kit viene completo con el resistente carrete Crosswater, respaldo duradero de dacr\u00f3n, l\u00ednea de mosca RIO Mainstream y l\u00edder c\u00f3nico RIO. Estas ca\u00f1as de 4 piezas ofrecen flexibilidad para el pescador en movimiento. Mientras que los conjuntos completos facilitan la entrega de todo lo que necesitas, a\u00f1ade tu mosca preferida y permite que el Original Kit sea tu aliado confiable mientras buscas nuevas experiencias y perfeccionas tus habilidades de pesca con mosca.<\/p>\n<ul>\n<li>Blank de acci\u00f3n media-r\u00e1pida f\u00e1cil de lanzar<\/li>\n<li>Longitud de 9 pies para un rendimiento \u00f3ptimo<\/li>\n<li>Asiento de carrete de aluminio anodizado<\/li>\n<li>Carrete Crosswater con marco compuesto duradero y freno de disco de carbono<\/li>\n<li>L\u00ednea RIO Mainstream<\/li>\n<li>L\u00edder c\u00f3nico RIO Powerflex<\/li>\n<li>Estuche de nylon duradero para mantener tu equipo seguro<\/li>\n<\/ul>\n","protected":false},"excerpt":{"rendered":"<p>Cierra los ojos. D\u00e9jate llevar a un lugar donde el agua fluye libremente, un c\u00e1lido sol acaricia tu rostro y los p\u00e1jaros tocan una melod\u00eda. La boca de una trucha aliment\u00e1ndose es lo \u00fanico que rompe la superficie calma del&hellip;<\/p>\n","protected":false},"featured_media":18734,"comment_status":"closed","ping_status":"closed","template":"","meta":{"_joinchat":[]},"product_brand":[],"product_cat":[679,784],"product_tag":[],"class_list":{"0":"post-18732","1":"product","2":"type-product","3":"status-publish","4":"has-post-thumbnail","6":"product_cat-canas-fly-fishing","7":"product_cat-redington","8":"entry","9":"has-media","11":"first","12":"outofstock","13":"shipping-taxable","14":"product-type-variable","15":"col","16":"wpex-woo-entry","17":"span_1_of_6 span_1_of_3_pp"},"supplier_id":null,"supplier_sku":"","barcode":null,"atum_controlled":true,"out_stock_date":null,"out_stock_threshold":null,"inheritable":true,"inbound_stock":null,"stock_on_hold":0,"sold_today":0,"sales_last_days":1,"reserved_stock":null,"customer_returns":null,"warehouse_damage":null,"lost_in_post":null,"other_logs":null,"out_stock_days":null,"lost_sales":0,"has_location":false,"update_date":"2025-06-02T00:46:55","atum_locations":[],"atum_stock_status":"outofstock","restock_status":false,"low_stock_amount":"","sales_update_date":null,"calc_backorders":null,"_links":{"self":[{"href":"https:\/\/www.flyshop.cl\/TIENDA\/wp-json\/wp\/v2\/product\/18732","targetHints":{"allow":["GET"]}}],"collection":[{"href":"https:\/\/www.flyshop.cl\/TIENDA\/wp-json\/wp\/v2\/product"}],"about":[{"href":"https:\/\/www.flyshop.cl\/TIENDA\/wp-json\/wp\/v2\/types\/product"}],"replies":[{"embeddable":true,"href":"https:\/\/www.flyshop.cl\/TIENDA\/wp-json\/wp\/v2\/comments?post=18732"}],"wp:featuredmedia":[{"embeddable":true,"href":"https:\/\/www.flyshop.cl\/TIENDA\/wp-json\/wp\/v2\/media\/18734"}],"wp:attachment":[{"href":"https:\/\/www.flyshop.cl\/TIENDA\/wp-json\/wp\/v2\/media?parent=18732"}],"wp:term":[{"taxonomy":"product_brand","embeddable":true,"href":"https:\/\/www.flyshop.cl\/TIENDA\/wp-json\/wp\/v2\/product_brand?post=18732"},{"taxonomy":"product_cat","embeddable":true,"href":"https:\/\/www.flyshop.cl\/TIENDA\/wp-json\/wp\/v2\/product_cat?post=18732"},{"taxonomy":"product_tag","embeddable":true,"href":"https:\/\/www.flyshop.cl\/TIENDA\/wp-json\/wp\/v2\/product_tag?post=18732"}],"curies":[{"name":"wp","href":"https:\/\/api.w.org\/{rel}","templated":true}]}}