{"id":18727,"date":"2024-07-22T22:36:02","date_gmt":"2024-07-22T22:36:02","guid":{"rendered":"https:\/\/www.flyshop.cl\/TIENDA\/?post_type=product&#038;p=18727"},"modified":"2025-03-27T13:57:51","modified_gmt":"2025-03-27T13:57:51","slug":"combo-redington-field-kit","status":"publish","type":"product","link":"https:\/\/www.flyshop.cl\/TIENDA\/producto\/combo-redington-field-kit\/","title":{"rendered":"Combo Redington field kit"},"content":{"rendered":"<div class=\"flex flex-grow flex-col max-w-full\">\n<div class=\"min-h-[20px] text-message flex w-full flex-col items-end gap-2 whitespace-pre-wrap break-words [.text-message+&amp;]:mt-5 overflow-x-auto\" dir=\"auto\" data-message-author-role=\"assistant\" data-message-id=\"3d5faa8f-5b18-4bf2-8ac3-a167409a37f0\">\n<div class=\"flex w-full flex-col gap-1 empty:hidden first:pt-[3px]\"><\/div>\n<\/div>\n<\/div>\n<div class=\"mt-1 flex gap-3 empty:hidden ml-3\">\n<div class=\"items-center justify-start rounded-xl p-1 flex\">\n<div class=\"flex items-center\">\n<p>El TROUT FIELD KIT est\u00e1 listo para cualquier aventura en la que te encuentres lanzando una l\u00ednea con la esperanza de enganchar una trucha hambrienta. La ca\u00f1a de acci\u00f3n media-r\u00e1pida es perfecta para el pescador principiante que est\u00e1 desarrollando su t\u00e9cnica de lanzamiento y es disfrutable incluso para el pescador m\u00e1s experimentado. Combinado con un carrete RUN y una l\u00ednea de mosca espec\u00edfica para truchas RIO GOLD de RIO Products, el TROUT FIELD KIT est\u00e1 listo para pescar truchas tanto en lagos como en r\u00edos. As\u00ed que, al comenzar a empacar para tu pr\u00f3xima aventura, no olvides llevar tu TROUT KIT. Ya sea un viaje de fin de semana por carretera o una \u00e9pica excursi\u00f3n de 10 d\u00edas a alg\u00fan lugar remoto, recuerda que las truchas no viven en lugares feos.<\/p>\n<h3>CARACTER\u00cdSTICAS DEL PRODUCTO<\/h3>\n<p><strong>CARACTER\u00cdSTICAS DE LA CA\u00d1A TROUT<\/strong><\/p>\n<ul>\n<li>Acci\u00f3n media-r\u00e1pida de f\u00e1cil lanzamiento, dise\u00f1ada para cualquier escenario de pesca de truchas<\/li>\n<li>Longitud de 9 pies para un rendimiento \u00f3ptimo<\/li>\n<li>Asiento de carrete de aluminio anodizado duradero para un rendimiento duradero<\/li>\n<\/ul>\n<p><strong>CARACTER\u00cdSTICAS DEL CARRETE RUN<\/strong><\/p>\n<ul>\n<li>Dise\u00f1o ligero construido con aluminio fundido duradero<\/li>\n<li>Dise\u00f1o de gran di\u00e1metro para una r\u00e1pida recuperaci\u00f3n de la l\u00ednea<\/li>\n<li>Sistema de freno de carbono potente que ofrece un frenado suave<\/li>\n<\/ul>\n<p><strong>CARACTER\u00cdSTICAS DEL RIO GOLD PREMIER<\/strong><\/p>\n<ul>\n<li>La l\u00ednea flotante definitiva y vers\u00e1til para truchas<\/li>\n<li>Cuenta con RIO SlickCast, el recubrimiento de l\u00ednea m\u00e1s suave y duradero del mercado<\/li>\n<li>Taper delantero para un f\u00e1cil lanzamiento<\/li>\n<\/ul>\n<p><strong>OTRAS CARACTER\u00cdSTICAS<\/strong><\/p>\n<ul>\n<li>L\u00edder c\u00f3nico POWERFLEX de 9&#8242; 5x de RIO Products<\/li>\n<li>Conexi\u00f3n de lazo a lazo para un f\u00e1cil aparejo<\/li>\n<li>Estuche de cordura para mantener tu equipo seguro<\/li>\n<li>Garant\u00eda de por vida<\/li>\n<\/ul>\n<\/div>\n<\/div>\n<\/div>\n","protected":false},"excerpt":{"rendered":"<p>El TROUT FIELD KIT est\u00e1 listo para cualquier aventura en la que te encuentres lanzando una l\u00ednea con la esperanza de enganchar una trucha hambrienta. La ca\u00f1a de acci\u00f3n media-r\u00e1pida es perfecta para el pescador principiante que est\u00e1 desarrollando su&hellip;<\/p>\n","protected":false},"featured_media":18731,"comment_status":"closed","ping_status":"closed","template":"","meta":{"_joinchat":[]},"product_brand":[],"product_cat":[679,784],"product_tag":[],"class_list":{"0":"post-18727","1":"product","2":"type-product","3":"status-publish","4":"has-post-thumbnail","6":"product_cat-canas-fly-fishing","7":"product_cat-redington","8":"entry","9":"has-media","11":"first","12":"outofstock","13":"shipping-taxable","14":"product-type-variable","15":"col","16":"wpex-woo-entry","17":"span_1_of_6 span_1_of_3_pp"},"supplier_id":null,"supplier_sku":"","barcode":null,"atum_controlled":true,"out_stock_date":null,"out_stock_threshold":null,"inheritable":true,"inbound_stock":null,"stock_on_hold":0,"sold_today":0,"sales_last_days":1,"reserved_stock":null,"customer_returns":null,"warehouse_damage":null,"lost_in_post":null,"other_logs":null,"out_stock_days":null,"lost_sales":0,"has_location":false,"update_date":"2025-03-27T13:57:53","atum_locations":[],"atum_stock_status":"outofstock","restock_status":false,"low_stock_amount":"","sales_update_date":null,"calc_backorders":null,"_links":{"self":[{"href":"https:\/\/www.flyshop.cl\/TIENDA\/wp-json\/wp\/v2\/product\/18727","targetHints":{"allow":["GET"]}}],"collection":[{"href":"https:\/\/www.flyshop.cl\/TIENDA\/wp-json\/wp\/v2\/product"}],"about":[{"href":"https:\/\/www.flyshop.cl\/TIENDA\/wp-json\/wp\/v2\/types\/product"}],"replies":[{"embeddable":true,"href":"https:\/\/www.flyshop.cl\/TIENDA\/wp-json\/wp\/v2\/comments?post=18727"}],"wp:featuredmedia":[{"embeddable":true,"href":"https:\/\/www.flyshop.cl\/TIENDA\/wp-json\/wp\/v2\/media\/18731"}],"wp:attachment":[{"href":"https:\/\/www.flyshop.cl\/TIENDA\/wp-json\/wp\/v2\/media?parent=18727"}],"wp:term":[{"taxonomy":"product_brand","embeddable":true,"href":"https:\/\/www.flyshop.cl\/TIENDA\/wp-json\/wp\/v2\/product_brand?post=18727"},{"taxonomy":"product_cat","embeddable":true,"href":"https:\/\/www.flyshop.cl\/TIENDA\/wp-json\/wp\/v2\/product_cat?post=18727"},{"taxonomy":"product_tag","embeddable":true,"href":"https:\/\/www.flyshop.cl\/TIENDA\/wp-json\/wp\/v2\/product_tag?post=18727"}],"curies":[{"name":"wp","href":"https:\/\/api.w.org\/{rel}","templated":true}]}}