{"id":17506,"date":"2023-10-25T15:12:34","date_gmt":"2023-10-25T15:12:34","guid":{"rendered":"https:\/\/www.flyshop.cl\/TIENDA\/?post_type=product&#038;p=17506"},"modified":"2025-06-02T01:19:05","modified_gmt":"2025-06-02T01:19:05","slug":"chinguillo-simms-daymaker-landing-net-small-black","status":"publish","type":"product","link":"https:\/\/www.flyshop.cl\/TIENDA\/producto\/chinguillo-simms-daymaker-landing-net-small-black\/","title":{"rendered":"chinguillo simms DAYMAKER LANDING NET &#8211; SMALL BLACK"},"content":{"rendered":"<p>Dise\u00f1ada para pescadores que necesitan una red compacta para caminar y vadear, la Daymaker Landing Net &#8211; Small, ligera y duradera, es el compa\u00f1ero perfecto para tu equipo de pesca en arroyos peque\u00f1os.<\/p>\n<ul>\n<li>La construcci\u00f3n de composite de carbono es ligera, duradera y se mantiene en la superficie del agua.<\/li>\n<li>Bolsa de red clara, resistente a los rayos UV y amigable con los peces.<\/li>\n<li>La superposici\u00f3n de TPU en el mango de la red ofrece resistencia adicional al deslizamiento cuando est\u00e1 mojado.<\/li>\n<\/ul>\n<p>CARACTER\u00cdSTICAS DEL TEJIDO: Superposici\u00f3n de TPU en el mango de la red ofrece resistencia adicional al deslizamiento cuando est\u00e1 mojado.<\/p>\n<p>DIMENSIONES: Longitud: 58,42 cm, Ancho del aro: 27,94 cm, Longitud del aro: 38,10 cm.<\/p>\n<p>PESO: 0,34 kg.&#8221;<\/p>\n","protected":false},"excerpt":{"rendered":"<p>Dise\u00f1ada para pescadores que necesitan una red compacta para caminar y vadear, la Daymaker Landing Net &#8211; Small, ligera y duradera, es el compa\u00f1ero perfecto para tu equipo de pesca en arroyos peque\u00f1os. La construcci\u00f3n de composite de carbono es&hellip;<\/p>\n","protected":false},"featured_media":17508,"comment_status":"closed","ping_status":"closed","template":"","meta":{"_joinchat":[]},"product_brand":[],"product_cat":[152,309],"product_tag":[],"class_list":{"0":"post-17506","1":"product","2":"type-product","3":"status-publish","4":"has-post-thumbnail","6":"product_cat-chinguillos-y-redes","7":"product_cat-simms","8":"entry","9":"has-media","11":"first","12":"outofstock","13":"shipping-taxable","14":"purchasable","15":"product-type-simple","16":"col","17":"wpex-woo-entry","18":"span_1_of_6 span_1_of_3_pp"},"supplier_id":null,"supplier_sku":"","barcode":null,"atum_controlled":true,"out_stock_date":"2025-06-02 01:19:05","out_stock_threshold":null,"inheritable":false,"inbound_stock":null,"stock_on_hold":0,"sold_today":0,"sales_last_days":1,"reserved_stock":null,"customer_returns":null,"warehouse_damage":null,"lost_in_post":null,"other_logs":null,"out_stock_days":0,"lost_sales":0,"has_location":false,"update_date":"2025-06-02T01:19:07","atum_locations":[],"atum_stock_status":"outofstock","restock_status":false,"low_stock_amount":"","sales_update_date":"2025-01-19T17:41:51","calc_backorders":null,"_links":{"self":[{"href":"https:\/\/www.flyshop.cl\/TIENDA\/wp-json\/wp\/v2\/product\/17506","targetHints":{"allow":["GET"]}}],"collection":[{"href":"https:\/\/www.flyshop.cl\/TIENDA\/wp-json\/wp\/v2\/product"}],"about":[{"href":"https:\/\/www.flyshop.cl\/TIENDA\/wp-json\/wp\/v2\/types\/product"}],"replies":[{"embeddable":true,"href":"https:\/\/www.flyshop.cl\/TIENDA\/wp-json\/wp\/v2\/comments?post=17506"}],"wp:featuredmedia":[{"embeddable":true,"href":"https:\/\/www.flyshop.cl\/TIENDA\/wp-json\/wp\/v2\/media\/17508"}],"wp:attachment":[{"href":"https:\/\/www.flyshop.cl\/TIENDA\/wp-json\/wp\/v2\/media?parent=17506"}],"wp:term":[{"taxonomy":"product_brand","embeddable":true,"href":"https:\/\/www.flyshop.cl\/TIENDA\/wp-json\/wp\/v2\/product_brand?post=17506"},{"taxonomy":"product_cat","embeddable":true,"href":"https:\/\/www.flyshop.cl\/TIENDA\/wp-json\/wp\/v2\/product_cat?post=17506"},{"taxonomy":"product_tag","embeddable":true,"href":"https:\/\/www.flyshop.cl\/TIENDA\/wp-json\/wp\/v2\/product_tag?post=17506"}],"curies":[{"name":"wp","href":"https:\/\/api.w.org\/{rel}","templated":true}]}}