{"id":16982,"date":"2023-06-30T17:52:58","date_gmt":"2023-06-30T17:52:58","guid":{"rendered":"https:\/\/www.flyshop.cl\/TIENDA\/?post_type=product&#038;p=16982"},"modified":"2025-01-16T22:18:50","modified_gmt":"2025-01-16T22:18:50","slug":"anteojo-polarizado-reach-shiny-black-w-gray-inj-gray-lens-w-blue-revo","status":"publish","type":"product","link":"https:\/\/www.flyshop.cl\/TIENDA\/producto\/anteojo-polarizado-reach-shiny-black-w-gray-inj-gray-lens-w-blue-revo\/","title":{"rendered":"anteojo polarizado Reach &#8211; Shiny Black \/Blue Revo"},"content":{"rendered":"<p>Las gafas de sol polarizadas Reach cumplen con todos los requisitos. Su lente de amplia cobertura brinda una protecci\u00f3n suprema al usuario en todas las circunstancias. Livianas y con tratamientos de ventilaci\u00f3n en las patillas, las Reach cuentan con una almohadilla de nariz flotante de goma para mantenerte c\u00f3modo durante las largas sesiones al aire libre, tanto en el agua como fuera de ella. Las Reach son unas gafas perfectas para cualquier situaci\u00f3n.<\/p>\n<p>Lentes de policarbonato polarizados<br \/>\nProtecci\u00f3n 100% UVA\/UVB<br \/>\nAlmohadillas de nariz integradas con recubrimiento de goma<br \/>\nPuntas de las patillas de goma<br \/>\nAlmohadilla de ceja de goma ventilada<br \/>\nMontura de biopl\u00e1stico<br \/>\nProducto certificado como CarbonNeutral\u00ae<\/p>\n","protected":false},"excerpt":{"rendered":"<p>Las gafas de sol polarizadas Reach cumplen con todos los requisitos. Su lente de amplia cobertura brinda una protecci\u00f3n suprema al usuario en todas las circunstancias. Livianas y con tratamientos de ventilaci\u00f3n en las patillas, las Reach cuentan con una&hellip;<\/p>\n","protected":false},"featured_media":16972,"comment_status":"closed","ping_status":"closed","template":"","meta":{"_joinchat":[]},"product_brand":[],"product_cat":[520],"product_tag":[],"class_list":{"0":"post-16982","1":"product","2":"type-product","3":"status-publish","4":"has-post-thumbnail","6":"product_cat-anteojos-polarizados","7":"entry","8":"has-media","10":"first","11":"outofstock","12":"shipping-taxable","13":"purchasable","14":"product-type-simple","15":"col","16":"wpex-woo-entry","17":"span_1_of_6 span_1_of_3_pp"},"supplier_id":null,"supplier_sku":"","barcode":null,"atum_controlled":true,"out_stock_date":"2025-01-16 22:18:53","out_stock_threshold":null,"inheritable":false,"inbound_stock":null,"stock_on_hold":1,"sold_today":0,"sales_last_days":1,"reserved_stock":null,"customer_returns":null,"warehouse_damage":null,"lost_in_post":null,"other_logs":null,"out_stock_days":8,"lost_sales":67428,"has_location":false,"update_date":"2025-01-25T14:29:26","atum_locations":[],"atum_stock_status":"outofstock","restock_status":false,"low_stock_amount":"","sales_update_date":"2025-01-25T14:29:26","calc_backorders":null,"_links":{"self":[{"href":"https:\/\/www.flyshop.cl\/TIENDA\/wp-json\/wp\/v2\/product\/16982","targetHints":{"allow":["GET"]}}],"collection":[{"href":"https:\/\/www.flyshop.cl\/TIENDA\/wp-json\/wp\/v2\/product"}],"about":[{"href":"https:\/\/www.flyshop.cl\/TIENDA\/wp-json\/wp\/v2\/types\/product"}],"replies":[{"embeddable":true,"href":"https:\/\/www.flyshop.cl\/TIENDA\/wp-json\/wp\/v2\/comments?post=16982"}],"wp:featuredmedia":[{"embeddable":true,"href":"https:\/\/www.flyshop.cl\/TIENDA\/wp-json\/wp\/v2\/media\/16972"}],"wp:attachment":[{"href":"https:\/\/www.flyshop.cl\/TIENDA\/wp-json\/wp\/v2\/media?parent=16982"}],"wp:term":[{"taxonomy":"product_brand","embeddable":true,"href":"https:\/\/www.flyshop.cl\/TIENDA\/wp-json\/wp\/v2\/product_brand?post=16982"},{"taxonomy":"product_cat","embeddable":true,"href":"https:\/\/www.flyshop.cl\/TIENDA\/wp-json\/wp\/v2\/product_cat?post=16982"},{"taxonomy":"product_tag","embeddable":true,"href":"https:\/\/www.flyshop.cl\/TIENDA\/wp-json\/wp\/v2\/product_tag?post=16982"}],"curies":[{"name":"wp","href":"https:\/\/api.w.org\/{rel}","templated":true}]}}