{"id":16601,"date":"2023-04-25T14:50:29","date_gmt":"2023-04-25T14:50:29","guid":{"rendered":"https:\/\/www.flyshop.cl\/TIENDA\/?post_type=product&#038;p=16601"},"modified":"2026-02-13T15:12:04","modified_gmt":"2026-02-13T15:12:04","slug":"sage-salt-r8","status":"publish","type":"product","link":"https:\/\/www.flyshop.cl\/TIENDA\/producto\/sage-salt-r8\/","title":{"rendered":"SAGE salt R8"},"content":{"rendered":"<p>Para agua salada.<\/p>\n<p>Con nuestro nuevo grafito R8, hemos agregado un 25% m\u00e1s de fuerza por peso, una funci\u00f3n de avance de material simple, pero que tambi\u00e9n ha aumentado la capacidad de combate incluso al tama\u00f1o #6. Hemos aumentado el poder puro de tracci\u00f3n sin necesidad de agregar m\u00e1s material, acolchado o refuerzo. El resultado es simple, permiti\u00e9ndote terminar la pelea con los peces m\u00e1s r\u00e1pido, reduciendo la fatiga de los peces y capturando y liberando el estr\u00e9s en ecosistemas tan delicados.<\/p>\n<p>M\u00e1s fuerza y \u200b\u200bcapacidad de lucha fue una mejora obvia, pero pocas ca\u00f1as de agua salada, especialmente en los pesos m\u00e1s pesados, igualan los lanzamientos r\u00e1pidos y las presentaciones precisas. Dar forma a un cono que trajera esa sensaci\u00f3n mejorada a la ecuaci\u00f3n tom\u00f3 m\u00e1s tiempo. Sin embargo, despu\u00e9s de una larga residencia en los caladeros locales y trabajando directamente con gu\u00edas experimentados, nuestros dise\u00f1adores encontraron el perfil correcto y la alineaci\u00f3n de la fibra que proporcionaba fuerza, una presentaci\u00f3n suave y un punto de equilibrio para una clase de ca\u00f1as que tienen la reputaci\u00f3n de ser engorrosas, implacable y dif\u00edcil. Con el SALT R8, se acabaron los d\u00edas de sacrificar la sensaci\u00f3n y la sensaci\u00f3n de tus ca\u00f1as de agua salada.<\/p>\n<p>CARACTER\u00cdSTICAS:<\/p>\n<p>Revolution 8 Technology<br \/>\nBlank Blue Storn<br \/>\nGu\u00edas strip de cer\u00e1mica de titanio Fuji K-Guide y gu\u00edas tipo snake de gran tama\u00f1o y punta<br \/>\nNumeraci\u00f3n de l\u00ednea grabada por l\u00e1ser en la banda deslizante<br \/>\nEmpu\u00f1adura de corcho premium de calidad floral con EVA en tal\u00f3n de combate<br \/>\nPortacerrete con bloqueo de aluminio anodizado resistente<br \/>\nOrificio integrado para anzuelo oculto en el portacarrete<br \/>\nBolsa negra para ca\u00f1a con nuevo cierre de cord\u00f3n para un almacenamiento m\u00e1s r\u00e1pido, f\u00e1cil y limpio<br \/>\nTubo de ca\u00f1a de aluminio con medall\u00f3n de Sage<\/p>\n","protected":false},"excerpt":{"rendered":"<p>Para agua salada. Con nuestro nuevo grafito R8, hemos agregado un 25% m\u00e1s de fuerza por peso, una funci\u00f3n de avance de material simple, pero que tambi\u00e9n ha aumentado la capacidad de combate incluso al tama\u00f1o #6. Hemos aumentado el&hellip;<\/p>\n","protected":false},"featured_media":16610,"comment_status":"closed","ping_status":"closed","template":"","meta":{"_joinchat":[]},"product_brand":[],"product_cat":[679,787],"product_tag":[],"class_list":{"0":"post-16601","1":"product","2":"type-product","3":"status-publish","4":"has-post-thumbnail","6":"product_cat-canas-fly-fishing","7":"product_cat-sage","8":"entry","9":"has-media","11":"first","12":"instock","13":"shipping-taxable","14":"purchasable","15":"product-type-variable","16":"col","17":"wpex-woo-entry","18":"span_1_of_6 span_1_of_3_pp"},"supplier_id":null,"supplier_sku":"","barcode":null,"atum_controlled":true,"out_stock_date":null,"out_stock_threshold":null,"inheritable":true,"inbound_stock":null,"stock_on_hold":0,"sold_today":0,"sales_last_days":1,"reserved_stock":null,"customer_returns":null,"warehouse_damage":null,"lost_in_post":null,"other_logs":null,"out_stock_days":null,"lost_sales":0,"has_location":false,"update_date":"2026-02-13T15:12:05","atum_locations":[],"atum_stock_status":"instock","restock_status":false,"low_stock_amount":"","sales_update_date":null,"calc_backorders":null,"_links":{"self":[{"href":"https:\/\/www.flyshop.cl\/TIENDA\/wp-json\/wp\/v2\/product\/16601","targetHints":{"allow":["GET"]}}],"collection":[{"href":"https:\/\/www.flyshop.cl\/TIENDA\/wp-json\/wp\/v2\/product"}],"about":[{"href":"https:\/\/www.flyshop.cl\/TIENDA\/wp-json\/wp\/v2\/types\/product"}],"replies":[{"embeddable":true,"href":"https:\/\/www.flyshop.cl\/TIENDA\/wp-json\/wp\/v2\/comments?post=16601"}],"wp:featuredmedia":[{"embeddable":true,"href":"https:\/\/www.flyshop.cl\/TIENDA\/wp-json\/wp\/v2\/media\/16610"}],"wp:attachment":[{"href":"https:\/\/www.flyshop.cl\/TIENDA\/wp-json\/wp\/v2\/media?parent=16601"}],"wp:term":[{"taxonomy":"product_brand","embeddable":true,"href":"https:\/\/www.flyshop.cl\/TIENDA\/wp-json\/wp\/v2\/product_brand?post=16601"},{"taxonomy":"product_cat","embeddable":true,"href":"https:\/\/www.flyshop.cl\/TIENDA\/wp-json\/wp\/v2\/product_cat?post=16601"},{"taxonomy":"product_tag","embeddable":true,"href":"https:\/\/www.flyshop.cl\/TIENDA\/wp-json\/wp\/v2\/product_tag?post=16601"}],"curies":[{"name":"wp","href":"https:\/\/api.w.org\/{rel}","templated":true}]}}