{"id":16560,"date":"2023-04-24T20:14:18","date_gmt":"2023-04-24T20:14:18","guid":{"rendered":"https:\/\/www.flyshop.cl\/TIENDA\/?post_type=product&#038;p=16560"},"modified":"2026-03-29T22:01:30","modified_gmt":"2026-03-29T22:01:30","slug":"simms-challenger-pant-steel","status":"publish","type":"product","link":"https:\/\/www.flyshop.cl\/TIENDA\/producto\/simms-challenger-pant-steel\/","title":{"rendered":"Simms Challenger pant steel"},"content":{"rendered":"<p>Desde la maniobra de lanzamiento de la embarcaci\u00f3n hasta las conexiones en cubierta, los pantalones Challenger de Simms ofrecen una funci\u00f3n de pesca imparable con paneles ventilados para una f\u00e1cil respiraci\u00f3n y una tela el\u00e1stica y de secado r\u00e1pido para un confort y rendimiento durante todo el d\u00eda.<\/p>\n<p>La comodidad del algod\u00f3n mezclada con el rendimiento duradero en el agua del poli\u00e9ster se siente suave contra la piel, se seca r\u00e1pidamente, resiste las manchas y tiene un tratamiento antimicrobiano.<br \/>\nLos paneles perforados de ventilaci\u00f3n clave liberan el calor atrapado en la cintura y la entrepierna central.<br \/>\nBolsillos dobles delanteros y traseros.<br \/>\nBolsillo en el muslo derecho asegurado con cremallera y con desag\u00fces incorporados.<br \/>\nBolsillo en el muslo izquierdo trasero para alicates o almacenamiento f\u00e1cil del tel\u00e9fono.<br \/>\nLongitud de entrepierna de 32&#8243;.<br \/>\nTEJIDO T\u00c9CNICO: 53% algod\u00f3n \/ 39% poli\u00e9ster \/ 8% spandex, con tratamiento de tela repelente al agua y las manchas DWR, 165 gsm; Bolsillos &#8211; Malla 100% poli\u00e9ster.<br \/>\nREFERENCIA: PG-13496<\/p>\n","protected":false},"excerpt":{"rendered":"<p>Desde la maniobra de lanzamiento de la embarcaci\u00f3n hasta las conexiones en cubierta, los pantalones Challenger de Simms ofrecen una funci\u00f3n de pesca imparable con paneles ventilados para una f\u00e1cil respiraci\u00f3n y una tela el\u00e1stica y de secado r\u00e1pido para&hellip;<\/p>\n","protected":false},"featured_media":16566,"comment_status":"closed","ping_status":"closed","template":"","meta":{"_joinchat":[]},"product_brand":[],"product_cat":[299,449,309],"product_tag":[],"class_list":{"0":"post-16560","1":"product","2":"type-product","3":"status-publish","4":"has-post-thumbnail","6":"product_cat-ofertas","7":"product_cat-pantalones-simms-ropa-hombre","8":"product_cat-simms","9":"entry","10":"has-media","12":"first","13":"instock","14":"sale","15":"shipping-taxable","16":"purchasable","17":"product-type-variable","18":"col","19":"wpex-woo-entry","20":"span_1_of_6 span_1_of_3_pp"},"supplier_id":null,"supplier_sku":"","barcode":null,"atum_controlled":true,"out_stock_date":null,"out_stock_threshold":null,"inheritable":true,"inbound_stock":null,"stock_on_hold":0,"sold_today":0,"sales_last_days":1,"reserved_stock":null,"customer_returns":null,"warehouse_damage":null,"lost_in_post":null,"other_logs":null,"out_stock_days":null,"lost_sales":0,"has_location":false,"update_date":"2026-03-30T20:08:59","atum_locations":[],"atum_stock_status":"instock","restock_status":false,"low_stock_amount":"","sales_update_date":null,"calc_backorders":null,"_links":{"self":[{"href":"https:\/\/www.flyshop.cl\/TIENDA\/wp-json\/wp\/v2\/product\/16560","targetHints":{"allow":["GET"]}}],"collection":[{"href":"https:\/\/www.flyshop.cl\/TIENDA\/wp-json\/wp\/v2\/product"}],"about":[{"href":"https:\/\/www.flyshop.cl\/TIENDA\/wp-json\/wp\/v2\/types\/product"}],"replies":[{"embeddable":true,"href":"https:\/\/www.flyshop.cl\/TIENDA\/wp-json\/wp\/v2\/comments?post=16560"}],"wp:featuredmedia":[{"embeddable":true,"href":"https:\/\/www.flyshop.cl\/TIENDA\/wp-json\/wp\/v2\/media\/16566"}],"wp:attachment":[{"href":"https:\/\/www.flyshop.cl\/TIENDA\/wp-json\/wp\/v2\/media?parent=16560"}],"wp:term":[{"taxonomy":"product_brand","embeddable":true,"href":"https:\/\/www.flyshop.cl\/TIENDA\/wp-json\/wp\/v2\/product_brand?post=16560"},{"taxonomy":"product_cat","embeddable":true,"href":"https:\/\/www.flyshop.cl\/TIENDA\/wp-json\/wp\/v2\/product_cat?post=16560"},{"taxonomy":"product_tag","embeddable":true,"href":"https:\/\/www.flyshop.cl\/TIENDA\/wp-json\/wp\/v2\/product_tag?post=16560"}],"curies":[{"name":"wp","href":"https:\/\/api.w.org\/{rel}","templated":true}]}}