{"id":14360,"date":"2022-06-15T14:30:54","date_gmt":"2022-06-15T14:30:54","guid":{"rendered":"https:\/\/www.flyshop.cl\/TIENDA\/?post_type=product&#038;p=14360"},"modified":"2023-05-25T22:07:33","modified_gmt":"2023-05-25T22:07:33","slug":"daiwa-saltist-3000","status":"publish","type":"product","link":"https:\/\/www.flyshop.cl\/TIENDA\/producto\/daiwa-saltist-3000\/","title":{"rendered":"DAIWA SALTIST 3000"},"content":{"rendered":"<h3>El nuevo Saltist de Daiwa lleva un dise\u00f1o a\u00fan m\u00e1s bonito y una acertada combinaci\u00f3n de colores, ese negro mate con decoraciones azul el\u00e9ctrico sin duda destaca. Pero es lo que lleva en su interior que nos interesa, son las tripas que marcan la diferencia y nos podr\u00edan llevar a elegir este modelo por encima de otros.<\/h3>\n<ul>\n<li><strong>Freno milim\u00e9trico con tecnolog\u00eda ATD. Discos de carbono<\/strong><\/li>\n<li><strong>Rodamientos: 8 + 1 con 1 Mag Sealed<\/strong><\/li>\n<li><strong>Cuerpo en\u00a0aluminio y Air Rotor en\u00a0policarbonato<\/strong><\/li>\n<li><strong>Bobina en\u00a0aluminio<\/strong><\/li>\n<li><strong>Bobinado CrossWrap, con espiras cruzadas<\/strong><\/li>\n<li><strong>Manivela en una pieza \u00fanica\u00a0de aluminio y que se desenrosca para facilitar transporte y almacenaje<\/strong><\/li>\n<li>peso 305 gr<\/li>\n<\/ul>\n","protected":false},"excerpt":{"rendered":"<p>El nuevo Saltist de Daiwa lleva un dise\u00f1o a\u00fan m\u00e1s bonito y una acertada combinaci\u00f3n de colores, ese negro mate con decoraciones azul el\u00e9ctrico sin duda destaca. Pero es lo que lleva en su interior que nos interesa, son las&hellip;<\/p>\n","protected":false},"featured_media":14362,"comment_status":"closed","ping_status":"closed","template":"","meta":{"_joinchat":[]},"product_brand":[],"product_cat":[443,444],"product_tag":[],"class_list":{"0":"post-14360","1":"product","2":"type-product","3":"status-publish","4":"has-post-thumbnail","6":"product_cat-carretes-spinner","7":"product_cat-carretes-daiwa-carretes-spinner","8":"entry","9":"has-media","11":"first","12":"outofstock","13":"shipping-taxable","14":"purchasable","15":"product-type-simple","16":"col","17":"wpex-woo-entry","18":"span_1_of_6 span_1_of_3_pp"},"supplier_id":null,"supplier_sku":"","barcode":null,"atum_controlled":true,"out_stock_date":"2023-05-25 22:07:33","out_stock_threshold":null,"inheritable":false,"inbound_stock":null,"stock_on_hold":0,"sold_today":1,"sales_last_days":1,"reserved_stock":null,"customer_returns":null,"warehouse_damage":null,"lost_in_post":null,"other_logs":null,"out_stock_days":0,"lost_sales":0,"has_location":false,"update_date":"2023-05-25T22:07:36","atum_locations":[],"atum_stock_status":"outofstock","restock_status":false,"low_stock_amount":"","sales_update_date":"2022-10-05T20:36:23","calc_backorders":null,"_links":{"self":[{"href":"https:\/\/www.flyshop.cl\/TIENDA\/wp-json\/wp\/v2\/product\/14360","targetHints":{"allow":["GET"]}}],"collection":[{"href":"https:\/\/www.flyshop.cl\/TIENDA\/wp-json\/wp\/v2\/product"}],"about":[{"href":"https:\/\/www.flyshop.cl\/TIENDA\/wp-json\/wp\/v2\/types\/product"}],"replies":[{"embeddable":true,"href":"https:\/\/www.flyshop.cl\/TIENDA\/wp-json\/wp\/v2\/comments?post=14360"}],"wp:featuredmedia":[{"embeddable":true,"href":"https:\/\/www.flyshop.cl\/TIENDA\/wp-json\/wp\/v2\/media\/14362"}],"wp:attachment":[{"href":"https:\/\/www.flyshop.cl\/TIENDA\/wp-json\/wp\/v2\/media?parent=14360"}],"wp:term":[{"taxonomy":"product_brand","embeddable":true,"href":"https:\/\/www.flyshop.cl\/TIENDA\/wp-json\/wp\/v2\/product_brand?post=14360"},{"taxonomy":"product_cat","embeddable":true,"href":"https:\/\/www.flyshop.cl\/TIENDA\/wp-json\/wp\/v2\/product_cat?post=14360"},{"taxonomy":"product_tag","embeddable":true,"href":"https:\/\/www.flyshop.cl\/TIENDA\/wp-json\/wp\/v2\/product_tag?post=14360"}],"curies":[{"name":"wp","href":"https:\/\/api.w.org\/{rel}","templated":true}]}}