{"id":12263,"date":"2021-05-12T15:19:08","date_gmt":"2021-05-12T15:19:08","guid":{"rendered":"https:\/\/www.flyshop.cl\/TIENDA\/?post_type=product&#038;p=12263"},"modified":"2026-03-31T20:24:22","modified_gmt":"2026-03-31T20:24:22","slug":"sage-sonic","status":"publish","type":"product","link":"https:\/\/www.flyshop.cl\/TIENDA\/producto\/sage-sonic\/","title":{"rendered":"SAGE SONIC"},"content":{"rendered":"<p>Presentar moscas secas con delicadeza o streamers\u00a0a la distancia, la familia de\u00a0ca\u00f1as SAGE SONIC ofrece una versatilidad total, con un equilibrio entre potencia y sensaci\u00f3n de pesca.<br \/>\nConstruidas con tecnolog\u00eda Konnetic, los modelos SAGE SONIC ofrecen un cast intuitivo, natural y moderno.<\/p>\n<p><em>Caracter\u00edsticas:<\/em><\/p>\n<p><em>-Tecnolog\u00eda Konnetic<\/em><br \/>\n<em>-Color\u00a0verde enebro<\/em><br \/>\n<em>-Ataduras\u00a0de hilo primario\u00a0color carb\u00f3n con envolturas de acabado Gunmetal.<\/em><br \/>\n<em>-Pasahilos\u00a0stripping de cer\u00e1mica Fuji.<\/em><br \/>\n<em>-Pasahilos\u00a0snake de cromo duro y punta superior<\/em><br \/>\n<em>-Funda\u00a0en color negro con logo de titanio y etiqueta verde.<\/em><br \/>\n<em>-Tubo de aluminio con recubrimiento negro mate con medall\u00f3n de\u00a0SAGE.<\/em><\/p>\n","protected":false},"excerpt":{"rendered":"<p>Presentar moscas secas con delicadeza o streamers\u00a0a la distancia, la familia de\u00a0ca\u00f1as SAGE SONIC ofrece una versatilidad total, con un equilibrio entre potencia y sensaci\u00f3n de pesca. Construidas con tecnolog\u00eda Konnetic, los modelos SAGE SONIC ofrecen un cast intuitivo, natural&hellip;<\/p>\n","protected":false},"featured_media":12268,"comment_status":"closed","ping_status":"closed","template":"","meta":{"_joinchat":[]},"product_brand":[],"product_cat":[679,299,787],"product_tag":[],"class_list":{"0":"post-12263","1":"product","2":"type-product","3":"status-publish","4":"has-post-thumbnail","6":"product_cat-canas-fly-fishing","7":"product_cat-ofertas","8":"product_cat-sage","9":"entry","10":"has-media","12":"first","13":"outofstock","14":"shipping-taxable","15":"product-type-variable","16":"col","17":"wpex-woo-entry","18":"span_1_of_6 span_1_of_3_pp"},"supplier_id":null,"supplier_sku":"","barcode":null,"atum_controlled":true,"out_stock_date":null,"out_stock_threshold":null,"inheritable":true,"inbound_stock":null,"stock_on_hold":0,"sold_today":1,"sales_last_days":4,"reserved_stock":null,"customer_returns":null,"warehouse_damage":null,"lost_in_post":null,"other_logs":null,"out_stock_days":0,"lost_sales":0,"has_location":false,"update_date":"2026-03-31T20:24:23","atum_locations":[],"atum_stock_status":"outofstock","restock_status":false,"low_stock_amount":"","sales_update_date":null,"calc_backorders":null,"_links":{"self":[{"href":"https:\/\/www.flyshop.cl\/TIENDA\/wp-json\/wp\/v2\/product\/12263","targetHints":{"allow":["GET"]}}],"collection":[{"href":"https:\/\/www.flyshop.cl\/TIENDA\/wp-json\/wp\/v2\/product"}],"about":[{"href":"https:\/\/www.flyshop.cl\/TIENDA\/wp-json\/wp\/v2\/types\/product"}],"replies":[{"embeddable":true,"href":"https:\/\/www.flyshop.cl\/TIENDA\/wp-json\/wp\/v2\/comments?post=12263"}],"wp:featuredmedia":[{"embeddable":true,"href":"https:\/\/www.flyshop.cl\/TIENDA\/wp-json\/wp\/v2\/media\/12268"}],"wp:attachment":[{"href":"https:\/\/www.flyshop.cl\/TIENDA\/wp-json\/wp\/v2\/media?parent=12263"}],"wp:term":[{"taxonomy":"product_brand","embeddable":true,"href":"https:\/\/www.flyshop.cl\/TIENDA\/wp-json\/wp\/v2\/product_brand?post=12263"},{"taxonomy":"product_cat","embeddable":true,"href":"https:\/\/www.flyshop.cl\/TIENDA\/wp-json\/wp\/v2\/product_cat?post=12263"},{"taxonomy":"product_tag","embeddable":true,"href":"https:\/\/www.flyshop.cl\/TIENDA\/wp-json\/wp\/v2\/product_tag?post=12263"}],"curies":[{"name":"wp","href":"https:\/\/api.w.org\/{rel}","templated":true}]}}